000
CXUS54 KEWX 011110
CF6DZB
PRELIMINARY LOCAL CLIMATOLOGICAL DATA (WS FORM: F-6)
STATION: HORSESHOE BAY
MONTH: FEBRUARY
YEAR: 2023
LATITUDE: 30 31 N
LONGITUDE: 98 22 W
TEMPERATURE IN F: :PCPN: SNOW: WIND :SUNSHINE: SKY :PK WND
================================================================================
1 2 3 4 5 6A 6B 7 8 9 10 11 12 13 14 15 16 17 18
12Z AVG MX 2MIN
DY MAX MIN AVG DEP HDD CDD WTR SNW DPTH SPD SPD DIR MIN PSBL S-S WX SPD DR
================================================================================
1 32 29 31 M 34 0 0.08 M M 6.9 12 360 M M 10 1 18 360
2 39 32 36 M 29 0 0.12 M M 5.5 10 330 M M 10 1 17 320
3 54 33 44 M 21 0 0.00 M M 3.5 8 330 M M 3 1 M M
4 64 40 52 M 13 0 0.00 M M 5.2 16 190 M M 6 1 21 190
5 77 35 56 M 9 0 0.00 M M 2.8 8 160 M M 0 M M
6 76 55 66 M 0 1 0.00 M M 10.3 18 180 M M 6 32 180
7 73 48 61 M 4 0 0.07 M M 6.9 13 170 M M 10 18 23 170
8 60 39 50 M 15 0 0.22 M M 6.8 13 300 M M 6 13 24 300
9 74 32 53 M 12 0 0.00 M M 4.9 13 250 M M 0 21 250
10 53 40 47 M 18 0 0.00 M M 11.9 20 340 M M 6 29 340
11 58 32 45 M 20 0 0.00 M M 3.7 9 30 M M 0 16 340
12 65 28 47 M 18 0 0.00 M M 4.0 13 220 M M 0 25 350
13 70 36 53 M 12 0 0.00 M M 6.0 14 150 M M 2 23 160
14 78 49 64 M 1 0 0.00 M M 10.8 18 170 M M 2 1 37 180
15 81 45 63 M 2 0 0.03 M M 8.2 20 160 M M 1 18 31 170
16 69 39 54 M 11 0 0.03 M M 14.3 20 350 M M 6 30 350
17 53 31 42 M 23 0 0.00 M M 6.6 13 350 M M 0 21 350
18 59 28 44 M 21 0 0.00 M M 4.2 13 180 M M 0 18 160
19 72 40 56 M 9 0 0.00 M M 1.5 7 260 M M 0 M M
20 85 49 67 M 0 2 0.00 M M 8.1 15 220 M M 0 23 200
21 87 51 69 M 0 4 0.00 M M 6.9 16 190 M M 1 29 170
22 87 64 76 M 0 11 0.00 M M 11.3 27 180 M M 3 40 180
23 76 55 66 M 0 1 0.00 M M 5.9 14 40 M M 2 21 20
24 55 48 52 M 13 0 0.00 M M 4.7 8 30 M M 10 M M
25 71 43 57 M 8 0 0.00 M M 3.7 7 110 M M 9 18 M M
26 81 54 68 M 0 3 0.00 M M 7.9 17 190 M M 8 1 30 180
27 81 52 67 M 0 2 0.00 M M 8.0 25 190 M M 2 8 36 190
28 89 46 68 M 0 3 0.00 M M 3.9 12 150 M M 0 21 170
================================================================================
SM 1919 1173 293 27 0.55 M 184.5 M 103
================================================================================
AV 68.5 41.9 6.6 FASTST M M 4 MAX(MPH)
MISC ----> 27 180 40 180
================================================================================
NOTES:
# LAST OF SEVERAL OCCURRENCES
COLUMN 17 PEAK WIND IN M.P.H.
PRELIMINARY LOCAL CLIMATOLOGICAL DATA (WS FORM: F-6) , PAGE 2
STATION: HORSESHOE BAY
MONTH: FEBRUARY
YEAR: 2023
LATITUDE: 30 31 N
LONGITUDE: 98 22 W
[TEMPERATURE DATA] [PRECIPITATION DATA] SYMBOLS USED IN COLUMN 16
AVERAGE MONTHLY: 55.2 TOTAL FOR MONTH: 0.55 1 = FOG OR MIST
DPTR FM NORMAL: 0.0 DPTR FM NORMAL: 0.55 2 = FOG REDUCING VISIBILITY
HIGHEST: 89 ON 28 GRTST 24HR 0.22 ON 8- 8 TO 1/4 MILE OR LESS
LOWEST: 28 ON 18,12 3 = THUNDER
SNOW, ICE PELLETS, HAIL 4 = ICE PELLETS
TOTAL MONTH: M 5 = HAIL
GRTST 24HR M ON M 6 = FREEZING RAIN OR DRIZZLE
GRTST DEPTH: M ON M 7 = DUSTSTORM OR SANDSTORM:
VSBY 1/2 MILE OR LESS
8 = SMOKE OR HAZE
[NO. OF DAYS WITH] [WEATHER - DAYS WITH] 9 = BLOWING SNOW
X = TORNADO
MAX 32 OR BELOW: 1 0.01 INCH OR MORE: 6
MAX 90 OR ABOVE: 0 0.10 INCH OR MORE: 2
MIN 32 OR BELOW: 7 0.50 INCH OR MORE: 0
MIN 0 OR BELOW: 0 1.00 INCH OR MORE: 0
[HDD (BASE 65) ]
TOTAL THIS MO. 293 CLEAR (SCALE 0-3) 16
DPTR FM NORMAL M PTCLDY (SCALE 4-7) 6
TOTAL FM JUL 1 1372 CLOUDY (SCALE 8-10) 6
DPTR FM NORMAL M
[CDD (BASE 65) ]
TOTAL THIS MO. 27
DPTR FM NORMAL M [PRESSURE DATA]
TOTAL FM JAN 1 40 HIGHEST SLP M ON M
DPTR FM NORMAL M LOWEST SLP M ON M
[REMARKS]
#FINAL-02-23#