000
CXUS53 KMPX 032158
CLAEAU
CLIMATE REPORT
NATIONAL WEATHER SERVICE TWIN CITIES/CHANHASSEN MN
358 PM CST MON JAN 03 2022
...................................
...THE EAU CLAIRE WI CLIMATE SUMMARY FOR THE YEAR OF 2021...
CLIMATE NORMAL PERIOD 1991 TO 2020
CLIMATE RECORD PERIOD 1893 TO 2022
WEATHER OBSERVED NORMAL DEPART LAST YEAR`S
VALUE DATE(S) VALUE FROM VALUE
NORMAL
..............................................................
TEMPERATURE (F)
RECORD
HIGH 111 07/14/1936
07/13/1936
LOW -45 01/30/1951
HIGHEST 97 06/05 62 35
LOWEST -26 02/16 30 -56
MEAN 47.0 44.7 2.3
DAYS MAX >= 90 20 10.3 9.7
DAYS MAX <= 32 63 73.3 -10.3
DAYS MIN <= 32 160 162.8 -2.8
DAYS MIN <= 0 24 27.5 -3.5
PRECIPITATION (INCHES)
RECORD
MAXIMUM 53.28 1938
MINIMUM 16.71 1910
TOTALS 34.86 32.99 1.87
DAYS >= .01 112 127.6 -15.6
DAYS >= .10 60 68.3 -8.3
DAYS >= .50 19 20.5 -1.5
DAYS >= 1.00 9 6.5 2.5
GREATEST
24 HR. TOTAL 3.81 08/07 TO 08/07
STORM TOTAL 3.81
(MM/DD(HH))
SNOWFALL (INCHES)
RECORDS
TOTAL 97.2 2019
TOTALS 40.2 55.4 -15.2
SINCE 7/1 23.0 16.4 6.6
DAYS >= TRACE 69 42.4 26.6
DAYS >= 1.0 13 16.1 -3.1
GREATEST
SNOW DEPTH 9 12/11
02/22
24 HR TOTAL 6.9
STORM TOTAL 6.9
(MM/DD(HH))
DEGREE DAYS
HEATING TOTAL 7170 7923 -753
SINCE 7/1 2620 3092 -472
COOLING TOTAL 790 567 223
SINCE 1/1 790 567 223
..............................................................
WIND (MPH)
HIGHEST WIND SPEED/DIRECTION 47/220 DATE 12/16
HIGHEST GUST SPEED/DIRECTION 66/160 DATE 12/15
- INDICATES NEGATIVE NUMBERS.
R INDICATES RECORD WAS SET OR TIED.
MM INDICATES DATA IS MISSING.
T INDICATES TRACE AMOUNT.
$$