000
CXUS51 KAKQ 010810
CF6ECG
PRELIMINARY LOCAL CLIMATOLOGICAL DATA (WS FORM: F-6)
STATION: ELIZABETH CITY NC
MONTH: DECEMBER
YEAR: 2021
LATITUDE: 36 16 N
LONGITUDE: 76 11 W
TEMPERATURE IN F: :PCPN: SNOW: WIND :SUNSHINE: SKY :PK WND
================================================================================
1 2 3 4 5 6A 6B 7 8 9 10 11 12 13 14 15 16 17 18
12Z AVG MX 2MIN
DY MAX MIN AVG DEP HDD CDD WTR SNW DPTH SPD SPD DIR MIN PSBL S-S WX SPD DR
================================================================================
1 62 32 47 -2 18 0 0.00 0.0 0 4.9 13 220 M M 0 15 220
2 68 46 57 8 8 0 0.00 0.0 0 10.7 17 220 M M 0 22 230
3 64 45 55 7 10 0 0.00 0.0 0 7.9 18 240 M M 0 23 230
4 69 43 56 8 9 0 0.00 0.0 0 5.9 13 360 M M 0 16 360
5 60 45 53 5 12 0 0.00 0.0 0 5.9 17 40 M M 3 1 21 50
6 72 44 58 10 7 0 0.00 0.0 0 8.4 21 210 M M 3 1 27 200
7 62 43 53 5 12 0 T 0.0 0 11.6 24 30 M M 10 31 10
8 47 31 39 -9 26 0 0.43 0.0 0 8.0 20 330 M M 8 1 25 340
9 47 31 39 -8 26 0 0.00 0.0 0 6.7 17 340 M M 0 18 22 360
10 63 31 47 0 18 0 T 0.0 0 3.5 10 340 M M 8 12 340
11 76 61 69 22 0 4 0.05 0.0 0 12.0 20 280 M M 5 27 280
12 64 29 47 0 18 0 0.05 0.0 0 9.0 24 10 M M 4 29 10
13 57 26 42 -4 23 0 0.00 0.0 0 3.9 10 200 M M 0 18 13 210
14 61 30 46 0 19 0 0.00 0.0 0 6.3 14 30 M M 0 16 30
15 69 39 54 8 11 0 0.00 0.0 0 3.7 9 110 M M 2 12 12 360
16 70 39 55 9 10 0 T 0.0 0 7.4 17 200 M M 2 12 21 210
17 73 53 63 17 2 0 0.00 0.0 0 6.5 15 230 M M 2 18 19 220
18 72 54 63 17 2 0 T 0.0 0 7.3 20 210 M M 5 12 26 190
19 67 38 53 8 12 0 0.35 0.0 0 17.4 31 360 M M 6 1 37 10
20 48 34 41 -4 24 0 0.00 0.0 0 14.3 21 10 M M 3 27 360
21 52 39 46 1 19 0 0.04 0.0 0 10.5 18 50 M M 9 12 21 40
22 53 35 44 -1 21 0 0.01 0.0 0 9.0 18 10 M M 5 1 23 10
23 48 28 38 -7 27 0 0.00 0.0 0 7.6 16 350 M M 0 20 350
24 62 34 48 4 17 0 0.00 0.0 0 10.0 24 220 M M 0 29 210
25 71 51 61 17 4 0 0.00 0.0 0 14.5 26 250 M M 0 36 250
26 71 43 57 13 8 0 0.00 0.0 0 6.3 17 250 M M 1 22 230
27 59 43 51 7 14 0 0.00 0.0 0 4.7 15 130 M M 4 17 110
28 65 50 58 14 7 0 0.00 0.0 0 7.8 15 50 M M 1 40 210
29 77 58 68 24 0 3 0.01 0.0 0 10.7 20 200 M M 4 26 190
30 65 53 59 15 6 0 0.27 0.0 0 5.9 12 200 M M 8 12 15 190
31 61 54 58 14 7 0 0.01 0.0 0 4.2 12 190 M M 7 123 17 200
================================================================================
SM 1955 1282 397 7 1.22 0.0 252.5 M 100
================================================================================
AV 63.1 41.4 8.1 FASTST M M 3 MAX(MPH)
MISC ----> 31 360 40 210
================================================================================
NOTES:
# LAST OF SEVERAL OCCURRENCES
COLUMN 17 PEAK WIND IN M.P.H.
PRELIMINARY LOCAL CLIMATOLOGICAL DATA (WS FORM: F-6) , PAGE 2
STATION: ELIZABETH CITY NC
MONTH: DECEMBER
YEAR: 2021
LATITUDE: 36 16 N
LONGITUDE: 76 11 W
[TEMPERATURE DATA] [PRECIPITATION DATA] SYMBOLS USED IN COLUMN 16
AVERAGE MONTHLY: 52.2 TOTAL FOR MONTH: 1.22 1 = FOG OR MIST
DPTR FM NORMAL: 6.2 DPTR FM NORMAL: -1.89 2 = FOG REDUCING VISIBILITY
HIGHEST: 77 ON 29 GRTST 24HR 0.43 ON 7- 8 TO 1/4 MILE OR LESS
LOWEST: 26 ON 13 3 = THUNDER
SNOW, ICE PELLETS, HAIL 4 = ICE PELLETS
TOTAL MONTH: 0.0 INCH 5 = HAIL
GRTST 24HR 0.0 6 = FREEZING RAIN OR DRIZZLE
GRTST DEPTH: 0 7 = DUSTSTORM OR SANDSTORM:
VSBY 1/2 MILE OR LESS
8 = SMOKE OR HAZE
[NO. OF DAYS WITH] [WEATHER - DAYS WITH] 9 = BLOWING SNOW
X = TORNADO
MAX 32 OR BELOW: 0 0.01 INCH OR MORE: 9
MAX 90 OR ABOVE: 0 0.10 INCH OR MORE: 3
MIN 32 OR BELOW: 8 0.50 INCH OR MORE: 0
MIN 0 OR BELOW: 0 1.00 INCH OR MORE: 0
[HDD (BASE 65) ]
TOTAL THIS MO. 397 CLEAR (SCALE 0-3) 17
DPTR FM NORMAL -193 PTCLDY (SCALE 4-7) 11
TOTAL FM JUL 1 858 CLOUDY (SCALE 8-10) 3
DPTR FM NORMAL -247
[CDD (BASE 65) ]
TOTAL THIS MO. 7
DPTR FM NORMAL 4 [PRESSURE DATA]
TOTAL FM JAN 1 1893 HIGHEST SLP 30.53 ON 14
DPTR FM NORMAL 136 LOWEST SLP 29.59 ON 22
[REMARKS]
#FINAL-12-21#