000
CXUS55 KVEF 010910
CF6EED
PRELIMINARY LOCAL CLIMATOLOGICAL DATA (WS FORM: F-6)
STATION: NEEDLES CA
MONTH: JULY
YEAR: 2022
LATITUDE: 34 46 N
LONGITUDE: 114 37 W
TEMPERATURE IN F: :PCPN: SNOW: WIND :SUNSHINE: SKY :PK WND
================================================================================
1 2 3 4 5 6A 6B 7 8 9 10 11 12 13 14 15 16 17 18
12Z AVG MX 2MIN
DY MAX MIN AVG DEP HDD CDD WTR SNW DPTH SPD SPD DIR MIN PSBL S-S WX SPD DR
================================================================================
1 112 89 101 4 0 36 0.00 M M 7.9 21 230 M M 0 28 240
2 110 87 99 2 0 34 0.00 M M 11.1 21 180 M M 0 29 160
3 107 84 96 -1 0 31 0.00 M M 11.8 26 180 M M 0 36 180
4 105 82 94 -4 0 29 0.00 M M 12.0 25 190 M M 0 40 210
5 105 84 95 -3 0 30 0.00 M M 11.1 23 170 M M 0 35 190
6 105 82 94 -4 0 29 0.00 M M 8.3 22 140 M M 0 29 220
7 108 84 96 -2 0 31 0.00 M M 8.5 21 210 M M 0 30 190
8 112 83 98 0 0 33 0.00 M M 8.2 20 190 M M 0 28 180
9 114 86 100 2 0 35 0.00 M M 8.1 20 180 M M 0 33 180
10 114 87 101 3 0 36 0.00 M M 7.2 21 180 M M 0 32 180
11 118 89 104 6 0 39 0.00 M M 7.2 18 220 M M 1 26 200
12 117 92 105 6 0 40 0.00 M M 10.0 21 200 M M 0 32 170
13 114 93 104 5 0 39 0.00 M M 8.6 20 200 M M 0 32 210
14 112 90 101 2 0 36 0.00 M M 11.3 39 10 M M 1 8 53 10
15 114 88 101 2 0 36 T M M 8.0 16 10 M M 1 22 10
16 117 93 105 6 0 40 0.00 M M 6.1 32 140 M M 1 3 46 140
17 116 93 105 6 0 40 0.00 M M 7.3 30 170 M M 1 3 44 160
18 112 83 98 -1 0 33 0.07 M M 10.1 41 150 M M 1 3 57 160
19 116 92 104 5 0 39 0.00 M M 8.6 20 220 M M 0 41 240
20 116 95 106 7 0 41 0.00 M M 10.7 21 200 M M 1 26 200
21 115 92 104 5 0 39 0.00 M M 9.0 21 180 M M 0 28 160
22 118 92 105 6 0 40 0.00 M M 9.7 20 230 M M 1 29 240
23 106 94 100 1 0 35 T M M 8.1 31 150 M M 0 39 150
24 105 88 97 -2 0 32 0.00 M M 11.4 23 200 M M 1 42 200
25 102 83 93 -6 0 28 T M M 11.6 36 360 M M 2 3 45 20
26 103 78 91 -8 0 26 0.37 M M 6.3 33 320 M M 2 3 42 320
27 104 82 93 -6 0 28 T M M 7.1 24 360 M M 1 31 20
28 104 77 91 -8 0 26 0.07 M M 8.1 43 80 M M 1 138 58 70
29 99 77 88 -11 0 23 0.06 M M 6.2 24 110 M M 0 29 100
30 98 81 90 -9 0 25 T M M 6.2 23 210 M M 0 3 28 210
31 104 81 93 -6 0 28 T M M 5.1 31 240 M M 2 3 45 240
================================================================================
SM 3402 2681 01037 0.57 M 270.9 M 17
================================================================================
AV109.7 86.5 8.7 FASTST M M 1 MAX(MPH)
MISC ----> 43 80 58 70
================================================================================
NOTES:
# LAST OF SEVERAL OCCURRENCES
COLUMN 17 PEAK WIND IN M.P.H.
PRELIMINARY LOCAL CLIMATOLOGICAL DATA (WS FORM: F-6) , PAGE 2
STATION: NEEDLES CA
MONTH: JULY
YEAR: 2022
LATITUDE: 34 46 N
LONGITUDE: 114 37 W
[TEMPERATURE DATA] [PRECIPITATION DATA] SYMBOLS USED IN COLUMN 16
AVERAGE MONTHLY: 98.1 TOTAL FOR MONTH: 0.57 1 = FOG OR MIST
DPTR FM NORMAL: -0.4 DPTR FM NORMAL: 0.30 2 = FOG REDUCING VISIBILITY
HIGHEST: 118 ON 22,11 GRTST 24HR 0.37 ON 26-26 TO 1/4 MILE OR LESS
LOWEST: 77 ON 29,28 3 = THUNDER
SNOW, ICE PELLETS, HAIL 4 = ICE PELLETS
TOTAL MONTH: M 5 = HAIL
GRTST 24HR M ON M 6 = FREEZING RAIN OR DRIZZLE
GRTST DEPTH: M ON M 7 = DUSTSTORM OR SANDSTORM:
VSBY 1/2 MILE OR LESS
8 = SMOKE OR HAZE
[NO. OF DAYS WITH] [WEATHER - DAYS WITH] 9 = BLOWING SNOW
X = TORNADO
MAX 32 OR BELOW: 0 0.01 INCH OR MORE: 4
MAX 90 OR ABOVE: 31 0.10 INCH OR MORE: 1
MIN 32 OR BELOW: 0 0.50 INCH OR MORE: 0
MIN 0 OR BELOW: 0 1.00 INCH OR MORE: 0
[HDD (BASE 65) ]
TOTAL THIS MO. 0 CLEAR (SCALE 0-3) 31
DPTR FM NORMAL 0 PTCLDY (SCALE 4-7) 0
TOTAL FM JUL 1 0 CLOUDY (SCALE 8-10) 0
DPTR FM NORMAL 0
[CDD (BASE 65) ]
TOTAL THIS MO. 1037
DPTR FM NORMAL -3 [PRESSURE DATA]
TOTAL FM JAN 1 3002 HIGHEST SLP M ON M
DPTR FM NORMAL 155 LOWEST SLP 29.50 ON 22
[REMARKS]
#FINAL-07-22#