000
CXUS55 KGJT 051931
CF6EEO
PRELIMINARY LOCAL CLIMATOLOGICAL DATA (WS FORM: F-6)
STATION: MEEKER CO
MONTH: DECEMBER
YEAR: 2021
LATITUDE: 40 2 N
LONGITUDE: 107 53 W
TEMPERATURE IN F: :PCPN: SNOW: WIND :SUNSHINE: SKY :PK WND
================================================================================
1 2 3 4 5 6A 6B 7 8 9 10 11 12 13 14 15 16 17 18
12Z AVG MX 2MIN
DY MAX MIN AVG DEP HDD CDD WTR SNW DPTH SPD SPD DIR MIN PSBL S-S WX SPD DR
================================================================================
1 58 19 39 12 26 0 0.00 M M 2.2 8 120 M M 0 12 110
2 58 19 39 12 26 0 0.00 M M 2.7 10 110 M M 0 15 100
3 61 19 40 14 25 0 0.00 M M 3.2 13 30 M M 0 16 20
4 58 17 38 12 27 0 0.00 M M 3.7 14 290 M M 0 19 280
5 53 17 35 10 30 0 0.00 M M 5.4 21 240 M M 0 28 230
6 39 11 25 0 40 0 0.00 M M 2.5 16 190 M M 6 24 180
7 46 24 35 10 30 0 0.00 M M M M M M M M M M
8 41 15 28 4 37 0 0.00 M M 11.1 22 230 M M 7 30 220
9 40 29 35 11 30 0 0.10 M M 12.6 22 210 M M 10 1 31 190
10 29 -2 14 -10 51 0 0.13 M M 4.8 17 320 M M 9 1 27 310
11 27 -8 10 -13 55 0 0.00 M M 3.9 16 220 M M 2 20 230
12 44 0 22 -1 43 0 0.00 M M 2.3 15 240 M M 0 21 240
13 47 4 26 3 39 0 0.00 M M 4.8 18 220 M M 0 28 240
14 49 37 43 21 22 0 0.00 M M 10.8 44 180 M M 4 66 190
15 48 5 27 5 38 0 0.23 M M 12.7 41 210 M M 7 12 60 200
16 35 3 19 -3 46 0 0.05 M M 4.7 18 240 M M 4 1 23 240
17 27 2 15 -7 50 0 T M M 3.2 17 230 M M 6 1 20 230
18 28 -2 13 -8 52 0 0.00 M M 3.3 8 80 M M 1 12 80
19 42 2 22 1 43 0 0.00 M M 2.8 9 240 M M 0 13 240
20 43 6 25 4 40 0 0.00 M M 1.7 8 60 M M 0 12 220
21 45 13 29 8 36 0 0.00 M M 3.9 13 200 M M 0 16 200
22 46 7 27 6 38 0 0.00 M M 4.8 18 210 M M 1 24 200
23 43 27 35 15 30 0 0.03 M M 10.2 32 200 M M 8 1 50 190
24 41 30 36 16 29 0 0.39 M M 8.8 27 210 M M 9 12 43 200
25 39 21 30 10 35 0 0.00 M M M M M M M M M M
26 35 21 28 8 37 0 0.11 M M 14.6 39 230 M M 8 128 62 260
27 32 7 20 0 45 0 T M M 12.6 28 220 M M 9 40 220
28 28 17 23 3 42 0 0.10 M M 4.7 33 260 M M 10 128 47 260
29 26 17 22 2 43 0 0.08 M M 3.7 20 220 M M 10 1 25 220
30 33 25 29 9 36 0 T M M 18.5 28 210 M M 9 41 210
31 33 12 23 3 42 0 0.24 M M 9.3 29 220 M M 10 12 43 220
================================================================================
SM 1274 414 1163 0 1.46 M 189.5 M 130
================================================================================
AV 41.1 13.4 6.5 FASTST M M 4 MAX(MPH)
MISC ----> 44 180 66 190
================================================================================
NOTES:
# LAST OF SEVERAL OCCURRENCES
COLUMN 17 PEAK WIND IN M.P.H.
PRELIMINARY LOCAL CLIMATOLOGICAL DATA (WS FORM: F-6) , PAGE 2
STATION: MEEKER CO
MONTH: DECEMBER
YEAR: 2021
LATITUDE: 40 2 N
LONGITUDE: 107 53 W
[TEMPERATURE DATA] [PRECIPITATION DATA] SYMBOLS USED IN COLUMN 16
AVERAGE MONTHLY: 27.2 TOTAL FOR MONTH: 1.46 1 = FOG OR MIST
DPTR FM NORMAL: 4.8 DPTR FM NORMAL: 0.58 2 = FOG REDUCING VISIBILITY
HIGHEST: 61 ON 3 GRTST 24HR 0.45 ON 23-24 TO 1/4 MILE OR LESS
LOWEST: -8 ON 11 3 = THUNDER
SNOW, ICE PELLETS, HAIL 4 = ICE PELLETS
TOTAL MONTH: M 5 = HAIL
GRTST 24HR M ON M 6 = FREEZING RAIN OR DRIZZLE
GRTST DEPTH: M ON M 7 = DUSTSTORM OR SANDSTORM:
VSBY 1/2 MILE OR LESS
8 = SMOKE OR HAZE
[NO. OF DAYS WITH] [WEATHER - DAYS WITH] 9 = BLOWING SNOW
X = TORNADO
MAX 32 OR BELOW: 7 0.01 INCH OR MORE: 10
MAX 90 OR ABOVE: 0 0.10 INCH OR MORE: 7
MIN 32 OR BELOW: 30 0.50 INCH OR MORE: 0
MIN 0 OR BELOW: 4 1.00 INCH OR MORE: 0
[HDD (BASE 65) ]
TOTAL THIS MO. 1163 CLEAR (SCALE 0-3) 13
DPTR FM NORMAL -156 PTCLDY (SCALE 4-7) 7
TOTAL FM JUL 1 2794 CLOUDY (SCALE 8-10) 11
DPTR FM NORMAL -305
[CDD (BASE 65) ]
TOTAL THIS MO. 0
DPTR FM NORMAL 0 [PRESSURE DATA]
TOTAL FM JAN 1 319 HIGHEST SLP 29.91 ON 27
DPTR FM NORMAL 75 LOWEST SLP 29.41 ON 27
[REMARKS]
#FINAL-12-21#