000
CXUS54 KBMX 011110
CF6EET
PRELIMINARY LOCAL CLIMATOLOGICAL DATA (WS FORM: F-6)
STATION: SHELBY COUNTY AIRPORT
MONTH: JUNE
YEAR: 2020
LATITUDE: 33 10 N
LONGITUDE: 86 47 W
TEMPERATURE IN F: :PCPN: SNOW: WIND :SUNSHINE: SKY :PK WND
================================================================================
1 2 3 4 5 6A 6B 7 8 9 10 11 12 13 14 15 16 17 18
12Z AVG MX 2MIN
DY MAX MIN AVG DEP HDD CDD WTR SNW DPTH SPD SPD DIR MIN PSBL S-S WX SPD DR
================================================================================
1 88 64 76 1 0 11 0.00 0.0 0 3.7 10 140 M M 2 15 120
2 88 69 79 4 0 14 0.00 0.0 0 3.9 10 160 M M 2 8 14 180
3 88 69 79 4 0 14 0.00 0.0 0 2.8 10 300 M M 2 18 15 320
4 86 69 78 3 0 13 0.01 0.0 0 2.7 10 240 M M 3 18 14 230
5 90 70 80 4 0 15 0.42 0.0 0 2.7 14 180 M M 2 13 21 180
6 88 69 79 3 0 14 0.00 0.0 0 2.7 12 150 M M 2 15 150
7 86 71 79 3 0 14 0.00 0.0 0 5.7 13 80 M M 3 20 80
8 87 75 81 5 0 16 0.24 0.0 0 9.5 20 160 M M 9 1 28 130
9 87 76 82 6 0 17 0.12 0.0 0 8.2 15 150 M M 8 138 23 200
10 89 69 79 3 0 14 0.03 0.0 0 7.9 17 180 M M 6 1 24 200
11 85 63 74 -3 0 9 0.00 0.0 0 4.4 13 320 M M 1 8 19 310
12 87 62 75 -2 0 10 0.00 0.0 0 4.6 14 20 M M 1 20 10
13 90 66 78 1 0 13 0.00 0.0 0 2.4 9 40 M M 1 16 20
14 89 66 78 1 0 13 0.00 0.0 0 1.8 8 60 M M 1 12 60
15 87 65 76 -2 0 11 0.00 0.0 0 3.6 15 320 M M 1 8 22 310
16 82 62 72 -6 0 7 0.00 0.0 0 2.9 9 50 M M 2 14 60
17 80 62 71 -7 0 6 0.00 0.0 0 1.9 8 300 M M 5 11 240
18 85 62 74 -4 0 9 0.12 0.0 0 1.5 12 190 M M 5 13 15 170
19 88 64 76 -2 0 11 0.00 0.0 0 1.0 7 290 M M 1 18 9 240
20 92 67 80 2 0 15 0.00 0.0 0 1.9 10 170 M M 1 18 14 10
21 89 70 80 2 0 15 0.51 0.0 0 2.8 16 270 M M 2 138 31 290
22 91 70 81 2 0 16 0.41 0.0 0 4.2 21 190 M M 3 13 33 210
23 87 69 78 -1 0 13 0.07 0.0 0 5.5 14 350 M M 6 13 26 20
24 78 68 73 -6 0 8 0.28 0.0 0 2.5 7 130 M M 5 1 11 90
25 85 69 77 -2 0 12 0.30 0.0 0 3.0 21 310 M M 7 123 28 300
26 81 67 74 -5 0 9 T 0.0 0 2.3 14 310 M M 2 18 19 300
27 86 69 78 -1 0 13 T 0.0 0 4.0 15 180 M M 3 18 20 170
28 89 74 82 2 0 17 0.00 0.0 0 4.1 13 250 M M 3 1 17 190
29 91 72 82 2 0 17 0.00 0.0 0 1.7 14 20 M M 1 3 20 10
30 92 72 82 2 0 17 T 0.0 0 2.6 14 200 M M 1 38 17 220
================================================================================
SM 2611 2040 0 383 2.51 0.0 108.5 M 91
================================================================================
AV 87.0 68.0 3.6 FASTST M M 3 MAX(MPH)
MISC ----> # 21 190 # 33 210
================================================================================
NOTES:
# LAST OF SEVERAL OCCURRENCES
COLUMN 17 PEAK WIND IN M.P.H.
PRELIMINARY LOCAL CLIMATOLOGICAL DATA (WS FORM: F-6) , PAGE 2
STATION: SHELBY COUNTY AIRPORT
MONTH: JUNE
YEAR: 2020
LATITUDE: 33 10 N
LONGITUDE: 86 47 W
[TEMPERATURE DATA] [PRECIPITATION DATA] SYMBOLS USED IN COLUMN 16
AVERAGE MONTHLY: 77.5 TOTAL FOR MONTH: 2.51 1 = FOG OR MIST
DPTR FM NORMAL: 0.1 DPTR FM NORMAL: -2.12 2 = FOG REDUCING VISIBILITY
HIGHEST: 92 ON 30,20 GRTST 24HR 0.51 ON 21-21 TO 1/4 MILE OR LESS
LOWEST: 62 ON 18,17 3 = THUNDER
SNOW, ICE PELLETS, HAIL 4 = ICE PELLETS
TOTAL MONTH: 0.0 INCH 5 = HAIL
GRTST 24HR 0.0 6 = FREEZING RAIN OR DRIZZLE
GRTST DEPTH: 0 7 = DUSTSTORM OR SANDSTORM:
VSBY 1/2 MILE OR LESS
8 = SMOKE OR HAZE
[NO. OF DAYS WITH] [WEATHER - DAYS WITH] 9 = BLOWING SNOW
X = TORNADO
MAX 32 OR BELOW: 0 0.01 INCH OR MORE: 11
MAX 90 OR ABOVE: 6 0.10 INCH OR MORE: 8
MIN 32 OR BELOW: 0 0.50 INCH OR MORE: 1
MIN 0 OR BELOW: 0 1.00 INCH OR MORE: 0
[HDD (BASE 65) ]
TOTAL THIS MO. 0 CLEAR (SCALE 0-3) 22
DPTR FM NORMAL 0 PTCLDY (SCALE 4-7) 7
TOTAL FM JUL 1 2066 CLOUDY (SCALE 8-10) 1
DPTR FM NORMAL -523
[CDD (BASE 65) ]
TOTAL THIS MO. 383
DPTR FM NORMAL 9 [PRESSURE DATA]
TOTAL FM JAN 1 699 HIGHEST SLP 30.22 ON 26
DPTR FM NORMAL 56 LOWEST SLP 29.76 ON 8
[REMARKS]
#FINAL-06-20#