000
CXUS54 KSHV 030506
CF6ELD
PRELIMINARY LOCAL CLIMATOLOGICAL DATA (WS FORM: F-6)
STATION: EL DORADO
MONTH: SEPTEMBER
YEAR: 2021
LATITUDE: 33 13 N
LONGITUDE: 92 49 W
TEMPERATURE IN F: :PCPN: SNOW: WIND :SUNSHINE: SKY :PK WND
================================================================================
1 2 3 4 5 6A 6B 7 8 9 10 11 12 13 14 15 16 17 18
12Z AVG MX 2MIN
DY MAX MIN AVG DEP HDD CDD WTR SNW DPTH SPD SPD DIR MIN PSBL S-S WX SPD DR
================================================================================
1 96 71 84 4 0 19 0.02 0.0 0 3.8 20 340 M M 2 3 26 20
2 92 69 81 1 0 16 0.00 0.0 0 4.2 10 40 M M 0 1 13 30
3 90 72 81 2 0 16 0.00 0.0 0 3.4 10 90 M M 2 13 90
4 89 71 80 1 0 15 0.00 0.0 0 2.1 8 250 M M 1 10 200
5 92 72 82 3 0 17 0.00 0.0 0 5.5 17 330 M M 2 1 22 320
6 90 62 76 -3 0 11 0.00 0.0 0 4.4 15 40 M M 0 1 19 40
7 90 57 74 -4 0 9 0.00 0.0 0 1.4 12 50 M M 0 16 40
8 92 59 76 -2 0 11 0.00 0.0 0 3.9 13 310 M M 2 17 320
9 88 58 73 -5 0 8 0.00 0.0 0 4.9 18 50 M M 0 1 26 60
10 90 56 73 -5 0 8 0.00 0.0 0 1.9 12 70 M M 0 14 70
11 87 60 74 -3 0 9 0.00 0.0 0 2.1 10 110 M M 0 13 100
12 90 56 73 -4 0 8 0.00 0.0 0 2.7 14 170 M M 1 1 18 180
13 85 70 78 1 0 13 0.00 0.0 0 4.4 13 150 M M 5 16 160
14 82 67 75 -1 0 10 0.00 0.0 0 5.3 13 170 M M 5 16 120
15 86 67 77 1 0 12 0.00 0.0 0 7.7 18 90 M M 4 25 70
16 82 67 75 -1 0 10 0.00 0.0 0 6.3 15 50 M M 6 1 19 60
17 80 71 76 0 0 11 0.05 0.0 0 5.3 13 360 M M 8 13 15 360
18 88 72 80 5 0 15 0.05 0.0 0 5.1 14 340 M M 7 1 17 310
19 89 70 80 5 0 15 0.11 0.0 0 3.8 18 140 M M 5 1 26 140
20 89 68 79 4 0 14 0.00 0.0 0 3.8 9 120 M M 4 12 13 140
21 90 63 77 3 0 12 0.32 0.0 0 6.0 21 320 M M 6 13 28 330
22 80 53 67 -7 0 2 0.00 0.0 0 6.5 18 340 M M 0 24 330
23 81 49 65 -9 0 0 0.00 0.0 0 1.7 9 40 M M 0 14 290
24 81 49 65 -8 0 0 0.00 0.0 0 1.8 9 200 M M 0 12 190
25 86 52 69 -4 0 4 0.00 0.0 0 1.3 10 30 M M 0 16 280
26 86 54 70 -2 0 5 0.00 0.0 0 2.0 10 160 M M 0 1 14 180
27 87 54 71 -1 0 6 0.00 0.0 0 2.6 13 170 M M 1 12 18 180
28 87 69 78 6 0 13 1.13 0.0 0 4.9 16 150 M M 5 123 21 140
29 82 65 74 3 0 9 0.00 0.0 0 4.4 10 110 M M 6 1 13 110
30 83 70 77 6 0 12 0.07 0.0 0 2.6 12 60 M M 7 13 14 40
================================================================================
SM 2610 1893 0 310 1.75 0.0 115.8 M 79
================================================================================
AV 87.0 63.1 3.9 FASTST M M 3 MAX(MPH)
MISC ----> 21 320 28 330
================================================================================
NOTES:
# LAST OF SEVERAL OCCURRENCES
COLUMN 17 PEAK WIND IN M.P.H.
PRELIMINARY LOCAL CLIMATOLOGICAL DATA (WS FORM: F-6) , PAGE 2
STATION: EL DORADO
MONTH: SEPTEMBER
YEAR: 2021
LATITUDE: 33 13 N
LONGITUDE: 92 49 W
[TEMPERATURE DATA] [PRECIPITATION DATA] SYMBOLS USED IN COLUMN 16
AVERAGE MONTHLY: 75.1 TOTAL FOR MONTH: 1.75 1 = FOG OR MIST
DPTR FM NORMAL: -0.7 DPTR FM NORMAL: -1.48 2 = FOG REDUCING VISIBILITY
HIGHEST: 96 ON 1 GRTST 24HR 1.13 ON 28-28 TO 1/4 MILE OR LESS
LOWEST: 49 ON 24,23 3 = THUNDER
SNOW, ICE PELLETS, HAIL 4 = ICE PELLETS
TOTAL MONTH: 0.0 INCH 5 = HAIL
GRTST 24HR 0.0 6 = FREEZING RAIN OR DRIZZLE
GRTST DEPTH: 0 7 = DUSTSTORM OR SANDSTORM:
VSBY 1/2 MILE OR LESS
8 = SMOKE OR HAZE
[NO. OF DAYS WITH] [WEATHER - DAYS WITH] 9 = BLOWING SNOW
X = TORNADO
MAX 32 OR BELOW: 0 0.01 INCH OR MORE: 7
MAX 90 OR ABOVE: 10 0.10 INCH OR MORE: 3
MIN 32 OR BELOW: 0 0.50 INCH OR MORE: 1
MIN 0 OR BELOW: 0 1.00 INCH OR MORE: 1
[HDD (BASE 65) ]
TOTAL THIS MO. 0 CLEAR (SCALE 0-3) 18
DPTR FM NORMAL -7 PTCLDY (SCALE 4-7) 12
TOTAL FM JUL 1 0 CLOUDY (SCALE 8-10) 0
DPTR FM NORMAL -3
[CDD (BASE 65) ]
TOTAL THIS MO. 310
DPTR FM NORMAL -20 [PRESSURE DATA]
TOTAL FM JAN 1 2025 HIGHEST SLP 30.25 ON 22
DPTR FM NORMAL -140 LOWEST SLP 29.76 ON 1
[REMARKS]
#FINAL-09-21#