000
CXUS54 KSHV 011300
CF6ELD
PRELIMINARY LOCAL CLIMATOLOGICAL DATA (WS FORM: F-6)
STATION: EL DORADO
MONTH: JULY
YEAR: 2021
LATITUDE: 33 13 N
LONGITUDE: 92 49 W
TEMPERATURE IN F: :PCPN: SNOW: WIND :SUNSHINE: SKY :PK WND
================================================================================
1 2 3 4 5 6A 6B 7 8 9 10 11 12 13 14 15 16 17 18
12Z AVG MX 2MIN
DY MAX MIN AVG DEP HDD CDD WTR SNW DPTH SPD SPD DIR MIN PSBL S-S WX SPD DR
================================================================================
1 93 71 82 0 0 17 0.00 0.0 0 3.1 12 280 M M 1 16 260
2 89 66 78 -4 0 13 0.12 0.0 0 4.9 18 20 M M 5 18 24 10
3 87 63 75 -7 0 10 0.00 0.0 0 5.3 15 50 M M 0 19 50
4 89 60 75 -7 0 10 0.00 0.0 0 3.6 12 40 M M 0 15 60
5 92 62 77 -5 0 12 0.00 0.0 0 3.3 9 60 M M 2 1 M M
6 94 68 81 -1 0 16 0.04 0.0 0 3.2 17 100 M M 3 138 34 110
7 93 70 82 0 0 17 T 0.0 0 3.7 16 180 M M 2 13 20 180
8 93 70 82 0 0 17 0.00 0.0 0 5.6 13 190 M M 4 1 18 180
9 93 70 82 0 0 17 0.02 0.0 0 6.1 23 200 M M 2 30 210
10 92 73 83 1 0 18 1.00 0.0 0 7.1 16 190 M M 4 123 20 240
11 84 67 76 -6 0 11 0.71 0.0 0 7.3 25 330 M M 4 13 33 330
12 85 70 78 -4 0 13 0.29 0.0 0 4.4 15 240 M M 3 138 22 240
13 91 68 80 -2 0 15 0.00 0.0 0 2.9 10 220 M M 0 1 14 190
14 92 70 81 -1 0 16 0.00 0.0 0 4.6 10 190 M M 1 17 180
15 91 72 82 0 0 17 T 0.0 0 6.1 22 120 M M 2 3 28 120
16 90 70 80 -3 0 15 0.26 0.0 0 5.7 28 280 M M 4 13 43 290
17 91 71 81 -2 0 16 0.00 0.0 0 5.3 12 120 M M 3 1 15 200
18 90 72 81 -2 0 16 0.34 0.0 0 4.2 21 330 M M 1 13 30 330
19 81 69 75 -8 0 10 3.01 0.0 0 3.3 16 220 M M 6 123 28 260
20 87 71 79 -4 0 14 0.61 0.0 0 5.1 20 40 M M 7 13 25 40
21 88 69 79 -4 0 14 0.01 0.0 0 4.4 15 40 M M 3 18 18 40
22 91 71 81 -2 0 16 0.00 0.0 0 2.1 10 220 M M 2 12 14 240
23 92 74 83 0 0 18 0.00 0.0 0 3.6 12 250 M M 1 1 15 260
24 92 74 83 0 0 18 0.00 0.0 0 3.8 12 200 M M 1 1 16 250
25 94 75 85 2 0 20 0.00 0.0 0 2.0 10 290 M M 1 18 13 290
26 93 77 85 2 0 20 0.75 0.0 0 2.3 22 80 M M 2 13 27 80
27 97 73 85 2 0 20 0.00 0.0 0 3.1 20 290 M M 2 128 26 290
28 97 72 85 2 0 20 0.01 0.0 0 1.7 12 130 M M 1 13 15 120
29 96 74 85 2 0 20 0.00 0.0 0 2.0 8 40 M M 1 1 13 340
30 97 75 86 3 0 21 0.00 0.0 0 1.2 9 340 M M 1 18 12 340
31 96 75 86 3 0 21 0.00 0.0 0 2.6 10 290 M M 0 1 13 320
================================================================================
SM 2830 2182 0 498 7.17 0.0 123.6 M 69
================================================================================
AV 91.3 70.4 4.0 FASTST M M 2 MAX(MPH)
MISC ----> 28 280 43 290
================================================================================
NOTES:
# LAST OF SEVERAL OCCURRENCES
COLUMN 17 PEAK WIND IN M.P.H.
PRELIMINARY LOCAL CLIMATOLOGICAL DATA (WS FORM: F-6) , PAGE 2
STATION: EL DORADO
MONTH: JULY
YEAR: 2021
LATITUDE: 33 13 N
LONGITUDE: 92 49 W
[TEMPERATURE DATA] [PRECIPITATION DATA] SYMBOLS USED IN COLUMN 16
AVERAGE MONTHLY: 80.8 TOTAL FOR MONTH: 7.17 1 = FOG OR MIST
DPTR FM NORMAL: -1.6 DPTR FM NORMAL: 3.74 2 = FOG REDUCING VISIBILITY
HIGHEST: 97 ON 30,28 GRTST 24HR 3.35 ON 18-19 TO 1/4 MILE OR LESS
LOWEST: 60 ON 4 3 = THUNDER
SNOW, ICE PELLETS, HAIL 4 = ICE PELLETS
TOTAL MONTH: 0.0 INCH 5 = HAIL
GRTST 24HR 0.0 6 = FREEZING RAIN OR DRIZZLE
GRTST DEPTH: 0 7 = DUSTSTORM OR SANDSTORM:
VSBY 1/2 MILE OR LESS
8 = SMOKE OR HAZE
[NO. OF DAYS WITH] [WEATHER - DAYS WITH] 9 = BLOWING SNOW
X = TORNADO
MAX 32 OR BELOW: 0 0.01 INCH OR MORE: 13
MAX 90 OR ABOVE: 23 0.10 INCH OR MORE: 9
MIN 32 OR BELOW: 0 0.50 INCH OR MORE: 5
MIN 0 OR BELOW: 0 1.00 INCH OR MORE: 2
[HDD (BASE 65) ]
TOTAL THIS MO. 0 CLEAR (SCALE 0-3) 23
DPTR FM NORMAL 0 PTCLDY (SCALE 4-7) 8
TOTAL FM JUL 1 0 CLOUDY (SCALE 8-10) 0
DPTR FM NORMAL 0
[CDD (BASE 65) ]
TOTAL THIS MO. 498
DPTR FM NORMAL -43 [PRESSURE DATA]
TOTAL FM JAN 1 1183 HIGHEST SLP 30.23 ON 14
DPTR FM NORMAL -130 LOWEST SLP 29.86 ON 7
[REMARKS]
#FINAL-07-21#