000
CXUS54 KEPZ 241030
CF6ELP
PRELIMINARY LOCAL CLIMATOLOGICAL DATA (WS FORM: F-6)
STATION: EL PASO
MONTH: APRIL
YEAR: 2024
LATITUDE: 31 47 N
LONGITUDE: 106 24 W
TEMPERATURE IN F: :PCPN: SNOW: WIND :SUNSHINE: SKY :PK WND
================================================================================
1 2 3 4 5 6A 6B 7 8 9 10 11 12 13 14 15 16 17 18
12Z AVG MX 2MIN
DY MAX MIN AVG DEP HDD CDD WTR SNW DPTH SPD SPD DIR MIN PSBL S-S WX SPD DR
================================================================================
1 63 47 55 -8 10 0 0.02 0.0 0 15.8 39 250 M M 6 50 260
2 65 47 56 -7 9 0 T 0.0 0 6.0 24 260 M M 5 29 270
3 76 39 58 -6 7 0 0.00 0.0 0 4.6 12 250 M M 0 19 200
4 83 44 64 0 1 0 0.00 0.0 0 6.5 17 190 M M 0 24 190
5 81 51 66 2 0 1 0.00 0.0 0 9.1 23 250 M M 4 33 240
6 65 51 58 -6 7 0 0.00 0.0 0 21.2 45 260 M M 1 7 60 260
7 72 38 55 -10 10 0 0.00 0.0 0 6.7 20 250 M M 3 25 240
8 79 43 61 -4 4 0 0.00 0.0 0 6.3 22 280 M M 6 31 240
9 66 49 58 -7 7 0 0.00 0.0 0 10.6 22 350 M M 6 29 10
10 80 41 61 -4 4 0 0.00 0.0 0 5.1 18 320 M M 1 24 300
11 84 47 66 0 0 1 0.00 0.0 0 4.5 16 130 M M 1 8 22 120
12 85 60 73 7 0 8 0.00 0.0 0 8.3 24 180 M M 5 31 180
13 87 55 71 5 0 6 0.00 0.0 0 7.1 22 260 M M 4 38 200
14 87 62 75 9 0 10 0.00 0.0 0 10.4 24 260 M M 5 36 270
15 87 62 75 9 0 10 0.00 0.0 0 20.9 43 250 M M 4 78 57 260
16 81 52 67 0 0 2 0.00 0.0 0 8.0 17 250 M M 4 25 320
17 88 50 69 2 0 4 0.00 0.0 0 7.5 20 250 M M 2 27 260
18 90 57 74 7 0 9 0.00 0.0 0 8.7 20 250 M M 4 27 280
19 87 60 74 6 0 9 0.00 0.0 0 7.6 18 100 M M 5 26 120
20 81 55 68 0 0 3 0.00 0.0 0 7.6 20 110 M M 2 27 120
21 73 50 62 -6 3 0 0.00 0.0 0 9.7 21 110 M M 4 29 110
22 86 51 69 1 0 4 0.00 0.0 0 4.6 10 190 M M 2 16 190
23 92 64 78 10 0 13 0.00 0.0 0 8.5 22 250 M M 1 30 210
================================================================================
SM 1838 1175 62 80 0.02 0.0 205.3 M 75
================================================================================
AV 79.9 51.1 8.9 FASTST M M 3 MAX(MPH)
MISC ----> 45 260 60 260
================================================================================
NOTES:
# LAST OF SEVERAL OCCURRENCES
COLUMN 17 PEAK WIND IN M.P.H.
PRELIMINARY LOCAL CLIMATOLOGICAL DATA (WS FORM: F-6) , PAGE 2
STATION: EL PASO
MONTH: APRIL
YEAR: 2024
LATITUDE: 31 47 N
LONGITUDE: 106 24 W
[TEMPERATURE DATA] [PRECIPITATION DATA] SYMBOLS USED IN COLUMN 16
AVERAGE MONTHLY: 65.5 TOTAL FOR MONTH: 0.02 1 = FOG OR MIST
DPTR FM NORMAL: -0.3 DPTR FM NORMAL: -0.10 2 = FOG REDUCING VISIBILITY
HIGHEST: 92 ON 23 GRTST 24HR 0.02 ON 1- 1 TO 1/4 MILE OR LESS
LOWEST: 38 ON 7 3 = THUNDER
SNOW, ICE PELLETS, HAIL 4 = ICE PELLETS
TOTAL MONTH: 0.0 INCH 5 = HAIL
GRTST 24HR 0.0 6 = FREEZING RAIN OR DRIZZLE
GRTST DEPTH: 0 7 = DUSTSTORM OR SANDSTORM:
VSBY 1/2 MILE OR LESS
8 = SMOKE OR HAZE
[NO. OF DAYS WITH] [WEATHER - DAYS WITH] 9 = BLOWING SNOW
X = TORNADO
MAX 32 OR BELOW: 0 0.01 INCH OR MORE: 1
MAX 90 OR ABOVE: 2 0.10 INCH OR MORE: 0
MIN 32 OR BELOW: 0 0.50 INCH OR MORE: 0
MIN 0 OR BELOW: 0 1.00 INCH OR MORE: 0
[HDD (BASE 65) ]
TOTAL THIS MO. 62 CLEAR (SCALE 0-3) 10
DPTR FM NORMAL 7 PTCLDY (SCALE 4-7) 13
TOTAL FM JUL 1 1770 CLOUDY (SCALE 8-10) 0
DPTR FM NORMAL -423
[CDD (BASE 65) ]
TOTAL THIS MO. 80
DPTR FM NORMAL 7 [PRESSURE DATA]
TOTAL FM JAN 1 103 HIGHEST SLP M ON M
DPTR FM NORMAL 9 LOWEST SLP 29.54 ON 15
[REMARKS]