000
CXUS54 KEPZ 010944
CLMELP
CLIMATE REPORT
NATIONAL WEATHER SERVICE EL PASO TX/SANTA TERESA NM
344 AM MDT SUN OCT 01 2023
...................................
...THE EL PASO CLIMATE SUMMARY FOR THE MONTH OF SEPTEMBER 2023...
CLIMATE NORMAL PERIOD 1991 TO 2020
CLIMATE RECORD PERIOD 1879 TO 2023
WEATHER OBSERVED NORMAL DEPART LAST YEAR`S
VALUE DATE(S) VALUE FROM VALUE DATE(S)
NORMAL
................................................................
TEMPERATURE (F)
RECORD
HIGH 106 09/08/2023
LOW 41 09/30/1945
HIGHEST 106R 09/08 91 15 96 09/24
LOWEST 62 09/27 57 5 58 09/30
09/30
AVG. MAXIMUM 96.9 88.3 8.6 90.0
AVG. MINIMUM 69.7 65.4 4.3 66.8
MEAN 83.3 76.9 6.4 78.4
DAYS MAX >= 90 27 15.3 11.7 16
DAYS MAX <= 32 0 0.0 0.0 0
DAYS MIN <= 32 0 0.0 0.0 0
DAYS MIN <= 0 0 0.0 0.0 0
PRECIPITATION (INCHES)
RECORD
MAXIMUM 6.68 1974
MINIMUM 0.00 2000
TOTALS 0.95 1.52 -0.57 1.65
DAYS >= .01 5 3
DAYS >= .10 3 2
DAYS >= .50 1 1
DAYS >= 1.00 0 1
GREATEST
24 HR. TOTAL 0.54 09/26 TO 09/26
DEGREE DAYS
HEATING TOTAL 0 3 -3 0
SINCE 7/1 0 0 0 MM
COOLING TOTAL 538 358 180 408
SINCE 1/1 3256 2541 715 MM
FREEZE DATES
RECORD
EARLIEST 10/16/1880
LATEST 05/02/1967
EARLIEST MM
LATEST 03/19
................................................................
WIND (MPH)
AVERAGE WIND SPEED 6.8
HIGHEST WIND SPEED/DIRECTION 38/230 DATE 09/20
HIGHEST GUST SPEED/DIRECTION 57/230 DATE 09/20
SKY COVER
AVERAGE SKY COVER 0.33
AVERAGE RH (PERCENT) 34
WEATHER CONDITIONS. NUMBER OF DAYS WITH
THUNDERSTORM 6 MIXED PRECIP 0
HEAVY RAIN 1 RAIN 2
LIGHT RAIN 8 FREEZING RAIN 0
LT FREEZING RAIN 0 HAIL 1
HEAVY SNOW 0 SNOW 0
LIGHT SNOW 0 SLEET 0
FOG 0 FOG W/VIS <= 1/4 MILE 0
HAZE 3
- INDICATES NEGATIVE NUMBERS.
R INDICATES RECORD WAS SET OR TIED.
MM INDICATES DATA IS MISSING.
T INDICATES TRACE AMOUNT.
$$