000
CXUS55 KLKN 021817
CLMELY
CLIMATE REPORT
NATIONAL WEATHER SERVICE ELKO, NV
1017 AM PST SAT DEC 02 2023
...................................
...THE ELY AIRPORT NV CLIMATE SUMMARY FOR THE MONTH OF NOVEMBER 2023...
CLIMATE NORMAL PERIOD 1991 TO 2020
CLIMATE RECORD PERIOD 1893 TO 2023
WEATHER OBSERVED NORMAL DEPART LAST YEAR`S
VALUE DATE(S) VALUE FROM VALUE DATE(S)
NORMAL
................................................................
TEMPERATURE (F)
RECORD
HIGH 78 11/09/1906
LOW -20 11/25/2010
HIGHEST 70 11/04 66 4 58 11/01
LOWEST 11/27 0 -1 1 11/19
AVG. MAXIMUM 51.4 50.9 0.5 44.4
AVG. MINIMUM 18.9 19.2 -0.3 15.6
MEAN 35.2 35.1 0.1 30.0
DAYS MAX >= 90 0 0.0 0.0 0
DAYS MAX <= 32 3 2.3 0.7 0
DAYS MIN <= 32 27 27.9 -0.9 28
DAYS MIN <= 0 1 1.2 -0.2 0
PRECIPITATION (INCHES)
RECORD
MAXIMUM 2.40 1902
MINIMUM 0.00 1894
TOTALS 0.77 0.63 0.14 1.49
DAILY AVG. 0.03 0.02 0.01 0.05
DAYS >= .01 6 5.0 1.0 4
DAYS >= .10 3 2.1 0.9 4
DAYS >= .50 0 0.2 -0.2 1
DAYS >= 1.00 0 0.0 0.0 0
GREATEST
24 HR. TOTAL 0.53 11/23 TO 11/24 0.87
SNOWFALL (INCHES)
RECORDS
TOTAL 20.3 2010
TOTALS 3.3 5.9 -2.6 4.6
SINCE 7/1 3.3 8.1 -4.8 MM
SNOWDEPTH AVG. 1 0
DAYS >= TRACE 6 3.7 2.3 6
DAYS >= 1.0 2 1.8 0.2 2
DAYS >= 1.0 2 2
GREATEST
SNOW DEPTH 3 11/25 3
24 HR TOTAL MM MM
DEGREE DAYS
HEATING TOTAL 888 898 -10 1042
SINCE 7/1 1698 1726 -28 MM
COOLING TOTAL 0 0 0 0
SINCE 1/1 263 300 -37 MM
................................................................
WIND (MPH)
AVERAGE WIND SPEED 8.7
HIGHEST WIND SPEED/DIRECTION 30/140 DATE 11/06
HIGHEST GUST SPEED/DIRECTION 44/210 DATE 11/19
AVERAGE RH (PERCENT) 54
WEATHER CONDITIONS. NUMBER OF DAYS WITH
THUNDERSTORM 0 MIXED PRECIP 0
HEAVY RAIN 1 RAIN 2
LIGHT RAIN 5 FREEZING RAIN 0
LT FREEZING RAIN 0 HAIL 0
HEAVY SNOW 0 SNOW 1
LIGHT SNOW 5 SLEET 0
FOG 7 FOG W/VIS <= 1/4 MILE 0
HAZE 3
- INDICATES NEGATIVE NUMBERS.
R INDICATES RECORD WAS SET OR TIED.
MM INDICATES DATA IS MISSING.
T INDICATES TRACE AMOUNT.
======================================================================
...NOVEMBER 2023 IN ELY WAS WARMER AND WETTER THAN NORMAL...
$$