000
CXUS56 KOTX 111642
CLMEPH
CLIMATE REPORT
NATIONAL WEATHER SERVICE SPOKANE WA
842 AM PST SAT NOV 11 2023
...................................
...THE EPHRATA WA AIRPORT CLIMATE SUMMARY FOR THE MONTH OF OCTOBER 2023...
CLIMATE NORMAL PERIOD 1991 TO 2020
CLIMATE RECORD PERIOD 9999 TO 9999
WEATHER OBSERVED NORMAL DEPART LAST YEAR`S
VALUE DATE(S) VALUE FROM VALUE DATE(S)
NORMAL
................................................................
TEMPERATURE (F)
RECORD
HIGH 88 10/06/2014
LOW 8 10/31/2002
HIGHEST 81 10/05 MM MM 85 10/06
LOWEST 21 10/29 MM MM 29 10/29
AVG. MAXIMUM 63.9 62.4 1.5 71.8
AVG. MINIMUM 40.4 39.3 1.1 43.5
MEAN 52.2 50.9 1.3 57.7
DAYS MAX >= 90 0 0.0 0.0 0
DAYS MAX <= 32 0 0.0 0.0 0
DAYS MIN <= 32 5 4.9 0.1 2
DAYS MIN <= 0 0 0.0 0.0 0
PRECIPITATION (INCHES)
RECORD
MAXIMUM 2.52 2016
MINIMUM T 1987
TOTALS 0.43 0.66 -0.23 0.13
DAILY AVG. 0.01 0.02 -0.01 0.00
DAYS >= .01 4 6.3 -2.3 4
DAYS >= .10 3 2.1 0.9 0
DAYS >= .50 0 0.1 -0.1 0
DAYS >= 1.00 0 0.0 0.0 0
GREATEST
24 HR. TOTAL 0.32 10/24 TO 10/25 0.09
DEGREE DAYS
HEATING TOTAL 392 441 -49 240
SINCE 7/1 485 549 -64 MM
COOLING TOTAL 0 2 -2 22
SINCE 1/1 1102 843 259 MM
................................................................
WIND (MPH)
AVERAGE WIND SPEED 6.5
HIGHEST WIND SPEED/DIRECTION 28/280 DATE 10/16
HIGHEST GUST SPEED/DIRECTION 31/280 DATE 10/16
31/290 10/23
SKY COVER
POSSIBLE SUNSHINE (PERCENT) MM
AVERAGE SKY COVER 0.22
NUMBER OF DAYS FAIR 23
NUMBER OF DAYS PC 6
NUMBER OF DAYS CLOUDY 2
AVERAGE RH (PERCENT) 61
WEATHER CONDITIONS. NUMBER OF DAYS WITH
THUNDERSTORM 0 MIXED PRECIP 0
HEAVY RAIN 0 RAIN 3
LIGHT RAIN 10 FREEZING RAIN 0
LT FREEZING RAIN 0 HAIL 0
HEAVY SNOW 0 SNOW 1
LIGHT SNOW 1 SLEET 0
FOG 6 FOG W/VIS <= 1/4 MILE 2
HAZE 2
- INDICATES NEGATIVE NUMBERS.
R INDICATES RECORD WAS SET OR TIED.
MM INDICATES DATA IS MISSING.
T INDICATES TRACE AMOUNT.
$$