000
CXUS53 KDMX 010920
CF6EST
PRELIMINARY LOCAL CLIMATOLOGICAL DATA (WS FORM: F-6)
STATION: ESTHERVILLE IA
MONTH: MARCH
YEAR: 2020
LATITUDE: 43 24 N
LONGITUDE: 94 45 W
TEMPERATURE IN F: :PCPN: SNOW: WIND :SUNSHINE: SKY :PK WND
================================================================================
1 2 3 4 5 6A 6B 7 8 9 10 11 12 13 14 15 16 17 18
12Z AVG MX 2MIN
DY MAX MIN AVG DEP HDD CDD WTR SNW DPTH SPD SPD DIR MIN PSBL S-S WX SPD DR
================================================================================
1 44 31 38 12 27 0 0.00 0.0 M 12.7 23 300 M M 1 29 320
2 38 27 33 7 32 0 T M M 11.4 21 330 M M 6 27 330
3 43 32 38 11 27 0 0.00 0.0 M 14.5 26 280 M M 5 34 260
4 49 27 38 11 27 0 0.00 0.0 M 10.1 20 180 M M 3 27 200
5 41 28 35 7 30 0 0.00 0.0 M 23.7 41 330 M M 7 55 320
6 41 22 32 4 33 0 0.00 0.0 M 11.2 20 170 M M 0 28 170
7 61 31 46 18 19 0 0.00 0.0 M 21.2 30 180 M M 0 41 180
8 62 34 48 19 17 0 0.00 0.0 M 18.0 31 200 M M 0 1 42 200
9 34 23 29 0 36 0 M 0.0 0 17.3 25 350 M M 9 16 33 350
10 35 20 28 -2 37 0 0.09 M M 5.6 15 170 M M 6 1 19 330
11 51 29 40 10 25 0 0.00 0.0 0 9.1 22 190 M M 6 12 29 180
12 48 30 39 8 26 0 0.00 0.0 0 18.9 32 320 M M 5 1 43 320
13 40 26 33 2 32 0 0.00 0.0 0 12.5 22 300 M M 1 30 310
14 36 22 29 -3 36 0 T M M 9.7 16 30 M M 6 1 20 40
15 39 19 29 -3 36 0 0.00 0.0 M 8.3 17 170 M M 5 27 140
16 41 26 34 1 31 0 0.00 0.0 0 11.0 18 340 M M 9 1 25 340
17 42 22 32 -1 33 0 0.00 0.0 0 7.6 16 190 M M 4 1 22 190
18 45 36 41 7 24 0 0.00 0.0 0 7.5 15 170 M M 10 1 19 170
19 39 22 31 -3 34 0 0.99 M 0 17.5 37 350 M M 10 1239 48 340
20 27 13 20 -15 45 0 M M M 18.7 35 340 M M 3 46 340
21 33 18 26 -9 39 0 0.00 0.0 M 10.4 22 150 M M 9 28 150
22 40 28 34 -2 31 0 T M 0 17.3 28 150 M M 7 1 35 160
23 42 32 37 1 28 0 0.01 M M 5.2 14 180 M M 10 1 17 170
24 49 38 44 7 21 0 0.00 0.0 0 13.8 25 170 M M 9 12 32 180
25 45 33 39 2 26 0 0.32 0.0 0 11.2 20 360 M M 9 12 27 10
26 45 30 38 0 27 0 0.00 0.0 0 8.7 16 10 M M 9 1 19 360
27 49 33 41 3 24 0 0.00 0.0 0 11.4 21 70 M M 6 1 28 70
28 44 32 38 0 27 0 0.37 M 0 20.9 37 50 M M 10 13 46 50
29 54 32 43 4 22 0 0.05 M 0 20.7 32 320 M M 4 1 46 320
30 59 26 43 4 22 0 0.00 0.0 0 7.3 14 60 M M 0 18 60
31 55 25 40 0 25 0 T 0.0 0 9.4 22 130 M M 5 29 130
================================================================================
SM 1371 847 899 0 1.83 0.0 402.8 M 174
================================================================================
AV 44.2 27.3 13.0 FASTST M M 6 MAX(MPH)
MISC ----> # 41 330 # 55 320
================================================================================
NOTES:
# LAST OF SEVERAL OCCURRENCES
COLUMN 17 PEAK WIND IN M.P.H.
PRELIMINARY LOCAL CLIMATOLOGICAL DATA (WS FORM: F-6) , PAGE 2
STATION: ESTHERVILLE IA
MONTH: MARCH
YEAR: 2020
LATITUDE: 43 24 N
LONGITUDE: 94 45 W
[TEMPERATURE DATA] [PRECIPITATION DATA] SYMBOLS USED IN COLUMN 16
AVERAGE MONTHLY: 35.8 TOTAL FOR MONTH: 1.83 1 = FOG OR MIST
DPTR FM NORMAL: 3.1 DPTR FM NORMAL: 0.18 2 = FOG REDUCING VISIBILITY
HIGHEST: 62 ON 8 GRTST 24HR 0.99 ON 19-19 TO 1/4 MILE OR LESS
LOWEST: 13 ON 20 3 = THUNDER
SNOW, ICE PELLETS, HAIL 4 = ICE PELLETS
TOTAL MONTH: 0.0 INCH 5 = HAIL
GRTST 24HR 0.0 6 = FREEZING RAIN OR DRIZZLE
GRTST DEPTH: 0 7 = DUSTSTORM OR SANDSTORM:
VSBY 1/2 MILE OR LESS
8 = SMOKE OR HAZE
[NO. OF DAYS WITH] [WEATHER - DAYS WITH] 9 = BLOWING SNOW
X = TORNADO
MAX 32 OR BELOW: 1 0.01 INCH OR MORE: 6
MAX 90 OR ABOVE: 0 0.10 INCH OR MORE: 3
MIN 32 OR BELOW: 26 0.50 INCH OR MORE: 1
MIN 0 OR BELOW: 0 1.00 INCH OR MORE: 0
[HDD (BASE 65) ]
TOTAL THIS MO. 899 CLEAR (SCALE 0-3) 8
DPTR FM NORMAL -101 PTCLDY (SCALE 4-7) 13
TOTAL FM JUL 1 6976 CLOUDY (SCALE 8-10) 10
DPTR FM NORMAL 61
[CDD (BASE 65) ]
TOTAL THIS MO. 0
DPTR FM NORMAL 0 [PRESSURE DATA]
TOTAL FM JAN 1 0 HIGHEST SLP 30.69 ON 15
DPTR FM NORMAL 0 LOWEST SLP 29.35 ON 28
[REMARKS]
#FINAL-03-20#