000
CXUS56 KPQR 011301
CF6EUG
PRELIMINARY LOCAL CLIMATOLOGICAL DATA (WS FORM: F-6)
STATION: EUGENE OR
MONTH: NOVEMBER
YEAR: 2022
LATITUDE: 44 7 N
LONGITUDE: 123 13 W
TEMPERATURE IN F: :PCPN: SNOW: WIND :SUNSHINE: SKY :PK WND
================================================================================
1 2 3 4 5 6A 6B 7 8 9 10 11 12 13 14 15 16 17 18
12Z AVG MX 2MIN
DY MAX MIN AVG DEP HDD CDD WTR SNW DPTH SPD SPD DIR MIN PSBL S-S WX SPD DR
================================================================================
1 55 38 47 -2 18 0 0.75 0.0 0 5.4 21 290 M M 9 18 26 290
2 47 34 41 -7 24 0 0.25 0.0 0 8.1 16 180 M M 7 1 21 320
3 49 33 41 -7 24 0 T 0.0 0 10.2 21 180 M M 8 24 180
4 59 47 53 5 12 0 0.99 0.0 0 14.2 21 180 M M 10 1 27 180
5 58 42 50 2 15 0 0.12 0.0 0 6.8 20 310 M M 10 1 23 320
6 47 33 40 -8 25 0 1.32 T 0 8.6 24 170 M M 10 1 27 170
7 52 37 45 -2 20 0 0.11 0.0 0 11.8 28 170 M M 8 1 33 190
8 47 35 41 -6 24 0 T 0.0 0 9.0 20 360 M M 9 12 24 10
9 52 27 40 -7 25 0 0.00 0.0 0 4.6 13 360 M M 2 14 360
10 52 26 39 -8 26 0 0.00 0.0 0 3.2 8 20 M M 5 12 9 240
11 48 32 40 -6 25 0 0.13 0.0 0 4.9 14 140 M M 8 1 16 150
12 50 32 41 -5 24 0 T 0.0 0 5.1 13 20 M M 7 12 15 360
13 41 34 38 -8 27 0 0.00 0.0 0 4.5 13 10 M M 10 12 15 10
14 51 33 42 -4 23 0 0.00 0.0 0 5.2 13 20 M M 5 18 15 30
15 53 29 41 -5 24 0 0.00 0.0 0 7.8 16 10 M M 0 8 21 20
16 51 23 37 -8 28 0 0.00 0.0 0 3.5 12 10 M M 0 1 13 20
17 48 23 36 -9 29 0 0.00 0.0 0 4.7 14 10 M M 5 128 16 20
18 51 21 36 -9 29 0 0.00 0.0 0 7.6 16 20 M M 0 20 10
19 47 18 33 -12 32 0 0.00 0.0 0 3.1 12 10 M M 1 8 14 20
20 50 20 35 -9 30 0 0.00 0.0 0 1.5 6 30 M M 2 18 8 330
21 55 33 44 0 21 0 T 0.0 0 1.8 7 240 M M 4 1 11 60
22 58 33 46 2 19 0 0.10 0.0 0 8.2 25 200 M M 6 12 32 200
23 47 34 41 -3 24 0 0.00 0.0 0 3.5 8 10 M M 10 12 9 10
24 47 38 43 -1 22 0 0.00 0.0 0 2.6 8 20 M M 9 128 10 20
25 54 32 43 0 22 0 0.23 0.0 0 7.1 17 360 M M 10 12 21 10
26 47 33 40 -3 25 0 0.00 0.0 0 2.8 8 140 M M 7 12 10 170
27 49 38 44 1 21 0 0.16 0.0 0 8.7 17 200 M M 9 1 21 200
28 47 32 40 -3 25 0 0.12 0.0 0 7.5 15 340 M M 7 1 17 340
29 46 34 40 -2 25 0 0.02 0.0 0 10.9 28 190 M M 10 1 34 190
30 48 40 44 2 21 0 1.22 0.0 0 13.1 29 190 M M 10 1 37 190
================================================================================
SM 1506 964 709 0 5.52 T 196.0 M 198
================================================================================
AV 50.2 32.1 6.5 FASTST M M 7 MAX(MPH)
MISC ----> 29 190 37 190
================================================================================
NOTES:
# LAST OF SEVERAL OCCURRENCES
COLUMN 17 PEAK WIND IN M.P.H.
PRELIMINARY LOCAL CLIMATOLOGICAL DATA (WS FORM: F-6) , PAGE 2
STATION: EUGENE OR
MONTH: NOVEMBER
YEAR: 2022
LATITUDE: 44 7 N
LONGITUDE: 123 13 W
[TEMPERATURE DATA] [PRECIPITATION DATA] SYMBOLS USED IN COLUMN 16
AVERAGE MONTHLY: 41.2 TOTAL FOR MONTH: 5.52 1 = FOG OR MIST
DPTR FM NORMAL: -4.3 DPTR FM NORMAL: -0.46 2 = FOG REDUCING VISIBILITY
HIGHEST: 59 ON 4 GRTST 24HR 1.42 ON 6- 7 TO 1/4 MILE OR LESS
LOWEST: 18 ON 19 3 = THUNDER
SNOW, ICE PELLETS, HAIL 4 = ICE PELLETS
TOTAL MONTH: T 5 = HAIL
GRTST 24HR T ON 6- 6 6 = FREEZING RAIN OR DRIZZLE
GRTST DEPTH: 0 7 = DUSTSTORM OR SANDSTORM:
VSBY 1/2 MILE OR LESS
8 = SMOKE OR HAZE
[NO. OF DAYS WITH] [WEATHER - DAYS WITH] 9 = BLOWING SNOW
X = TORNADO
MAX 32 OR BELOW: 0 0.01 INCH OR MORE: 13
MAX 90 OR ABOVE: 0 0.10 INCH OR MORE: 12
MIN 32 OR BELOW: 12 0.50 INCH OR MORE: 4
MIN 0 OR BELOW: 0 1.00 INCH OR MORE: 2
[HDD (BASE 65) ]
TOTAL THIS MO. 709 CLEAR (SCALE 0-3) 6
DPTR FM NORMAL 123 PTCLDY (SCALE 4-7) 10
TOTAL FM JUL 1 958 CLOUDY (SCALE 8-10) 14
DPTR FM NORMAL -139
[CDD (BASE 65) ]
TOTAL THIS MO. 0
DPTR FM NORMAL 0 [PRESSURE DATA]
TOTAL FM JAN 1 514 HIGHEST SLP 30.55 ON 16
DPTR FM NORMAL 221 LOWEST SLP 29.47 ON 6
[REMARKS]
#FINAL-11-22#