000
CXUS56 KPQR 011155
CF6EUG
PRELIMINARY LOCAL CLIMATOLOGICAL DATA (WS FORM: F-6)
STATION: EUGENE OR
MONTH: FEBRUARY
YEAR: 2022
LATITUDE: 44 7 N
LONGITUDE: 123 13 W
TEMPERATURE IN F: :PCPN: SNOW: WIND :SUNSHINE: SKY :PK WND
================================================================================
1 2 3 4 5 6A 6B 7 8 9 10 11 12 13 14 15 16 17 18
12Z AVG MX 2MIN
DY MAX MIN AVG DEP HDD CDD WTR SNW DPTH SPD SPD DIR MIN PSBL S-S WX SPD DR
================================================================================
1 46 28 37 -5 28 0 0.01 0.0 0 3.9 12 240 M M 7 12 14 230
2 49 38 44 2 21 0 0.01 0.0 0 6.9 12 190 M M 10 1 14 150
3 54 33 44 2 21 0 0.00 0.0 0 3.8 8 180 M M 4 15 120
4 50 30 40 -2 25 0 0.00 0.0 0 4.6 12 230 M M 7 12 14 200
5 50 35 43 1 22 0 0.00 0.0 0 6.9 16 360 M M 8 12 18 360
6 51 36 44 2 21 0 0.00 0.0 0 3.3 10 190 M M 6 18 11 20
7 61 32 47 5 18 0 0.00 0.0 0 5.1 15 350 M M 4 12 17 310
8 47 35 41 -2 24 0 0.00 0.0 0 3.4 10 340 M M 8 128 13 360
9 57 37 47 4 18 0 0.00 0.0 0 3.7 13 350 M M 7 128 14 350
10 47 33 40 -3 25 0 0.00 0.0 0 5.4 14 20 M M 8 12 16 20
11 53 33 43 0 22 0 0.00 0.0 0 7.0 16 30 M M 7 12 19 20
12 60 27 44 1 21 0 0.00 0.0 0 4.2 14 10 M M 2 128 19 60
13 66 30 48 5 17 0 0.00 0.0 0 4.7 18 230 M M 4 22 230
14 51 37 44 1 21 0 0.20 0.0 0 9.3 25 280 M M 7 18 30 270
15 49 38 44 1 21 0 0.00 0.0 0 3.5 8 180 M M 10 9 140
16 54 39 47 4 18 0 0.00 0.0 0 3.4 9 210 M M 8 11 210
17 52 32 42 -1 23 0 0.00 0.0 0 3.5 9 330 M M 8 12 10 330
18 53 33 43 -1 22 0 T 0.0 0 3.7 13 10 M M 6 128 15 30
19 54 29 42 -2 23 0 0.00 0.0 0 6.8 13 280 M M 6 12 15 250
20 50 39 45 1 20 0 0.04 0.0 0 9.0 20 320 M M 8 22 300
21 46 34 40 -4 25 0 0.10 T 0 7.8 16 260 M M 9 1 19 250
22 43 26 35 -9 30 0 0.01 T 0 9.8 21 20 M M 4 1 26 30
23 40 21 31 -13 34 0 0.00 0.0 0 9.0 15 350 M M 0 24 350
24 45 22 34 -10 31 0 0.00 0.0 0 4.8 10 130 M M 7 12 140
25 50 23 37 -7 28 0 0.00 0.0 0 3.1 10 50 M M 2 1 13 30
26 53 27 40 -4 25 0 0.06 0.0 0 3.9 14 180 M M 7 18 170
27 59 45 52 7 13 0 0.07 0.0 0 10.3 22 190 M M 10 1 27 190
28 61 53 57 12 8 0 0.48 0.0 0 11.3 20 180 M M 10 1 24 190
================================================================================
SM 1451 925 625 0 0.98 T 162.1 M 184
================================================================================
AV 51.8 33.0 5.8 FASTST M M 7 MAX(MPH)
MISC ----> 25 280 30 270
================================================================================
NOTES:
# LAST OF SEVERAL OCCURRENCES
COLUMN 17 PEAK WIND IN M.P.H.
PRELIMINARY LOCAL CLIMATOLOGICAL DATA (WS FORM: F-6) , PAGE 2
STATION: EUGENE OR
MONTH: FEBRUARY
YEAR: 2022
LATITUDE: 44 7 N
LONGITUDE: 123 13 W
[TEMPERATURE DATA] [PRECIPITATION DATA] SYMBOLS USED IN COLUMN 16
AVERAGE MONTHLY: 42.4 TOTAL FOR MONTH: 0.98 1 = FOG OR MIST
DPTR FM NORMAL: -0.9 DPTR FM NORMAL: -3.69 2 = FOG REDUCING VISIBILITY
HIGHEST: 66 ON 13 GRTST 24HR 0.53 ON 27-28 TO 1/4 MILE OR LESS
LOWEST: 21 ON 23 3 = THUNDER
SNOW, ICE PELLETS, HAIL 4 = ICE PELLETS
TOTAL MONTH: T 5 = HAIL
GRTST 24HR T ON 21-21 6 = FREEZING RAIN OR DRIZZLE
GRTST DEPTH: 0 7 = DUSTSTORM OR SANDSTORM:
VSBY 1/2 MILE OR LESS
8 = SMOKE OR HAZE
[NO. OF DAYS WITH] [WEATHER - DAYS WITH] 9 = BLOWING SNOW
X = TORNADO
MAX 32 OR BELOW: 0 0.01 INCH OR MORE: 9
MAX 90 OR ABOVE: 0 0.10 INCH OR MORE: 3
MIN 32 OR BELOW: 12 0.50 INCH OR MORE: 0
MIN 0 OR BELOW: 0 1.00 INCH OR MORE: 0
[HDD (BASE 65) ]
TOTAL THIS MO. 625 CLEAR (SCALE 0-3) 3
DPTR FM NORMAL 16 PTCLDY (SCALE 4-7) 20
TOTAL FM JUL 1 2942 CLOUDY (SCALE 8-10) 5
DPTR FM NORMAL -253
[CDD (BASE 65) ]
TOTAL THIS MO. 0
DPTR FM NORMAL 0 [PRESSURE DATA]
TOTAL FM JAN 1 0 HIGHEST SLP 30.64 ON 8
DPTR FM NORMAL 0 LOWEST SLP 29.86 ON 21
[REMARKS]
#FINAL-02-22#