000
CXUS56 KPQR 250352
CF6EUG
PRELIMINARY LOCAL CLIMATOLOGICAL DATA (WS FORM: F-6)
STATION: EUGENE OR
MONTH: AUGUST
YEAR: 2020
LATITUDE: 44 7 N
LONGITUDE: 123 13 W
TEMPERATURE IN F: :PCPN: SNOW: WIND :SUNSHINE: SKY :PK WND
================================================================================
1 2 3 4 5 6A 6B 7 8 9 10 11 12 13 14 15 16 17 18
12Z AVG MX 2MIN
DY MAX MIN AVG DEP HDD CDD WTR SNW DPTH SPD SPD DIR MIN PSBL S-S WX SPD DR
================================================================================
1 87 59 73 5 0 8 0.00 0.0 0 3.5 12 10 M M 3 8 14 350
2 88 56 72 4 0 7 0.00 0.0 0 8.0 17 250 M M 3 21 260
3 87 52 70 2 0 5 0.00 0.0 0 4.9 16 20 M M 1 1 20 360
4 90 52 71 3 0 6 0.00 0.0 0 5.8 16 360 M M 1 1 22 20
5 84 58 71 3 0 6 0.00 0.0 0 7.8 16 290 M M 4 21 300
6 77 51 64 -4 1 0 0.04 0.0 0 6.9 18 320 M M 7 1 23 320
7 81 44 63 -5 2 0 0.00 0.0 0 7.6 20 20 M M 2 26 360
8 82 50 66 -2 0 1 0.00 0.0 0 8.0 21 20 M M 3 26 30
9 85 50 68 0 0 3 0.00 0.0 0 12.5 23 350 M M 0 30 360
10 95 56 76 8 0 11 0.00 0.0 0 10.1 23 10 M M 0 8 28 360
11 88 48 68 0 0 3 0.00 0.0 0 4.7 16 280 M M 2 8 19 280
12 79 46 63 -5 2 0 0.00 0.0 0 6.9 16 30 M M 5 8 23 340
13 82 48 65 -2 0 0 0.00 0.0 0 8.1 18 360 M M 1 23 360
14 89 50 70 3 0 5 0.00 0.0 0 10.4 22 20 M M 0 28 20
15 101 52 77 10 0 12 0.00 0.0 0 6.1 14 230 M M 2 16 220
16 92 64 78 11 0 13 0.00 0.0 0 7.1 16 220 M M 4 20 220
17 95 61 78 11 0 13 0.00 0.0 0 4.9 14 220 M M 3 16 220
18 90 61 76 9 0 11 0.00 0.0 0 5.2 13 360 M M 2 15 350
19 89 52 71 4 0 6 0.00 0.0 0 6.7 22 260 M M 4 26 260
20 89 58 74 7 0 9 0.00 0.0 0 8.1 22 260 M M 6 28 250
21 81 60 71 5 0 6 0.01 0.0 0 9.3 21 260 M M 8 18 26 250
22 82 53 68 2 0 3 0.00 0.0 0 10.4 21 360 M M 3 31 360
23 87 48 68 2 0 3 0.00 0.0 0 5.7 14 10 M M 0 20 320
24 84 48 66 0 0 1 0.00 0.0 0 8.3 17 360 M M 3 22 350
25 85 50 68 2 0 3 0.00 0.0 0 7.0 17 30 M M 1 8 21 20
26 86 49 68 2 0 3 0.00 0.0 0 9.1 23 350 M M 1 29 360
27 85 48 67 1 0 2 0.00 0.0 0 8.2 22 360 M M 0 32 10
28 88 49 69 3 0 4 0.00 0.0 0 8.0 20 20 M M 0 24 360
29 82 50 66 0 0 1 0.00 0.0 0 9.5 18 360 M M 1 24 360
30 80 47 64 -1 1 0 0.00 0.0 0 10.7 20 360 M M 2 24 10
31 82 58 70 5 0 5 0.00 0.0 0 8.1 21 10 M M 7 30 360
================================================================================
SM 2672 1628 6 150 0.05 0.0 237.6 M 79
================================================================================
AV 86.2 52.5 7.7 FASTST M M 3 MAX(MPH)
MISC ----> # 23 350 32 10
================================================================================
NOTES:
# LAST OF SEVERAL OCCURRENCES
COLUMN 17 PEAK WIND IN M.P.H.
PRELIMINARY LOCAL CLIMATOLOGICAL DATA (WS FORM: F-6) , PAGE 2
STATION: EUGENE OR
MONTH: AUGUST
YEAR: 2020
LATITUDE: 44 7 N
LONGITUDE: 123 13 W
[TEMPERATURE DATA] [PRECIPITATION DATA] SYMBOLS USED IN COLUMN 16
AVERAGE MONTHLY: 69.4 TOTAL FOR MONTH: 0.05 1 = FOG OR MIST
DPTR FM NORMAL: 2.5 DPTR FM NORMAL: -0.56 2 = FOG REDUCING VISIBILITY
HIGHEST: 101 ON 15 GRTST 24HR 0.04 ON 6- 6 TO 1/4 MILE OR LESS
LOWEST: 44 ON 7 3 = THUNDER
SNOW, ICE PELLETS, HAIL 4 = ICE PELLETS
TOTAL MONTH: 0.0 INCH 5 = HAIL
GRTST 24HR 0.0 6 = FREEZING RAIN OR DRIZZLE
GRTST DEPTH: 0 7 = DUSTSTORM OR SANDSTORM:
VSBY 1/2 MILE OR LESS
8 = SMOKE OR HAZE
[NO. OF DAYS WITH] [WEATHER - DAYS WITH] 9 = BLOWING SNOW
X = TORNADO
MAX 32 OR BELOW: 0 0.01 INCH OR MORE: 2
MAX 90 OR ABOVE: 6 0.10 INCH OR MORE: 0
MIN 32 OR BELOW: 0 0.50 INCH OR MORE: 0
MIN 0 OR BELOW: 0 1.00 INCH OR MORE: 0
[HDD (BASE 65) ]
TOTAL THIS MO. 6 CLEAR (SCALE 0-3) 21
DPTR FM NORMAL -25 PTCLDY (SCALE 4-7) 10
TOTAL FM JUL 1 18 CLOUDY (SCALE 8-10) 0
DPTR FM NORMAL -52
[CDD (BASE 65) ]
TOTAL THIS MO. 150
DPTR FM NORMAL 59 [PRESSURE DATA]
TOTAL FM JAN 1 346 HIGHEST SLP 30.24 ON 9
DPTR FM NORMAL 138 LOWEST SLP 29.79 ON 15
[REMARKS]
#FINAL-08-20#