000
CXUS53 KPAH 010700
CF6EVV
PRELIMINARY LOCAL CLIMATOLOGICAL DATA (WS FORM: F-6)
STATION: EVANSVILLE IN
MONTH: APRIL
YEAR: 2022
LATITUDE: 38 2 N
LONGITUDE: 87 32 W
TEMPERATURE IN F: :PCPN: SNOW: WIND :SUNSHINE: SKY :PK WND
================================================================================
1 2 3 4 5 6A 6B 7 8 9 10 11 12 13 14 15 16 17 18
12Z AVG MX 2MIN
DY MAX MIN AVG DEP HDD CDD WTR SNW DPTH SPD SPD DIR MIN PSBL S-S WX SPD DR
================================================================================
1 49 35 42 -10 23 0 0.00 0.0 0 7.2 14 330 M M 5 24 300
2 60 30 45 -7 20 0 T 0.0 0 7.6 21 200 M M 3 31 300
3 63 32 48 -5 17 0 0.00 0.0 0 2.7 15 330 M M 1 19 310
4 61 47 54 1 11 0 0.05 0.0 0 4.9 16 210 M M 7 21 210
5 63 49 56 2 9 0 0.28 0.0 0 4.6 9 170 M M 7 1 16 160
6 60 48 54 0 11 0 0.28 0.0 0 7.8 18 270 M M 8 1 29 330
7 56 37 47 -7 18 0 T 0.0 0 10.8 26 250 M M 5 39 230
8 46 37 42 -13 23 0 0.01 0.0 0 11.0 25 260 M M 9 34 270
9 54 34 44 -11 21 0 0.02 T 0 6.7 20 290 M M 6 1 30 330
10 74 33 54 -1 11 0 0.00 0.0 0 8.3 22 140 M M 0 32 130
11 69 54 62 6 3 0 0.45 0.0 0 9.8 22 170 M M 7 123 32 170
12 73 55 64 8 1 0 0.01 0.0 0 8.5 20 190 M M 7 12 33 170
13 76 46 61 5 4 0 0.85 0.0 0 11.5 29 310 M M 8 13 45 280
14 63 35 49 -8 16 0 0.00 0.0 0 9.6 22 240 M M 1 30 250
15 69 44 57 0 8 0 0.51 0.0 0 8.8 24 200 M M 4 1 37 200
16 62 45 54 -4 11 0 0.00 0.0 0 7.4 18 330 M M 1 1 25 360
17 53 38 46 -12 19 0 0.30 0.0 0 8.8 16 60 M M 4 1 23 50
18 52 39 46 -12 19 0 0.09 0.0 0 10.3 21 270 M M 7 1 33 270
19 55 34 45 -14 20 0 T 0.0 0 5.9 13 210 M M 1 20 320
20 67 45 56 -3 9 0 0.15 0.0 0 8.9 22 180 M M 6 13 37 190
21 69 56 63 4 2 0 0.15 0.0 0 7.2 18 190 M M 7 13 27 180
22 83 56 70 10 0 5 0.00 0.0 0 6.7 16 200 M M 4 1 22 190
23 86 62 74 14 0 9 0.00 0.0 0 12.4 23 190 M M 0 34 190
24 83 68 76 16 0 11 0.00 0.0 0 12.5 26 210 M M 6 38 220
25 72 48 60 -1 5 0 0.52 0.0 0 7.3 18 320 M M 7 1 28 310
26 59 40 50 -11 15 0 0.00 0.0 0 6.9 17 330 M M 0 26 300
27 71 38 55 -6 10 0 0.00 0.0 0 2.5 10 220 M M 0 17 210
28 74 47 61 -1 4 0 T 0.0 0 5.8 12 150 M M 2 8 18 130
29 79 58 69 7 0 4 T 0.0 0 6.1 13 130 M M 6 20 160
30 83 63 73 11 0 8 0.18 0.0 0 10.1 23 190 M M 5 13 34 210
================================================================================
SM 1984 1353 310 37 3.85 T 238.6 M 134
================================================================================
AV 66.1 45.1 8.0 FASTST M M 4 MAX(MPH)
MISC ----> 29 310 45 280
================================================================================
NOTES:
# LAST OF SEVERAL OCCURRENCES
COLUMN 17 PEAK WIND IN M.P.H.
PRELIMINARY LOCAL CLIMATOLOGICAL DATA (WS FORM: F-6) , PAGE 2
STATION: EVANSVILLE IN
MONTH: APRIL
YEAR: 2022
LATITUDE: 38 2 N
LONGITUDE: 87 32 W
[TEMPERATURE DATA] [PRECIPITATION DATA] SYMBOLS USED IN COLUMN 16
AVERAGE MONTHLY: 55.6 TOTAL FOR MONTH: 3.85 1 = FOG OR MIST
DPTR FM NORMAL: -1.6 DPTR FM NORMAL: -1.29 2 = FOG REDUCING VISIBILITY
HIGHEST: 86 ON 23 GRTST 24HR 0.85 ON 13-13 TO 1/4 MILE OR LESS
LOWEST: 30 ON 2 3 = THUNDER
SNOW, ICE PELLETS, HAIL 4 = ICE PELLETS
TOTAL MONTH: T 5 = HAIL
GRTST 24HR T ON 9- 9 6 = FREEZING RAIN OR DRIZZLE
GRTST DEPTH: 0 7 = DUSTSTORM OR SANDSTORM:
VSBY 1/2 MILE OR LESS
8 = SMOKE OR HAZE
[NO. OF DAYS WITH] [WEATHER - DAYS WITH] 9 = BLOWING SNOW
X = TORNADO
MAX 32 OR BELOW: 0 0.01 INCH OR MORE: 15
MAX 90 OR ABOVE: 0 0.10 INCH OR MORE: 10
MIN 32 OR BELOW: 2 0.50 INCH OR MORE: 3
MIN 0 OR BELOW: 0 1.00 INCH OR MORE: 0
[HDD (BASE 65) ]
TOTAL THIS MO. 310 CLEAR (SCALE 0-3) 10
DPTR FM NORMAL 49 PTCLDY (SCALE 4-7) 18
TOTAL FM JUL 1 4125 CLOUDY (SCALE 8-10) 2
DPTR FM NORMAL -137
[CDD (BASE 65) ]
TOTAL THIS MO. 37
DPTR FM NORMAL 8 [PRESSURE DATA]
TOTAL FM JAN 1 38 HIGHEST SLP M ON M
DPTR FM NORMAL 5 LOWEST SLP 29.48 ON 13
[REMARKS]
#FINAL-04-22#