000
CXUS51 KOKX 010910
CF6EWR
PRELIMINARY LOCAL CLIMATOLOGICAL DATA (WS FORM: F-6)
STATION: NEWARK NJ
MONTH: OCTOBER
YEAR: 2021
LATITUDE: 40 42 N
LONGITUDE: 74 10 W
TEMPERATURE IN F: :PCPN: SNOW: WIND :SUNSHINE: SKY :PK WND
================================================================================
1 2 3 4 5 6A 6B 7 8 9 10 11 12 13 14 15 16 17 18
12Z AVG MX 2MIN
DY MAX MIN AVG DEP HDD CDD WTR SNW DPTH SPD SPD DIR MIN PSBL S-S WX SPD DR
================================================================================
1 72 52 62 -1 3 0 0.00 0.0 0 6.6 17 280 M M 2 22 320
2 79 51 65 2 0 0 0.00 0.0 0 8.0 22 250 M M 6 27 250
3 84 56 70 8 0 5 0.00 0.0 0 5.2 10 160 M M 8 16 270
4 75 63 69 7 0 4 0.40 0.0 0 7.4 16 10 M M 10 138 19 10
5 68 61 65 3 0 0 T 0.0 0 7.5 15 20 M M 10 18 20
6 72 63 68 7 0 3 0.00 0.0 0 4.7 9 20 M M 9 13 340
7 78 62 70 9 0 5 0.00 0.0 0 4.8 12 350 M M 7 16 330
8 79 60 70 10 0 5 0.00 0.0 0 4.6 12 80 M M 7 18 15 80
9 70 61 66 6 0 1 T 0.0 0 10.2 16 30 M M 9 21 60
10 69 62 66 6 0 1 0.36 0.0 0 12.6 17 10 M M 10 1 23 30
11 76 62 69 10 0 4 T 0.0 0 11.2 20 40 M M 8 24 50
12 74 61 68 9 0 3 0.00 0.0 0 5.4 10 20 M M 7 14 40
13 73 64 69 11 0 4 0.00 0.0 0 5.3 12 250 M M 9 15 250
14 82 64 73 15 0 8 0.00 0.0 0 6.4 17 350 M M 7 24 290
15 84 63 74 16 0 9 0.00 0.0 0 4.3 14 210 M M 5 18 200
16 82 59 71 14 0 6 0.23 0.0 0 10.2 28 270 M M 8 33 280
17 65 52 59 2 6 0 0.03 0.0 0 11.8 25 260 M M 4 34 300
18 65 46 56 -1 9 0 T 0.0 0 13.5 32 300 M M 5 40 290
19 70 48 59 3 6 0 0.00 0.0 0 13.4 22 260 M M 1 29 270
20 80 58 69 13 0 4 0.00 0.0 0 11.5 21 260 M M 3 24 270
21 79 55 67 11 0 2 0.00 0.0 0 8.6 18 230 M M 5 24 230
22 73 56 65 10 0 0 0.00 0.0 0 10.0 16 250 M M 7 20 270
23 64 50 57 2 8 0 0.01 0.0 0 8.1 17 330 M M 8 21 340
24 63 45 54 0 11 0 0.01 0.0 0 4.6 13 280 M M 6 16 250
25 78 57 68 14 0 3 0.10 0.0 0 6.5 16 230 M M 9 13 22 180
26 66 57 62 8 3 0 3.68 0.0 0 14.2 29 10 M M 10 1 34 10
27 67 54 61 8 4 0 0.10 0.0 0 17.8 31 10 M M 8 40 10
28 61 48 55 2 10 0 0.00 0.0 0 8.2 17 360 M M 5 21 10
29 61 48 55 2 10 0 0.47 0.0 0 12.9 26 70 M M 8 13 36 60
30 67 57 62 10 3 0 0.12 0.0 0 8.4 22 70 M M 9 1 30 80
31 69 55 62 10 3 0 0.14 0.0 0 11.3 22 250 M M 8 1 27 250
================================================================================
SM 2245 1750 76 67 5.65 0.0 275.2 M 218
================================================================================
AV 72.4 56.5 8.9 FASTST M M 7 MAX(MPH)
MISC ----> 32 300 # 40 290
================================================================================
NOTES:
# LAST OF SEVERAL OCCURRENCES
COLUMN 17 PEAK WIND IN M.P.H.
PRELIMINARY LOCAL CLIMATOLOGICAL DATA (WS FORM: F-6) , PAGE 2
STATION: NEWARK NJ
MONTH: OCTOBER
YEAR: 2021
LATITUDE: 40 42 N
LONGITUDE: 74 10 W
[TEMPERATURE DATA] [PRECIPITATION DATA] SYMBOLS USED IN COLUMN 16
AVERAGE MONTHLY: 64.4 TOTAL FOR MONTH: 5.65 1 = FOG OR MIST
DPTR FM NORMAL: 6.9 DPTR FM NORMAL: 1.86 2 = FOG REDUCING VISIBILITY
HIGHEST: 84 ON 15, 3 GRTST 24HR 3.68 ON 26-26 TO 1/4 MILE OR LESS
LOWEST: 45 ON 24 3 = THUNDER
SNOW, ICE PELLETS, HAIL 4 = ICE PELLETS
TOTAL MONTH: 0.0 INCH 5 = HAIL
GRTST 24HR 0.0 6 = FREEZING RAIN OR DRIZZLE
GRTST DEPTH: 0 7 = DUSTSTORM OR SANDSTORM:
VSBY 1/2 MILE OR LESS
8 = SMOKE OR HAZE
[NO. OF DAYS WITH] [WEATHER - DAYS WITH] 9 = BLOWING SNOW
X = TORNADO
MAX 32 OR BELOW: 0 0.01 INCH OR MORE: 12
MAX 90 OR ABOVE: 0 0.10 INCH OR MORE: 9
MIN 32 OR BELOW: 0 0.50 INCH OR MORE: 1
MIN 0 OR BELOW: 0 1.00 INCH OR MORE: 1
[HDD (BASE 65) ]
TOTAL THIS MO. 76 CLEAR (SCALE 0-3) 2
DPTR FM NORMAL -177 PTCLDY (SCALE 4-7) 16
TOTAL FM JUL 1 78 CLOUDY (SCALE 8-10) 13
DPTR FM NORMAL -209
[CDD (BASE 65) ]
TOTAL THIS MO. 67
DPTR FM NORMAL 46 [PRESSURE DATA]
TOTAL FM JAN 1 1663 HIGHEST SLP M ON M
DPTR FM NORMAL 394 LOWEST SLP 29.32 ON 26
[REMARKS]
#FINAL-10-21#