000
CXUS53 KIND 010600
CF6EYE
PRELIMINARY LOCAL CLIMATOLOGICAL DATA (WS FORM: F-6)
STATION: INDIANAPOLIS EAGLE CREEK IN
MONTH: JULY
YEAR: 2023
LATITUDE: 39 49 N
LONGITUDE: 86 18 W
TEMPERATURE IN F: :PCPN: SNOW: WIND :SUNSHINE: SKY :PK WND
================================================================================
1 2 3 4 5 6A 6B 7 8 9 10 11 12 13 14 15 16 17 18
12Z AVG MX 2MIN
DY MAX MIN AVG DEP HDD CDD WTR SNW DPTH SPD SPD DIR MIN PSBL S-S WX SPD DR
================================================================================
1 86 68 77 1 0 12 0.72 M M 6.1 15 240 M M 5 13 30 250
2 86 69 78 2 0 13 0.07 M M 5.8 29 290 M M 6 13 42 300
3 85 68 77 1 0 12 0.01 M M 8.0 16 300 M M 5 1 22 280
4 90 65 78 2 0 13 0.00 M M 3.1 10 300 M M 2 18 15 290
5 90 70 80 4 0 15 0.03 M M 5.2 14 270 M M 2 138 23 170
6 85 71 78 2 0 13 0.00 M M 6.7 17 340 M M 4 23 320
7 85 67 76 0 0 11 0.00 M M 3.8 10 300 M M 0 14 290
8 79 64 72 -4 0 7 1.36 M M 6.2 16 360 M M 6 13 23 10
9 81 61 71 -5 0 6 0.00 M M 4.9 13 330 M M 1 18 320
10 84 63 74 -2 0 9 0.00 M M 3.5 13 290 M M 1 18 300
11 85 63 74 -2 0 9 0.00 M M 5.0 15 210 M M 0 26 230
12 87 69 78 2 0 13 0.00 M M 6.5 17 200 M M 0 29 170
13 82 69 76 0 0 11 0.00 M M 6.0 12 330 M M 5 18 210
14 88 63 76 0 0 11 0.00 M M 3.0 13 210 M M 0 1 16 200
15 84 69 77 1 0 12 0.05 M M 6.2 13 300 M M 5 13 18 310
16 84 67 76 0 0 11 0.12 M M 4.4 14 270 M M 1 138 22 240
17 83 65 74 -2 0 9 0.88 M M 3.6 22 340 M M 2 138 40 340
18 81 65 73 -3 0 8 0.18 M M 4.2 14 290 M M 5 13 19 270
19 86 63 75 -1 0 10 0.00 M M 2.3 9 220 M M 2 17 220
20 88 72 80 4 0 15 0.00 M M 5.0 17 290 M M 5 13 27 270
21 81 66 74 -2 0 9 0.00 M M 7.4 14 310 M M 2 21 320
22 82 63 73 -3 0 8 0.00 M M 3.1 10 320 M M 3 14 320
23 85 61 73 -3 0 8 T M M 4.0 14 280 M M 3 22 250
24 88 66 77 1 0 12 0.13 M M 2.2 10 40 M M 2 3 16 260
25 88 66 77 1 0 12 0.00 M M 2.7 13 200 M M 0 18 17 200
26 88 72 80 4 0 15 0.61 M M 8.3 20 200 M M 2 13 31 190
27 89 76 83 7 0 18 0.00 M M 4.2 14 210 M M 2 3 19 210
28 91 72 82 6 0 17 0.89 M M 6.9 22 280 M M 2 13 36 270
29 84 70 77 1 0 12 0.48 M M 7.7 29 320 M M 3 13 48 330
30 85 67 76 0 0 11 0.00 M M 6.1 15 310 M M 1 23 310
31 82 63 73 -3 0 8 0.00 M M 5.0 14 360 M M 0 19 360
================================================================================
SM 2642 2073 0 350 5.53 M 157.1 M 77
================================================================================
AV 85.2 66.9 5.1 FASTST M M 2 MAX(MPH)
MISC ----> # 29 290 48 330
================================================================================
NOTES:
# LAST OF SEVERAL OCCURRENCES
COLUMN 17 PEAK WIND IN M.P.H.
PRELIMINARY LOCAL CLIMATOLOGICAL DATA (WS FORM: F-6) , PAGE 2
STATION: INDIANAPOLIS EAGLE CREEK IN
MONTH: JULY
YEAR: 2023
LATITUDE: 39 49 N
LONGITUDE: 86 18 W
[TEMPERATURE DATA] [PRECIPITATION DATA] SYMBOLS USED IN COLUMN 16
AVERAGE MONTHLY: 76.0 TOTAL FOR MONTH: 5.53 1 = FOG OR MIST
DPTR FM NORMAL: 0.1 DPTR FM NORMAL: 1.24 2 = FOG REDUCING VISIBILITY
HIGHEST: 91 ON 28 GRTST 24HR 1.37 ON 28-29 TO 1/4 MILE OR LESS
LOWEST: 61 ON 23, 9 3 = THUNDER
SNOW, ICE PELLETS, HAIL 4 = ICE PELLETS
TOTAL MONTH: M 5 = HAIL
GRTST 24HR M ON M 6 = FREEZING RAIN OR DRIZZLE
GRTST DEPTH: M ON M 7 = DUSTSTORM OR SANDSTORM:
VSBY 1/2 MILE OR LESS
8 = SMOKE OR HAZE
[NO. OF DAYS WITH] [WEATHER - DAYS WITH] 9 = BLOWING SNOW
X = TORNADO
MAX 32 OR BELOW: 0 0.01 INCH OR MORE: 13
MAX 90 OR ABOVE: 3 0.10 INCH OR MORE: 9
MIN 32 OR BELOW: 0 0.50 INCH OR MORE: 5
MIN 0 OR BELOW: 0 1.00 INCH OR MORE: 1
[HDD (BASE 65) ]
TOTAL THIS MO. 0 CLEAR (SCALE 0-3) 21
DPTR FM NORMAL -1 PTCLDY (SCALE 4-7) 10
TOTAL FM JUL 1 0 CLOUDY (SCALE 8-10) 0
DPTR FM NORMAL 0
[CDD (BASE 65) ]
TOTAL THIS MO. 350
DPTR FM NORMAL 10 [PRESSURE DATA]
TOTAL FM JAN 1 643 HIGHEST SLP M ON M
DPTR FM NORMAL -40 LOWEST SLP 29.73 ON 2
[REMARKS]
#FINAL-07-23#