000
CXUS52 KKEY 010615 CCA
CF6EYW
PRELIMINARY LOCAL CLIMATOLOGICAL DATA (WS FORM: F-6)...CORRECTED
STATION: KEY WEST
MONTH: JUNE
YEAR: 2022
LATITUDE: 24 32 N
LONGITUDE: 81 45 W
TEMPERATURE IN F: :PCPN: SNOW: WIND :SUNSHINE: SKY :PK WND
================================================================================
1 2 3 4 5 6A 6B 7 8 9 10 11 12 13 14 15 16 17 18
12Z AVG MX 2MIN
DY MAX MIN AVG DEP HDD CDD WTR SNW DPTH SPD SPD DIR MIN PSBL S-S WX SPD DR
================================================================================
1 88 77 83 0 0 18 0.10 0.0 0 6.2 17 180 M M 2 X 22 160
2 83 75 79 -4 0 14 0.04 0.0 0 13.4 30 160 M M 6 39 160
3 80 75 78 -5 0 13 1.92 0.0 0 20.0 35 150 M M 9 13 51 140
4 84 77 81 -2 0 16 1.42 0.0 0 15.2 28 240 M M 7 18 37 240
5 88 77 83 0 0 18 0.00 0.0 0 3.3 9 150 M M 4 16 180
6 86 79 83 0 0 18 0.00 0.0 0 8.4 23 210 M M 4 8 30 200
7 84 74 79 -4 0 14 0.97 0.0 0 7.2 20 200 M M 5 138 32 200
8 86 77 82 -2 0 17 0.00 0.0 0 6.3 12 160 M M 2 24 160
9 89 79 84 0 0 19 0.00 0.0 0 4.0 10 150 M M 2 3 22 170
10 86 76 81 -3 0 16 0.08 0.0 0 5.4 15 340 M M 3 138 22 340
11 86 76 81 -3 0 16 0.04 0.0 0 5.2 10 160 M M 1 19 170
12 87 80 84 0 0 19 0.00 0.0 0 4.9 10 150 M M 2 20 160
13 89 81 85 1 0 20 0.00 0.0 0 9.4 16 180 M M 2 3 21 150
14 89 80 85 1 0 20 0.04 0.0 0 5.8 14 120 M M 3 3 23 140
15 88 76 82 -2 0 17 0.94 0.0 0 9.3 18 110 M M 3 138X 26 100
16 87 78 83 -1 0 18 0.00 0.0 0 10.9 16 100 M M 1 28 80
17 88 80 84 0 0 19 0.41 0.0 0 4.2 13 110 M M 4 13 19 160
18 87 75 81 -3 0 16 0.08 0.0 0 3.6 23 100 M M 4 13 29 100
19 87 81 84 0 0 19 0.00 0.0 0 7.5 16 160 M M 1 3 20 160
20 88 79 84 0 0 19 0.00 0.0 0 8.4 13 120 M M 1 3 21 160
21 90 79 85 0 0 20 0.10 0.0 0 6.3 16 90 M M 3 13 26 90
22 90 79 85 0 0 20 0.00 0.0 0 10.1 18 30 M M 4 28 40
23 88 78 83 -2 0 18 0.00 0.0 0 3.8 10 120 M M 2 16 160
24 87 76 82 -3 0 17 0.00 0.0 0 2.8 8 150 M M 2 17 250
25 91 80 86 1 0 21 0.00 0.0 0 4.5 12 330 M M 2 3 16 220
26 86 76 81 -4 0 16 0.47 0.0 0 4.6 18 120 M M 3 13 23 120
27 87 77 82 -3 0 17 0.00 0.0 0 7.0 14 140 M M 2 3 20 160
28 88 82 85 0 0 20 0.00 0.0 0 10.2 15 130 M M 1 24 140
29 88 81 85 0 0 20 0.00 0.0 0 5.4 12 140 M M 1 19 160
30 90 83 87 2 0 22 0.00 0.0 0 9.9 16 100 M M 2 3 25 140
================================================================================
SM 2615 2343 0 537 6.61 0.0 223.2 M 88
================================================================================
AV 87.2 78.1 7.4 FASTST M M 3 MAX(MPH)
MISC ----> 35 150 51 140
================================================================================
NOTES:
# LAST OF SEVERAL OCCURRENCES
COLUMN 17 PEAK WIND IN M.P.H.
PRELIMINARY LOCAL CLIMATOLOGICAL DATA (WS FORM: F-6) , PAGE 2
STATION: KEY WEST
MONTH: JUNE
YEAR: 2022
LATITUDE: 24 32 N
LONGITUDE: 81 45 W
[TEMPERATURE DATA] [PRECIPITATION DATA] SYMBOLS USED IN COLUMN 16
AVERAGE MONTHLY: 82.6 TOTAL FOR MONTH: 6.61 1 = FOG OR MIST
DPTR FM NORMAL: -1.5 DPTR FM NORMAL: 2.38 2 = FOG REDUCING VISIBILITY
HIGHEST: 91 ON 25 GRTST 24HR 2.94 ON 3- 4 TO 1/4 MILE OR LESS
LOWEST: 74 ON 7 3 = THUNDER
SNOW, ICE PELLETS, HAIL 4 = ICE PELLETS
TOTAL MONTH: 0.0 INCH 5 = HAIL
GRTST 24HR 0.0 6 = FREEZING RAIN OR DRIZZLE
GRTST DEPTH: 0 7 = DUSTSTORM OR SANDSTORM:
VSBY 1/2 MILE OR LESS
8 = SMOKE OR HAZE
[NO. OF DAYS WITH] [WEATHER - DAYS WITH] 9 = BLOWING SNOW
X = TORNADO
MAX 32 OR BELOW: 0 0.01 INCH OR MORE: 13
MAX 90 OR ABOVE: 4 0.10 INCH OR MORE: 8
MIN 32 OR BELOW: 0 0.50 INCH OR MORE: 4
MIN 0 OR BELOW: 0 1.00 INCH OR MORE: 2
[HDD (BASE 65) ]
TOTAL THIS MO. 0 CLEAR (SCALE 0-3) 21
DPTR FM NORMAL 0 PTCLDY (SCALE 4-7) 8
TOTAL FM JUL 1 23 CLOUDY (SCALE 8-10) 1
DPTR FM NORMAL -23
[CDD (BASE 65) ]
TOTAL THIS MO. 537
DPTR FM NORMAL -35 [PRESSURE DATA]
TOTAL FM JAN 1 2235 HIGHEST SLP M ON M
DPTR FM NORMAL 68 LOWEST SLP 29.63 ON 4
[REMARKS]
#FINAL-06-22#
CORRECTED ALIGNMENT OF SNOW, ICE PELLETS, HAIL TABLE
CORRECTED SKY COVER TABLE
NB