000
CXUS52 KKEY 131941 AAA
CF6EYW
PRELIMINARY LOCAL CLIMATOLOGICAL DATA (WS FORM: F-6)
STATION: KEY WEST
MONTH: JUNE
YEAR: 2021
LATITUDE: 24 32 N
LONGITUDE: 81 45 W
TEMPERATURE IN F: :PCPN: SNOW: WIND :SUNSHINE: SKY :PK WND
================================================================================
1 2 3 4 5 6A 6B 7 8 9 10 11 12 13 14 15 16 17 18
12Z AVG MX 2MIN
DY MAX MIN AVG DEP HDD CDD WTR SNW DPTH SPD SPD DIR MIN PSBL S-S WX SPD DR
================================================================================
1 85 76 81 -2 0 16 0.16 0.0 0 11.3 17 100 M M 2 1 22 110
2 85 78 82 -1 0 17 0.00 0.0 0 10.7 17 110 M M 1 22 150
3 86 79 83 0 0 18 0.00 0.0 0 11.4 17 110 M M 2 22 100
4 87 81 84 1 0 19 0.00 0.0 0 11.7 17 120 M M 3 25 140
5 87 80 84 1 0 19 0.07 0.0 0 15.8 23 120 M M 3 8 28 120
6 88 81 85 2 0 20 T 0.0 0 16.9 24 110 M M 6 30 110
7 88 82 85 2 0 20 0.00 0.0 0 18.2 24 130 M M M 29 110
8 87 77 82 -2 0 17 0.09 0.0 0 15.8 25 120 M M 5 1 30 130
9 86 76 81 -3 0 16 0.42 0.0 0 13.3 26 110 M M 4 1 32 100
10 86 80 83 -1 0 18 0.01 0.0 0 12.1 20 120 M M 2 25 120
11 86 81 84 0 0 19 T 0.0 0 11.0 17 140 M M 4 28 150
12 87 79 83 -1 0 18 0.00 0.0 0 6.5 12 230 M M 1 15 240
13 87 80 84 0 0 19 T 0.0 0 9.8 25 180 M M 2 13 32 170
14 87 79 83 -1 0 18 0.03 0.0 0 12.0 23 250 M M 3 8 29 240
15 88 79 84 0 0 19 T 0.0 0 M M M M M M M M
16 88 74 81 -3 0 16 0.62 0.0 0 M 33 210 M M M 13 44 210
17 84 77 81 -3 0 16 0.00 0.0 0 9.9 15 110 M M 1 21 90
18 88 82 85 1 0 20 0.00 0.0 0 13.7 20 110 M M 7 27 140
19 88 82 85 1 0 20 0.00 0.0 0 11.3 16 140 M M 6 23 150
20 88 83 86 2 0 21 0.00 0.0 0 6.6 14 150 M M 3 18 150
21 88 83 86 1 0 21 0.00 0.0 0 11.7 16 140 M M 4 23 150
22 88 82 85 0 0 20 T 0.0 0 9.1 16 140 M M 6 3 22 130
23 91 79 85 0 0 20 T 0.0 0 6.0 24 100 M M 1 3X 29 100
24 86 73 80 -5 0 15 0.43 0.0 0 9.1 29 90 M M 2 123 36 100
25 85 75 80 -5 0 15 0.07 0.0 0 11.3 25 120 M M 3 138 30 120
26 86 77 82 -3 0 17 0.21 0.0 0 11.1 23 140 M M 3 138 35 140
27 87 78 83 -2 0 18 0.12 0.0 0 12.4 23 120 M M 4 138 30 120
28 85 76 81 -4 0 16 0.10 0.0 0 10.2 29 100 M M 4 3 40 110
29 86 76 81 -4 0 16 0.24 0.0 0 12.0 29 110 M M 4 138 38 110
30 85 78 82 -3 0 17 0.01 0.0 0 9.5 24 160 M M 3 18 35 170
================================================================================
SM 2603 2363 0 541 2.58 0.0 320.4 M 89
================================================================================
AV 86.8 78.8 11.4 FASTST M M 3 MAX(MPH)
MISC ----> 33 210 44 210
================================================================================
NOTES:
# LAST OF SEVERAL OCCURRENCES
COLUMN 17 PEAK WIND IN M.P.H.
PRELIMINARY LOCAL CLIMATOLOGICAL DATA (WS FORM: F-6) , PAGE 2
STATION: KEY WEST
MONTH: JUNE
YEAR: 2021
LATITUDE: 24 32 N
LONGITUDE: 81 45 W
[TEMPERATURE DATA] [PRECIPITATION DATA] SYMBOLS USED IN COLUMN 16
AVERAGE MONTHLY: 82.8 TOTAL FOR MONTH: 2.58 1 = FOG OR MIST
DPTR FM NORMAL: -1.3 DPTR FM NORMAL: -1.65 2 = FOG REDUCING VISIBILITY
HIGHEST: 91 ON 23 GRTST 24HR 0.62 ON 16-16 TO 1/4 MILE OR LESS
LOWEST: 73 ON 24 3 = THUNDER
SNOW, ICE PELLETS, HAIL 4 = ICE PELLETS
TOTAL MONTH: 0.0 INCH 5 = HAIL
GRTST 24HR 0.0 6 = FREEZING RAIN OR DRIZZLE
GRTST DEPTH: 0 7 = DUSTSTORM OR SANDSTORM:
VSBY 1/2 MILE OR LESS
8 = SMOKE OR HAZE
[NO. OF DAYS WITH] [WEATHER - DAYS WITH] 9 = BLOWING SNOW
X = TORNADO
MAX 32 OR BELOW: 0 0.01 INCH OR MORE: 14
MAX 90 OR ABOVE: 1 0.10 INCH OR MORE: 8
MIN 32 OR BELOW: 0 0.50 INCH OR MORE: 1
MIN 0 OR BELOW: 0 1.00 INCH OR MORE: 0
[HDD (BASE 65) ]
TOTAL THIS MO. 0 CLEAR (SCALE 0-3) 16
DPTR FM NORMAL 0 PTCLDY (SCALE 4-7) 11
TOTAL FM JUL 1 23 CLOUDY (SCALE 8-10) 0
DPTR FM NORMAL -23
[CDD (BASE 65) ]
TOTAL THIS MO. 541
DPTR FM NORMAL -31 [PRESSURE DATA]
TOTAL FM JAN 1 2240 HIGHEST SLP M ON M
DPTR FM NORMAL 73 LOWEST SLP 29.90 ON 12
[REMARKS]
#FINAL-06-21#
CORRECTED SKY COVER DAYS TABLE TO REFLECT 3 DAYS WITH MISSING AVERAGE
SKY COVER.
ROSS