000
CXAK56 PAFG 011003
CF6FAI
PRELIMINARY LOCAL CLIMATOLOGICAL DATA (WS FORM: F-6)
STATION: FAIRBANKS AK
MONTH: FEBRUARY
YEAR: 2023
LATITUDE: 64 49 N
LONGITUDE: 147 52 W
TEMPERATURE IN F: :PCPN: SNOW: WIND :SUNSHINE: SKY :PK WND
================================================================================
1 2 3 4 5 6A 6B 7 8 9 10 11 12 13 14 15 16 17 18
12Z AVG MX 2MIN
DY MAX MIN AVG DEP HDD CDD WTR SNW DPTH SPD SPD DIR MIN PSBL S-S WX SPD DR
================================================================================
1 14 8 11 16 54 0 0.05 0.6 20 4.1 8 10 M M 10 1 9 10
2 11 5 8 12 57 0 0.13 3.6 20 2.7 8 20 M M 10 1 9 10
3 12 0 6 10 59 0 0.04 2.1 20 0.1 5 180 M M 9 1 5 190
4 13 -7 3 7 62 0 T 0.2 24 2.7 9 40 M M 8 1 10 40
5 7 -18 -5 -2 70 0 T T 23 4.2 9 30 M M 4 11 50
6 11 -9 1 4 64 0 T T 22 2.6 8 10 M M 7 9 10
7 7 -13 -3 -1 68 0 0.01 0.2 22 1.0 5 200 M M 8 1 6 20
8 5 -12 -3 -1 68 0 0.03 0.6 22 1.1 6 50 M M 8 1 6 50
9 -1 -21 -11 -9 76 0 T T 22 1.1 7 210 M M 6 1 10 220
10 0 -20 -10 -9 75 0 T T 22 3.5 10 40 M M 7 1 11 50
11 7 -9 -1 0 66 0 0.00 0.0 21 1.7 9 40 M M 7 11 60
12 6 -5 1 1 64 0 0.03 1.2 21 1.6 12 240 M M 9 1 17 240
13 5 -7 -1 -1 66 0 0.03 0.4 22 3.3 8 190 M M 9 1 9 220
14 10 -19 -4 -4 69 0 T T 22 4.5 9 40 M M 8 10 50
15 0 -20 -10 -11 75 0 T T 22 3.0 8 50 M M 6 9 210
16 -1 -25 -13 -14 78 0 0.02 0.3 22 1.0 7 40 M M 7 1 7 50
17 11 -18 -3 -4 68 0 0.03 0.5 22 3.0 10 50 M M 7 1 11 50
18 18 -6 6 4 59 0 T T 22 1.4 8 190 M M 7 9 200
19 8 -3 3 1 62 0 0.03 0.9 22 1.0 7 20 M M 9 1 7 20
20 14 6 10 8 55 0 0.02 1.5 22 0.5 6 50 M M 10 1 5 360
21 19 -5 7 5 58 0 0.05 0.6 23 2.7 9 40 M M 8 1 10 30
22 20 3 12 9 53 0 T T 23 4.3 9 60 M M 8 10 60
23 24 16 20 17 45 0 0.45 5.6 23 3.9 9 20 M M 10 1 12 120
24 28 2 15 12 50 0 0.01 0.7 27 3.8 12 220 M M 9 12 16 220
25 19 -5 7 4 58 0 0.06 1.6 27 4.0 21 240 M M 9 12 26 250
26 12 -28 -8 -12 73 0 0.02 0.3 28 5.4 17 250 M M 7 1 22 250
27 -4 -33 -18 -22 83 0 T T 28 1.0 6 10 M M 1 6 20
28 15 -28 -6 -10 71 0 0.02 0.2 27 5.6 12 40 M M 7 1 13 50
================================================================================
SM 290 -271 1806 0 1.03 21.1 74.8 M 215
================================================================================
AV 10.4 -9.7 2.7 FASTST M M 8 MAX(MPH)
MISC ----> 21 240 26 250
================================================================================
NOTES:
# LAST OF SEVERAL OCCURRENCES
COLUMN 17 PEAK WIND IN M.P.H.
PRELIMINARY LOCAL CLIMATOLOGICAL DATA (WS FORM: F-6) , PAGE 2
STATION: FAIRBANKS AK
MONTH: FEBRUARY
YEAR: 2023
LATITUDE: 64 49 N
LONGITUDE: 147 52 W
[TEMPERATURE DATA] [PRECIPITATION DATA] SYMBOLS USED IN COLUMN 16
AVERAGE MONTHLY: 0.3 TOTAL FOR MONTH: 1.03 1 = FOG OR MIST
DPTR FM NORMAL: 0.1 DPTR FM NORMAL: 0.51 2 = FOG REDUCING VISIBILITY
HIGHEST: 28 ON 24 GRTST 24HR 0.46 ON 23-24 TO 1/4 MILE OR LESS
LOWEST: -33 ON 27 3 = THUNDER
SNOW, ICE PELLETS, HAIL 4 = ICE PELLETS
TOTAL MONTH: 21.4 INCHES 5 = HAIL
GRTST 24HR 5.6 ON 23-23 6 = FREEZING RAIN OR DRIZZLE
GRTST DEPTH: 28 ON 27,26 7 = DUSTSTORM OR SANDSTORM:
VSBY 1/2 MILE OR LESS
8 = SMOKE OR HAZE
[NO. OF DAYS WITH] [WEATHER - DAYS WITH] 9 = BLOWING SNOW
X = TORNADO
MAX 32 OR BELOW: 28 0.01 INCH OR MORE: 17
MAX 90 OR ABOVE: 0 0.10 INCH OR MORE: 2
MIN 32 OR BELOW: 28 0.50 INCH OR MORE: 0
MIN 0 OR BELOW: 22 1.00 INCH OR MORE: 0
[HDD (BASE 65) ]
TOTAL THIS MO. 1806 CLEAR (SCALE 0-3) 1
DPTR FM NORMAL -8 PTCLDY (SCALE 4-7) 16
TOTAL FM JUL 1 9551 CLOUDY (SCALE 8-10) 11
DPTR FM NORMAL -644
[CDD (BASE 65) ]
TOTAL THIS MO. 0
DPTR FM NORMAL 0 [PRESSURE DATA]
TOTAL FM JAN 1 0 HIGHEST SLP M ON M
DPTR FM NORMAL 0 LOWEST SLP 28.97 ON 6
[REMARKS]
#FINAL-02-23#