000
CXUS53 KFGF 010815
CF6FAR
PRELIMINARY LOCAL CLIMATOLOGICAL DATA (WS FORM: F-6)
STATION: FARGO HECTOR INTL AP ND
MONTH: JULY
YEAR: 2022
LATITUDE: 46 54 N
LONGITUDE: 96 48 W
TEMPERATURE IN F: :PCPN: SNOW: WIND :SUNSHINE: SKY :PK WND
================================================================================
1 2 3 4 5 6A 6B 7 8 9 10 11 12 13 14 15 16 17 18
12Z AVG MX 2MIN
DY MAX MIN AVG DEP HDD CDD WTR SNW DPTH SPD SPD DIR MIN PSBL S-S WX SPD DR
================================================================================
1 82 53 68 -2 0 3 0.00 0.0 0 8.9 21 300 M M 1 30 300
2 79 56 68 -2 0 3 0.00 0.0 0 7.9 15 110 M M 1 21 80
3 84 62 73 3 0 8 T 0.0 0 11.0 20 110 M M 3 27 110
4 84 67 76 6 0 11 0.06 0.0 0 7.3 24 170 M M 5 18 31 180
5 79 63 71 1 0 6 T 0.0 0 8.4 15 10 M M 4 1 19 30
6 85 63 74 4 0 9 0.00 0.0 0 7.4 13 160 M M 3 18 170
7 82 66 74 4 0 9 0.00 0.0 0 9.3 20 10 M M 0 25 360
8 84 58 71 0 0 6 0.00 0.0 0 6.6 13 60 M M 0 18 60
9 87 65 76 5 0 11 0.00 0.0 0 11.9 20 180 M M 2 33 180
10 85 65 75 4 0 10 0.61 0.0 0 9.4 38 290 M M 3 138 49 280
11 82 64 73 2 0 8 0.00 0.0 0 14.1 30 320 M M 2 41 330
12 85 59 72 1 0 7 0.00 0.0 0 10.8 25 310 M M 2 34 300
13 83 56 70 -1 0 5 0.00 0.0 0 5.8 16 140 M M 0 23 140
14 80 62 71 0 0 6 0.21 0.0 0 11.5 18 140 M M 2 1 33 110
15 86 65 76 5 0 11 1.54 0.0 0 7.1 28 340 M M 2 13 36 320
16 82 69 76 5 0 11 T 0.0 0 8.3 20 120 M M 1 3 29 100
17 90 66 78 7 0 13 0.00 0.0 0 11.8 20 200 M M 1 26 190
18 94 70 82 11 0 17 0.24 0.0 0 11.0 22 110 M M 1 3 32 160
19 80 61 71 0 0 6 0.16 0.0 0 18.2 32 250 M M 4 13 42 260
20 88 66 77 6 0 12 0.00 0.0 0 13.6 23 310 M M 1 32 310
21 84 58 71 0 0 6 0.07 0.0 0 9.9 22 240 M M 1 3 31 230
22 89 60 75 4 0 10 0.00 0.0 0 7.5 15 170 M M 0 21 150
23 82 63 73 2 0 8 0.02 0.0 0 9.5 29 330 M M 3 3 40 330
24 73 52 63 -8 2 0 0.00 0.0 0 9.3 17 360 M M 2 23 320
25 78 49 64 -7 1 0 0.00 0.0 0 7.3 17 180 M M 2 22 180
26 79 59 69 -2 0 4 0.00 0.0 0 10.3 18 320 M M 5 27 320
27 78 55 67 -4 0 2 0.00 0.0 0 12.9 31 310 M M 2 45 280
28 73 52 63 -8 2 0 0.00 0.0 0 10.4 22 320 M M 4 28 310
29 81 52 67 -4 0 2 0.00 0.0 0 5.8 13 250 M M 0 M M
30 91 60 76 5 0 11 T 0.0 0 12.0 18 170 M M 1 33 180
31 81 63 72 1 0 7 0.14 0.0 0 12.9 24 310 M M 6 13 31 310
================================================================================
SM 2570 1879 5 222 3.05 0.0 308.1 M 64
================================================================================
AV 82.9 60.6 9.9 FASTST M M 2 MAX(MPH)
MISC ----> 38 290 49 280
================================================================================
NOTES:
# LAST OF SEVERAL OCCURRENCES
COLUMN 17 PEAK WIND IN M.P.H.
PRELIMINARY LOCAL CLIMATOLOGICAL DATA (WS FORM: F-6) , PAGE 2
STATION: FARGO HECTOR INTL AP ND
MONTH: JULY
YEAR: 2022
LATITUDE: 46 54 N
LONGITUDE: 96 48 W
[TEMPERATURE DATA] [PRECIPITATION DATA] SYMBOLS USED IN COLUMN 16
AVERAGE MONTHLY: 71.8 TOTAL FOR MONTH: 3.05 1 = FOG OR MIST
DPTR FM NORMAL: 1.1 DPTR FM NORMAL: -0.02 2 = FOG REDUCING VISIBILITY
HIGHEST: 94 ON 18 GRTST 24HR 1.75 ON 14-15 TO 1/4 MILE OR LESS
LOWEST: 49 ON 25 3 = THUNDER
SNOW, ICE PELLETS, HAIL 4 = ICE PELLETS
TOTAL MONTH: 0.0 INCH 5 = HAIL
GRTST 24HR 0.0 6 = FREEZING RAIN OR DRIZZLE
GRTST DEPTH: 0 7 = DUSTSTORM OR SANDSTORM:
VSBY 1/2 MILE OR LESS
8 = SMOKE OR HAZE
[NO. OF DAYS WITH] [WEATHER - DAYS WITH] 9 = BLOWING SNOW
X = TORNADO
MAX 32 OR BELOW: 0 0.01 INCH OR MORE: 9
MAX 90 OR ABOVE: 3 0.10 INCH OR MORE: 6
MIN 32 OR BELOW: 0 0.50 INCH OR MORE: 2
MIN 0 OR BELOW: 0 1.00 INCH OR MORE: 1
[HDD (BASE 65) ]
TOTAL THIS MO. 5 CLEAR (SCALE 0-3) 24
DPTR FM NORMAL -12 PTCLDY (SCALE 4-7) 7
TOTAL FM JUL 1 5 CLOUDY (SCALE 8-10) 0
DPTR FM NORMAL -7
[CDD (BASE 65) ]
TOTAL THIS MO. 222
DPTR FM NORMAL 27 [PRESSURE DATA]
TOTAL FM JAN 1 397 HIGHEST SLP M ON M
DPTR FM NORMAL 56 LOWEST SLP 29.39 ON 19
[REMARKS]
#FINAL-07-22#