000
CXUS56 KHNX 012329
CF6FAT
PRELIMINARY LOCAL CLIMATOLOGICAL DATA (WS FORM: F-6)
STATION: FRESNO CA
MONTH: JANUARY
YEAR: 2024
LATITUDE: 36 46 N
LONGITUDE: 119 43 W
TEMPERATURE IN F: :PCPN: SNOW: WIND :SUNSHINE: SKY :PK WND
================================================================================
1 2 3 4 5 6A 6B 7 8 9 10 11 12 13 14 15 16 17 18
12Z AVG MX 2MIN
DY MAX MIN AVG DEP HDD CDD WTR SNW DPTH SPD SPD DIR MIN PSBL S-S WX SPD DR
================================================================================
1 50 45 48 1 17 0 0.00 0.0 0 2.9 9 260 M M 8 128 13 250
2 55 46 51 4 14 0 0.17 0.0 0 5.9 16 150 M M 9 128 22 140
3 56 42 49 2 16 0 0.18 0.0 0 4.4 13 20 M M 6 1 15 10
4 52 41 47 0 18 0 0.00 0.0 0 2.9 12 160 M M 7 1 14 70
5 55 41 48 1 17 0 0.00 0.0 0 1.7 10 260 M M 7 1 17 250
6 51 37 44 -3 21 0 0.18 0.0 0 4.5 17 330 M M 6 18 22 330
7 49 36 43 -4 22 0 0.00 0.0 0 6.2 17 290 M M 6 23 290
8 53 33 43 -4 22 0 0.00 0.0 0 2.6 14 140 M M 3 16 140
9 55 34 45 -2 20 0 0.00 0.0 0 2.3 7 190 M M 6 13 200
10 55 42 49 2 16 0 0.20 0.0 0 5.1 14 140 M M 8 18 18 140
11 51 38 45 -2 20 0 0.01 0.0 0 6.4 36 320 M M 4 1 46 310
12 50 34 42 -6 23 0 0.00 0.0 0 1.9 9 150 M M 7 13 180
13 47 37 42 -6 23 0 0.05 0.0 0 4.2 10 120 M M 8 18 15 130
14 61 43 52 4 13 0 0.00 0.0 0 1.9 8 340 M M 8 1 12 10
15 51 43 47 -1 18 0 0.00 0.0 0 2.8 8 290 M M 9 12 11 260
16 53 46 50 2 15 0 T 0.0 0 3.5 9 110 M M 10 128 11 110
17 62 48 55 7 10 0 0.06 0.0 0 2.9 13 310 M M 8 128 16 240
18 58 48 53 5 12 0 0.00 0.0 0 3.0 13 140 M M 9 128 15 150
19 65 47 56 8 9 0 0.01 0.0 0 4.6 13 40 M M 10 18 16 40
20 64 54 59 11 6 0 0.15 0.0 0 6.8 16 170 M M 9 1 23 150
21 64 52 58 10 7 0 T 0.0 0 7.9 17 160 M M 9 25 170
22 59 50 55 7 10 0 0.75 0.0 0 4.0 13 90 M M 9 1 25 340
23 61 51 56 7 9 0 0.02 0.0 0 5.0 15 310 M M 8 1 20 320
24 57 50 54 5 11 0 0.12 0.0 0 4.3 13 140 M M 9 1 19 190
25 64 48 56 7 9 0 0.00 0.0 0 4.6 17 290 M M 7 1 23 340
26 64 43 54 5 11 0 0.00 0.0 0 2.7 8 220 M M 7 1 11 200
27 64 46 55 6 10 0 0.00 0.0 0 2.0 8 290 M M 8 18 11 280
28 71 44 58 9 7 0 0.00 0.0 0 1.2 6 260 M M 5 128 9 230
29 77 48 63 14 2 0 0.00 0.0 0 1.5 7 260 M M 2 18 9 260
30 74 50 62 12 3 0 0.00 0.0 0 3.4 8 120 M M 6 19 90
31 70 56 63 13 2 0 0.01 0.0 0 6.5 26 130 M M 9 38 130
================================================================================
SM 1818 1373 413 0 1.91 0.0 119.6 M 227
================================================================================
AV 58.6 44.3 3.9 FASTST M M 7 MAX(MPH)
MISC ----> 36 320 46 310
================================================================================
NOTES:
# LAST OF SEVERAL OCCURRENCES
COLUMN 17 PEAK WIND IN M.P.H.
PRELIMINARY LOCAL CLIMATOLOGICAL DATA (WS FORM: F-6) , PAGE 2
STATION: FRESNO CA
MONTH: JANUARY
YEAR: 2024
LATITUDE: 36 46 N
LONGITUDE: 119 43 W
[TEMPERATURE DATA] [PRECIPITATION DATA] SYMBOLS USED IN COLUMN 16
AVERAGE MONTHLY: 51.5 TOTAL FOR MONTH: 1.91 1 = FOG OR MIST
DPTR FM NORMAL: 3.5 DPTR FM NORMAL: -0.25 2 = FOG REDUCING VISIBILITY
HIGHEST: 77 ON 29 GRTST 24HR 1.45 ON 22-22 TO 1/4 MILE OR LESS
LOWEST: 33 ON 8 3 = THUNDER
SNOW, ICE PELLETS, HAIL 4 = ICE PELLETS
TOTAL MONTH: 0.0 INCH 5 = HAIL
GRTST 24HR 0.0 6 = FREEZING RAIN OR DRIZZLE
GRTST DEPTH: 0 7 = DUSTSTORM OR SANDSTORM:
VSBY 1/2 MILE OR LESS
8 = SMOKE OR HAZE
[NO. OF DAYS WITH] [WEATHER - DAYS WITH] 9 = BLOWING SNOW
X = TORNADO
MAX 32 OR BELOW: 0 0.01 INCH OR MORE: 13
MAX 90 OR ABOVE: 0 0.10 INCH OR MORE: 7
MIN 32 OR BELOW: 0 0.50 INCH OR MORE: 1
MIN 0 OR BELOW: 0 1.00 INCH OR MORE: 0
[HDD (BASE 65) ]
TOTAL THIS MO. 413 CLEAR (SCALE 0-3) 2
DPTR FM NORMAL -114 PTCLDY (SCALE 4-7) 17
TOTAL FM JUL 1 1018 CLOUDY (SCALE 8-10) 12
DPTR FM NORMAL -408
[CDD (BASE 65) ]
TOTAL THIS MO. 0
DPTR FM NORMAL 0 [PRESSURE DATA]
TOTAL FM JAN 1 0 HIGHEST SLP 30.41 ON 9
DPTR FM NORMAL 0 LOWEST SLP 29.69 ON 31
[REMARKS]
#FINAL-01-24#