000
CXUS53 KLMK 010710
CF6FFT
PRELIMINARY LOCAL CLIMATOLOGICAL DATA (WS FORM: F-6)
STATION: FRANKFORT KY
MONTH: JUNE
YEAR: 2022
LATITUDE: 38 10 N
LONGITUDE: 84 54 W
TEMPERATURE IN F: :PCPN: SNOW: WIND :SUNSHINE: SKY :PK WND
================================================================================
1 2 3 4 5 6A 6B 7 8 9 10 11 12 13 14 15 16 17 18
12Z AVG MX 2MIN
DY MAX MIN AVG DEP HDD CDD WTR SNW DPTH SPD SPD DIR MIN PSBL S-S WX SPD DR
================================================================================
1 89 65 77 7 0 12 T M M 5.4 14 210 M M 1 3 20 190
2 80 62 71 1 0 6 0.13 M M 4.2 16 270 M M 6 13 28 240
3 82 57 70 -1 0 5 0.00 M M 3.8 12 340 M M 0 1 19 340
4 85 51 68 -3 0 3 0.00 M M 1.6 10 60 M M 1 19 30
5 85 54 70 -1 0 5 0.00 M M 4.3 12 200 M M 0 16 170
6 86 66 76 4 0 11 0.96 M M 8.4 31 190 M M 6 138 42 170
7 83 66 75 3 0 10 0.44 M M 5.2 13 230 M M 6 1 19 220
8 86 66 76 4 0 11 0.13 M M 6.8 25 230 M M 4 13 34 230
9 78 59 69 -3 0 4 0.00 M M 5.8 14 320 M M 3 22 340
10 74 58 66 -7 0 1 0.09 M M 3.0 10 220 M M 8 1 14 260
11 81 62 72 -1 0 7 0.01 M M 4.2 10 210 M M 4 1 15 220
12 87 69 78 5 0 13 0.00 M M 5.9 14 180 M M 6 20 180
13 95 75 85 12 0 20 0.02 M M 7.7 16 210 M M 2 22 220
14 94 77 86 12 0 21 T M M 7.0 17 230 M M 0 8 24 230
15 94 74 84 10 0 19 0.00 M M 5.6 12 190 M M 0 1 17 210
16 94 77 86 12 0 21 0.00 M M 7.7 17 230 M M 0 23 240
17 87 71 79 5 0 14 0.97 M M 6.2 24 300 M M 2 13 45 290
18 80 59 70 -5 0 5 0.00 M M 5.8 14 330 M M 0 22 40
19 81 52 67 -8 0 2 0.00 M M 4.3 15 70 M M 0 19 60
20 88 53 71 -4 0 6 0.00 M M 1.7 9 220 M M 0 13 130
21 93 57 75 0 0 10 0.00 M M 2.9 10 220 M M 0 14 230
22 96 64 80 5 0 15 0.08 M M 4.6 25 300 M M 1 13 44 270
23 88 63 76 0 0 11 0.00 M M 3.8 13 340 M M 0 1 23 340
24 91 60 76 0 0 11 0.00 M M 3.6 12 60 M M 0 19 40
25 93 63 78 2 0 13 0.00 M M 3.9 9 360 M M 1 14 350
26 88 72 80 4 0 15 0.02 M M 5.9 12 220 M M 3 1 18 290
27 82 60 71 -5 0 6 0.00 M M 5.5 14 340 M M 2 19 320
28 79 56 68 -8 0 3 0.00 M M 3.8 9 340 M M 0 13 360
29 88 52 70 -6 0 5 0.00 M M 1.9 8 340 M M 0 12 350
30 94 56 75 -1 0 10 0.01 M M 4.0 21 200 M M 2 38 27 230
================================================================================
SM 2601 1876 0 295 2.86 M 144.5 M 58
================================================================================
AV 86.7 62.5 4.8 FASTST M M 2 MAX(MPH)
MISC ----> 31 190 45 290
================================================================================
NOTES:
# LAST OF SEVERAL OCCURRENCES
COLUMN 17 PEAK WIND IN M.P.H.
PRELIMINARY LOCAL CLIMATOLOGICAL DATA (WS FORM: F-6) , PAGE 2
STATION: FRANKFORT KY
MONTH: JUNE
YEAR: 2022
LATITUDE: 38 10 N
LONGITUDE: 84 54 W
[TEMPERATURE DATA] [PRECIPITATION DATA] SYMBOLS USED IN COLUMN 16
AVERAGE MONTHLY: 74.6 TOTAL FOR MONTH: 2.86 1 = FOG OR MIST
DPTR FM NORMAL: 0.9 DPTR FM NORMAL: -1.48 2 = FOG REDUCING VISIBILITY
HIGHEST: 96 ON 22 GRTST 24HR 1.40 ON 6- 7 TO 1/4 MILE OR LESS
LOWEST: 51 ON 4 3 = THUNDER
SNOW, ICE PELLETS, HAIL 4 = ICE PELLETS
TOTAL MONTH: M 5 = HAIL
GRTST 24HR M ON M 6 = FREEZING RAIN OR DRIZZLE
GRTST DEPTH: M ON M 7 = DUSTSTORM OR SANDSTORM:
VSBY 1/2 MILE OR LESS
8 = SMOKE OR HAZE
[NO. OF DAYS WITH] [WEATHER - DAYS WITH] 9 = BLOWING SNOW
X = TORNADO
MAX 32 OR BELOW: 0 0.01 INCH OR MORE: 11
MAX 90 OR ABOVE: 9 0.10 INCH OR MORE: 5
MIN 32 OR BELOW: 0 0.50 INCH OR MORE: 2
MIN 0 OR BELOW: 0 1.00 INCH OR MORE: 0
[HDD (BASE 65) ]
TOTAL THIS MO. 0 CLEAR (SCALE 0-3) 23
DPTR FM NORMAL -7 PTCLDY (SCALE 4-7) 7
TOTAL FM JUL 1 4012 CLOUDY (SCALE 8-10) 0
DPTR FM NORMAL -372
[CDD (BASE 65) ]
TOTAL THIS MO. 295
DPTR FM NORMAL 26 [PRESSURE DATA]
TOTAL FM JAN 1 460 HIGHEST SLP M ON M
DPTR FM NORMAL 52 LOWEST SLP 29.72 ON 8
[REMARKS]
#FINAL-06-22#