000
CXUS53 KARX 290900
CF6FKA
PRELIMINARY LOCAL CLIMATOLOGICAL DATA (WS FORM: F-6)
STATION: PRESTON MN
MONTH: MARCH
YEAR: 2024
LATITUDE: 43 40 N
LONGITUDE: 92 11 W
TEMPERATURE IN F: :PCPN: SNOW: WIND :SUNSHINE: SKY :PK WND
================================================================================
1 2 3 4 5 6A 6B 7 8 9 10 11 12 13 14 15 16 17 18
12Z AVG MX 2MIN
DY MAX MIN AVG DEP HDD CDD WTR SNW DPTH SPD SPD DIR MIN PSBL S-S WX SPD DR
================================================================================
1 52 30 41 M 24 0 0.00 0.0 0 15.4 24 190 M M 1 33 190
2 63 32 48 M 17 0 0.00 0.0 0 15.6 23 160 M M 0 31 160
3 73 39 56 M 9 0 0.00 0.0 0 21.9 37 170 M M 2 46 170
4 43 30 37 M 28 0 0.01 0.0 0 6.5 12 360 M M 7 21 360
5 50 23 37 M 28 0 0.00 0.0 0 6.1 12 70 M M 0 14 99
6 54 27 41 M 24 0 0.00 0.0 0 9.3 16 140 M M 3 23 140
7 52 36 44 M 21 0 0.00 0.0 0 8.2 14 140 M M 6 21 130
8 41 27 34 M 31 0 M M M 12.9 18 350 M M 6 24 350
9 39 19 29 M 36 0 M M M 14.5 22 340 M M 1 30 340
10 50 19 35 M 30 0 0.00 0.0 0 6.5 13 170 M M 0 18 280
11 72 36 54 M 11 0 0.00 0.0 0 11.9 18 180 M M 0 25 190
12 66 46 56 M 9 0 0.00 0.0 0 10.4 17 220 M M 0 25 220
13 68 32 50 M 15 0 T 0.0 0 7.5 15 130 M M 3 23 130
14 55 43 49 M 16 0 T 0.0 0 9.6 14 360 M M 5 21 20
15 55 28 42 M 23 0 0.00 0.0 0 9.9 21 290 M M 1 25 280
16 48 32 40 M 25 0 M M 0 21.7 31 300 M M 5 39 310
17 32 23 28 M 37 0 M M 0 18.0 22 330 M M 9 35 310
18 36 21 29 M 36 0 M M 0 13.0 17 220 M M 6 23 270
19 55 28 42 M 23 0 0.00 0.0 0 21.4 30 310 M M 0 39 310
20 32 19 26 M 39 0 0.00 0.0 0 13.5 22 310 M M 2 30 310
21 32 23 28 M 37 0 M M 0 4.3 9 120 M M 10 1 17 110
22 30 16 23 M 42 0 M M M 9.4 16 340 M M 7 1 23 340
23 34 12 23 M 42 0 0.01 M M 5.3 9 150 M M 5 1 12 0
24 36 27 32 M 33 0 0.26 M M 15.1 23 130 M M 9 12 32 130
25 45 34 40 M 25 0 0.44 M M 8.9 15 90 M M 10 12 20 100
26 45 21 33 M 32 0 0.45 M M 16.1 28 300 M M 10 12 36 290
27 32 19 26 M 39 0 M M M 16.6 24 270 M M 7 1 31 270
28 39 18 29 M 36 0 0.00 0.0 M 6.2 12 300 M M 0 14 350
================================================================================
SM 1329 760 768 0 1.17 0.0 335.7 M 115
================================================================================
AV 47.5 27.1 12.0 FASTST M M 4 MAX(MPH)
MISC ----> 37 170 46 170
================================================================================
NOTES:
# LAST OF SEVERAL OCCURRENCES
COLUMN 17 PEAK WIND IN M.P.H.
PRELIMINARY LOCAL CLIMATOLOGICAL DATA (WS FORM: F-6) , PAGE 2
STATION: PRESTON MN
MONTH: MARCH
YEAR: 2024
LATITUDE: 43 40 N
LONGITUDE: 92 11 W
[TEMPERATURE DATA] [PRECIPITATION DATA] SYMBOLS USED IN COLUMN 16
AVERAGE MONTHLY: 37.3 TOTAL FOR MONTH: 1.17 1 = FOG OR MIST
DPTR FM NORMAL: 0.0 DPTR FM NORMAL: 1.17 2 = FOG REDUCING VISIBILITY
HIGHEST: 73 ON 3 GRTST 24HR 0.45 ON 26-26 TO 1/4 MILE OR LESS
LOWEST: 12 ON 23 3 = THUNDER
SNOW, ICE PELLETS, HAIL 4 = ICE PELLETS
TOTAL MONTH: 0.0 INCH 5 = HAIL
GRTST 24HR 0.0 6 = FREEZING RAIN OR DRIZZLE
GRTST DEPTH: 0 7 = DUSTSTORM OR SANDSTORM:
VSBY 1/2 MILE OR LESS
8 = SMOKE OR HAZE
[NO. OF DAYS WITH] [WEATHER - DAYS WITH] 9 = BLOWING SNOW
X = TORNADO
MAX 32 OR BELOW: 5 0.01 INCH OR MORE: 5
MAX 90 OR ABOVE: 0 0.10 INCH OR MORE: 3
MIN 32 OR BELOW: 22 0.50 INCH OR MORE: 0
MIN 0 OR BELOW: 0 1.00 INCH OR MORE: 0
[HDD (BASE 65) ]
TOTAL THIS MO. 768 CLEAR (SCALE 0-3) 14
DPTR FM NORMAL M PTCLDY (SCALE 4-7) 9
TOTAL FM JUL 1 5363 CLOUDY (SCALE 8-10) 5
DPTR FM NORMAL M
[CDD (BASE 65) ]
TOTAL THIS MO. 0
DPTR FM NORMAL M [PRESSURE DATA]
TOTAL FM JAN 1 0 HIGHEST SLP M ON M
DPTR FM NORMAL M LOWEST SLP M ON M
[REMARKS]