000
CXUS52 KILM 011000
CF6FLO
PRELIMINARY LOCAL CLIMATOLOGICAL DATA (WS FORM: F-6)
STATION: FLORENCE SOUTH CAROLINA
MONTH: MARCH
YEAR: 2020
LATITUDE: 34 10 N
LONGITUDE: 79 43 W
TEMPERATURE IN F: :PCPN: SNOW: WIND :SUNSHINE: SKY :PK WND
================================================================================
1 2 3 4 5 6A 6B 7 8 9 10 11 12 13 14 15 16 17 18
12Z AVG MX 2MIN
DY MAX MIN AVG DEP HDD CDD WTR SNW DPTH SPD SPD DIR MIN PSBL S-S WX SPD DR
================================================================================
1 62 26 44 -8 21 0 0.00 M M 4.1 13 180 M M 0 18 16 210
2 72 37 55 3 10 0 T M M 8.5 23 200 M M 3 31 200
3 73 57 65 13 0 0 0.34 M M 10.7 26 230 M M 8 1 38 230
4 65 53 59 7 6 0 0.20 M M 4.7 15 10 M M 9 1 18 10
5 54 49 52 -1 13 0 0.80 M M 7.4 15 20 M M 9 1 20 50
6 64 44 54 1 11 0 0.01 M M 12.8 25 320 M M 5 1 35 310
7 58 37 48 -5 17 0 0.00 M M 10.4 24 360 M M 0 31 10
8 64 33 49 -5 16 0 0.00 M M 4.2 10 200 M M 0 14 170
9 74 36 55 1 10 0 0.00 M M 5.1 20 190 M M 2 24 200
10 74 55 65 11 0 0 T M M 8.0 21 240 M M 5 29 230
11 80 50 65 11 0 0 0.00 M M 5.2 16 240 M M 2 18 21 240
12 81 52 67 12 0 2 0.00 M M 6.9 16 240 M M 1 1 19 260
13 84 65 75 20 0 10 0.00 M M 7.9 18 250 M M 3 24 250
14 74 59 67 12 0 2 0.01 M M 6.9 17 60 M M 8 22 40
15 63 54 59 4 6 0 T M M 8.1 16 50 M M 9 20 330
16 60 51 56 0 9 0 0.00 M M 6.3 16 60 M M 10 19 60
17 63 53 58 2 7 0 0.92 M M 2.6 14 300 M M 9 128 18 300
18 76 52 64 8 1 0 0.00 M M 6.7 15 150 M M 8 128 19 150
19 87 63 75 19 0 10 T M M 7.7 17 240 M M 6 1 21 230
20 87 68 78 21 0 13 0.00 M M 11.8 21 230 M M 1 26 210
21 84 68 76 19 0 11 T M M 7.8 17 70 M M 3 1 21 60
22 68 51 60 3 5 0 0.03 M M 11.9 22 60 M M 10 18 27 50
23 57 48 53 -5 12 0 0.01 M M 4.4 10 150 M M 10 12 13 10
24 62 56 59 1 6 0 1.67 M M 7.5 22 110 M M 10 123 26 110
25 73 53 63 5 2 0 0.19 M M 9.2 17 230 M M 7 1 25 230
26 70 48 59 1 6 0 0.00 M M 6.1 15 60 M M 4 18 90
27 87 56 72 14 0 7 0.00 M M 7.6 17 230 M M 2 21 230
28 90 66 78 19 0 13 0.00 M M 10.0 23 260 M M 0 18 29 260
29 88 68 78 19 0 13 0.00 M M 11.5 21 240 M M 0 8 26 240
30 82 63 73 14 0 8 0.00 M M 5.0 14 250 M M 0 17 260
31 68 51 60 0 5 0 0.25 M M 10.6 20 100 M M 5 13 23 100
================================================================================
SM 2244 1622 163 89 4.43 M 237.6 M 149
================================================================================
AV 72.4 52.3 7.7 FASTST M M 5 MAX(MPH)
MISC ----> # 26 230 # 38 230
================================================================================
NOTES:
# LAST OF SEVERAL OCCURRENCES
COLUMN 17 PEAK WIND IN M.P.H.
PRELIMINARY LOCAL CLIMATOLOGICAL DATA (WS FORM: F-6) , PAGE 2
STATION: FLORENCE SOUTH CAROLINA
MONTH: MARCH
YEAR: 2020
LATITUDE: 34 10 N
LONGITUDE: 79 43 W
[TEMPERATURE DATA] [PRECIPITATION DATA] SYMBOLS USED IN COLUMN 16
AVERAGE MONTHLY: 62.4 TOTAL FOR MONTH: 4.43 1 = FOG OR MIST
DPTR FM NORMAL: 6.8 DPTR FM NORMAL: 1.10 2 = FOG REDUCING VISIBILITY
HIGHEST: 90 ON 28 GRTST 24HR 1.67 ON 24-24 TO 1/4 MILE OR LESS
LOWEST: 26 ON 1 3 = THUNDER
SNOW, ICE PELLETS, HAIL 4 = ICE PELLETS
TOTAL MONTH: M 5 = HAIL
GRTST 24HR M ON M 6 = FREEZING RAIN OR DRIZZLE
GRTST DEPTH: M ON M 7 = DUSTSTORM OR SANDSTORM:
VSBY 1/2 MILE OR LESS
8 = SMOKE OR HAZE
[NO. OF DAYS WITH] [WEATHER - DAYS WITH] 9 = BLOWING SNOW
X = TORNADO
MAX 32 OR BELOW: 0 0.01 INCH OR MORE: 11
MAX 90 OR ABOVE: 1 0.10 INCH OR MORE: 7
MIN 32 OR BELOW: 1 0.50 INCH OR MORE: 3
MIN 0 OR BELOW: 0 1.00 INCH OR MORE: 1
[HDD (BASE 65) ]
TOTAL THIS MO. 163 CLEAR (SCALE 0-3) 14
DPTR FM NORMAL -147 PTCLDY (SCALE 4-7) 8
TOTAL FM JUL 1 1744 CLOUDY (SCALE 8-10) 9
DPTR FM NORMAL -632
[CDD (BASE 65) ]
TOTAL THIS MO. 89
DPTR FM NORMAL 71 [PRESSURE DATA]
TOTAL FM JAN 1 138 HIGHEST SLP 30.65 ON 8
DPTR FM NORMAL 114 LOWEST SLP 29.57 ON 31
[REMARKS]
#FINAL-03-20#