000
CXUS52 KTBW 011000
CF6FMY
PRELIMINARY LOCAL CLIMATOLOGICAL DATA (WS FORM: F-6)
STATION: FORT MYERS
MONTH: OCTOBER
YEAR: 2022
LATITUDE: 26 34 N
LONGITUDE: 81 52 W
TEMPERATURE IN F: :PCPN: SNOW: WIND :SUNSHINE: SKY :PK WND
================================================================================
1 2 3 4 5 6A 6B 7 8 9 10 11 12 13 14 15 16 17 18
12Z AVG MX 2MIN
DY MAX MIN AVG DEP HDD CDD WTR SNW DPTH SPD SPD DIR MIN PSBL S-S WX SPD DR
================================================================================
1 M M M M M M 0.00 0.0 0 M M M M M M M M
2 86 71 79 -2 0 14 0.00 0.0 0 M M M M M M M M
3 88 69 79 -2 0 14 0.00 0.0 0 M 13 320 M M 0 M M
4 86 67 77 -3 0 12 0.00 0.0 0 M 13 40 M M 1 M M
5 87 67 77 -3 0 12 0.00 0.0 0 M 10 60 M M 2 M M
6 88 71 80 0 0 15 0.00 0.0 0 M 10 30 M M 4 M M
7 87 69 78 -2 0 13 0.00 0.0 0 M 10 80 M M 0 20 40
8 88 68 78 -2 0 13 0.00 0.0 0 M 14 50 M M 4 18 70
9 90 73 82 2 0 17 0.51 0.0 0 M 15 40 M M 8 3 20 70
10 92 76 84 5 0 19 0.00 0.0 0 M 12 60 M M 6 M 99
11 94 76 85 6 0 20 T 0.0 0 8.6 14 70 M M 3 8 21 60
12 90 74 82 3 0 17 0.74 0.0 0 6.7 24 310 M M 2 13 32 320
13 83 75 79 0 0 14 0.04 0.0 0 3.7 16 270 M M 3 13 22 250
14 88 73 81 2 0 16 T 0.0 0 5.3 13 90 M M 4 12 19 80
15 90 74 82 4 0 17 0.17 0.0 0 7.4 16 80 M M 3 13 22 80
16 90 72 81 3 0 16 0.00 0.0 0 7.4 15 120 M M 2 21 120
17 87 74 81 3 0 16 0.00 0.0 0 6.2 17 220 M M 3 28 230
18 83 71 77 -1 0 12 0.13 0.0 0 7.2 24 250 M M 5 1 31 250
19 71 59 65 -13 0 0 T 0.0 0 9.7 17 350 M M 2 24 360
20 75 58 67 -10 0 2 0.00 0.0 0 10.9 15 360 M M 8 22 330
21 80 61 71 -6 0 6 0.00 0.0 0 9.9 17 20 M M 3 22 30
22 84 61 73 -4 0 8 0.00 0.0 0 7.1 14 30 M M 1 19 30
23 86 65 76 0 0 11 0.00 0.0 0 7.1 15 40 M M 1 21 50
24 89 67 78 2 0 13 0.00 0.0 0 6.8 16 100 M M 2 8 20 90
25 89 70 80 4 0 15 0.00 0.0 0 3.9 13 280 M M 3 16 280
26 85 67 76 0 0 11 0.00 0.0 0 3.9 13 250 M M 0 16 250
27 87 71 79 3 0 14 0.00 0.0 0 4.0 13 260 M M 1 19 260
28 90 71 81 6 0 16 0.00 0.0 0 5.7 14 80 M M 1 22 80
29 89 71 80 5 0 15 0.00 0.0 0 8.4 20 60 M M 4 1 26 80
30 89 70 80 5 0 15 0.00 0.0 0 7.3 15 100 M M 0 21 80
31 91 72 82 8 0 17 T 0.0 0 5.4 15 100 M M 5 21 80
================================================================================
SM 2602 2083 0 400 1.59 0.0 142.6 M 81
================================================================================
AV 86.7 69.4 6.8 FASTST M M 3 MAX(MPH)
MISC ----> # 24 310 32 320
================================================================================
NOTES:
# LAST OF SEVERAL OCCURRENCES
COLUMN 17 PEAK WIND IN M.P.H.
PRELIMINARY LOCAL CLIMATOLOGICAL DATA (WS FORM: F-6) , PAGE 2
STATION: FORT MYERS
MONTH: OCTOBER
YEAR: 2022
LATITUDE: 26 34 N
LONGITUDE: 81 52 W
[TEMPERATURE DATA] [PRECIPITATION DATA] SYMBOLS USED IN COLUMN 16
AVERAGE MONTHLY: 78.1 TOTAL FOR MONTH: 1.59 1 = FOG OR MIST
DPTR FM NORMAL: 0.1 DPTR FM NORMAL: -1.49 2 = FOG REDUCING VISIBILITY
HIGHEST: 94 ON 11 GRTST 24HR 0.78 ON 12-13 TO 1/4 MILE OR LESS
LOWEST: 58 ON 20 3 = THUNDER
SNOW, ICE PELLETS, HAIL 4 = ICE PELLETS
TOTAL MONTH: 0.0 INCH 5 = HAIL
GRTST 24HR 0.0 6 = FREEZING RAIN OR DRIZZLE
GRTST DEPTH: 0 7 = DUSTSTORM OR SANDSTORM:
VSBY 1/2 MILE OR LESS
8 = SMOKE OR HAZE
[NO. OF DAYS WITH] [WEATHER - DAYS WITH] 9 = BLOWING SNOW
X = TORNADO
MAX 32 OR BELOW: 0 0.01 INCH OR MORE: 5
MAX 90 OR ABOVE: 8 0.10 INCH OR MORE: 4
MIN 32 OR BELOW: 0 0.50 INCH OR MORE: 2
MIN 0 OR BELOW: 0 1.00 INCH OR MORE: 0
[HDD (BASE 65) ]
TOTAL THIS MO. 0 CLEAR (SCALE 0-3) 19
DPTR FM NORMAL -2 PTCLDY (SCALE 4-7) 10
TOTAL FM JUL 1 0 CLOUDY (SCALE 8-10) 2
DPTR FM NORMAL 0
[CDD (BASE 65) ]
TOTAL THIS MO. 400
DPTR FM NORMAL -4 [PRESSURE DATA]
TOTAL FM JAN 1 4270 HIGHEST SLP 30.14 ON 7
DPTR FM NORMAL 571 LOWEST SLP 28.56 ON 28
[REMARKS]
#FINAL-10-22#