000
CXUS53 KOAX 102006
CF6FNB
PRELIMINARY LOCAL CLIMATOLOGICAL DATA (WS FORM: F-6)
STATION: FALLS CITY NE
MONTH: MAY
YEAR: 2020
LATITUDE: 40 4 N
LONGITUDE: 95 35 W
TEMPERATURE IN F: :PCPN: SNOW: WIND :SUNSHINE: SKY :PK WND
================================================================================
1 2 3 4 5 6A 6B 7 8 9 10 11 12 13 14 15 16 17 18
12Z AVG MX 2MIN
DY MAX MIN AVG DEP HDD CDD WTR SNW DPTH SPD SPD DIR MIN PSBL S-S WX SPD DR
================================================================================
1 82 50 66 7 0 1 0.00 M M 10.1 26 170 M M 0 39 170
2 80 60 70 11 0 5 0.00 M M 10.8 22 10 M M 3 31 40
3 77 55 66 6 0 1 T M M 6.8 20 110 M M 3 25 120
4 64 51 58 -2 7 0 0.00 M M 9.1 28 100 M M 5 138 39 120
5 70 47 59 -1 6 0 0.00 M M 16.3 40 300 M M 1 1 56 290
6 61 40 51 -9 14 0 T M M 7.0 17 320 M M 5 24 320
7 61 35 48 -13 17 0 0.02 M M 5.6 15 110 M M 5 20 120
8 59 41 50 -11 15 0 0.15 M M 12.1 22 20 M M 2 1 32 20
9 67 35 51 -11 14 0 T M M 9.5 29 320 M M 2 40 330
10 59 37 48 -14 17 0 0.00 M M 15.0 28 310 M M 2 40 300
11 52 35 44 -18 21 0 0.00 M M 6.2 14 260 M M 7 19 350
12 59 44 52 -10 13 0 0.00 M M 6.2 17 150 M M 8 25 130
13 61 50 56 -7 9 0 0.03 M M 10.9 17 140 M M 10 18 25 130
14 81 60 71 8 0 6 0.93 M M 10.2 25 170 M M 7 13 36 170
15 74 56 65 1 0 0 0.00 M M 8.1 17 60 M M 2 128 22 70
16 76 55 66 2 0 1 0.03 M M 7.7 17 320 M M 5 1 21 310
17 66 55 61 -3 4 0 0.00 M M 16.3 25 320 M M 9 1 36 310
18 61 54 58 -6 7 0 0.00 M M 11.1 20 320 M M 10 27 320
19 70 54 62 -3 3 0 T M M 7.4 15 70 M M 7 1 20 70
20 70 59 65 0 0 0 0.00 M M 8.4 16 110 M M 10 22 110
21 72 60 66 0 0 1 T M M 11.2 18 110 M M 10 1 27 110
22 75 60 68 2 0 3 0.50 M M 9.9 28 220 M M 9 13 39 220
23 82 60 71 5 0 6 0.03 M M 8.9 17 280 M M 5 1 25 280
24 84 61 73 7 0 8 M M M 7.8 24 150 M M 4 13 37 150
25 72 63 68 1 0 3 M M M 6.4 15 220 M M 9 13 21 220
26 70 63 67 0 0 2 M M M 9.7 17 280 M M 10 1 24 280
27 70 62 66 -1 0 1 T M M 4.8 12 320 M M 8 18 17 310
28 80 58 69 1 0 4 T M M 9.0 21 10 M M 2 1 33 10
29 78 51 65 -3 0 0 0.00 M M 7.0 16 310 M M 0 24 290
30 66 54 60 -8 5 0 T M M 5.7 14 80 M M 7 19 70
31 80 57 69 0 0 4 0.46 M M 10.7 23 140 M M 4 1 31 140
================================================================================
SM 2179 1622 152 46 2.15 M 285.9 M 171
================================================================================
AV 70.3 52.3 9.2 FASTST M M 6 MAX(MPH)
MISC ----> # 40 300 # 56 290
================================================================================
NOTES:
# LAST OF SEVERAL OCCURRENCES
COLUMN 17 PEAK WIND IN M.P.H.
PRELIMINARY LOCAL CLIMATOLOGICAL DATA (WS FORM: F-6) , PAGE 2
STATION: FALLS CITY NE
MONTH: MAY
YEAR: 2020
LATITUDE: 40 4 N
LONGITUDE: 95 35 W
[TEMPERATURE DATA] [PRECIPITATION DATA] SYMBOLS USED IN COLUMN 16
AVERAGE MONTHLY: 61.3 TOTAL FOR MONTH: 2.15 1 = FOG OR MIST
DPTR FM NORMAL: -2.5 DPTR FM NORMAL: -2.43 2 = FOG REDUCING VISIBILITY
HIGHEST: 84 ON 24 GRTST 24HR 0.93 ON 14-14 TO 1/4 MILE OR LESS
LOWEST: 35 ON 11, 9 3 = THUNDER
SNOW, ICE PELLETS, HAIL 4 = ICE PELLETS
TOTAL MONTH: M 5 = HAIL
GRTST 24HR M ON M 6 = FREEZING RAIN OR DRIZZLE
GRTST DEPTH: M ON M 7 = DUSTSTORM OR SANDSTORM:
VSBY 1/2 MILE OR LESS
8 = SMOKE OR HAZE
[NO. OF DAYS WITH] [WEATHER - DAYS WITH] 9 = BLOWING SNOW
X = TORNADO
MAX 32 OR BELOW: 0 0.01 INCH OR MORE: 8
MAX 90 OR ABOVE: 0 0.10 INCH OR MORE: 4
MIN 32 OR BELOW: 0 0.50 INCH OR MORE: 2
MIN 0 OR BELOW: 0 1.00 INCH OR MORE: 0
[HDD (BASE 65) ]
TOTAL THIS MO. 152 CLEAR (SCALE 0-3) 9
DPTR FM NORMAL 31 PTCLDY (SCALE 4-7) 13
TOTAL FM JUL 1 5226 CLOUDY (SCALE 8-10) 9
DPTR FM NORMAL -402
[CDD (BASE 65) ]
TOTAL THIS MO. 46
DPTR FM NORMAL -38 [PRESSURE DATA]
TOTAL FM JAN 1 53 HIGHEST SLP 30.41 ON 11
DPTR FM NORMAL -53 LOWEST SLP 29.60 ON 22
[REMARKS]
#FINAL-05-20#