000
CXUS52 KMLB 010625
CF6FPR
PRELIMINARY LOCAL CLIMATOLOGICAL DATA (WS FORM: F-6)
STATION: FORT PIERCE
MONTH: MAY
YEAR: 2022
LATITUDE: 27 30 N
LONGITUDE: 80 22 W
TEMPERATURE IN F: :PCPN: SNOW: WIND :SUNSHINE: SKY :PK WND
================================================================================
1 2 3 4 5 6A 6B 7 8 9 10 11 12 13 14 15 16 17 18
12Z AVG MX 2MIN
DY MAX MIN AVG DEP HDD CDD WTR SNW DPTH SPD SPD DIR MIN PSBL S-S WX SPD DR
================================================================================
1 83 68 76 2 0 11 0.00 0.0 0 9.6 18 120 M M 3 3 23 110
2 84 63 74 0 0 9 0.00 0.0 0 8.8 21 120 M M 3 27 110
3 84 73 79 5 0 14 0.00 0.0 0 10.4 17 100 M M 3 26 120
4 84 66 75 0 0 10 T 0.0 0 5.5 15 120 M M 3 1238 20 100
5 90 62 76 1 0 11 0.00 0.0 0 6.1 15 120 M M 1 12 18 110
6 95 68 82 7 0 17 0.00 0.0 0 7.0 17 230 M M 1 1 23 210
7 86 70 78 3 0 13 T 0.0 0 9.6 21 270 M M 2 3 27 270
8 89 68 79 4 0 14 0.00 0.0 0 7.4 17 270 M M 1 23 270
9 83 71 77 2 0 12 0.00 0.0 0 7.8 16 60 M M 3 23 60
10 82 65 74 -1 0 9 0.00 0.0 0 8.4 18 360 M M 3 28 20
11 81 62 72 -4 0 7 0.15 0.0 0 9.2 20 10 M M 4 1 31 20
12 79 64 72 -4 0 7 0.19 0.0 0 5.4 15 30 M M 4 1 22 30
13 82 63 73 -3 0 8 0.05 0.0 0 4.5 17 100 M M 3 3 20 100
14 86 61 74 -2 0 9 0.00 0.0 0 5.9 16 100 M M 1 1 21 100
15 88 67 78 2 0 13 T 0.0 0 8.4 23 110 M M 2 13 28 130
16 94 69 82 6 0 17 T 0.0 0 6.0 16 170 M M 3 13 23 180
17 87 67 77 1 0 12 0.00 0.0 0 7.0 16 100 M M 1 1 27 100
18 89 68 79 3 0 14 0.00 0.0 0 6.5 17 110 M M 1 21 110
19 92 75 84 7 0 19 0.00 0.0 0 7.7 20 130 M M 1 3 25 150
20 89 72 81 4 0 16 0.06 0.0 0 5.9 32 140 M M 3 3 40 130
21 89 71 80 3 0 15 0.00 0.0 0 11.4 23 110 M M 3 1 30 130
22 89 78 84 7 0 19 0.00 0.0 0 12.2 21 120 M M 2 26 130
23 88 72 80 3 0 15 0.00 0.0 0 12.5 22 110 M M 1 27 110
24 87 69 78 1 0 13 0.00 0.0 0 11.9 22 140 M M 1 27 130
25 88 76 82 5 0 17 0.00 0.0 0 13.3 22 110 M M 2 29 120
26 87 73 80 2 0 15 0.01 0.0 0 12.1 22 130 M M 2 30 130
27 90 69 80 2 0 15 0.03 0.0 0 8.3 25 140 M M 3 3 33 140
28 92 71 82 4 0 17 0.15 0.0 0 4.8 18 120 M M 3 13 21 120
29 90 67 79 1 0 14 T 0.0 0 7.5 25 130 M M 2 13 29 140
30 84 68 76 -2 0 11 0.24 0.0 0 8.3 23 110 M M 1 18 27 110
31 85 67 76 -2 0 11 0.00 0.0 0 6.3 17 70 M M 2 18 23 80
================================================================================
SM 2696 2123 0 404 0.88 0.0 255.7 M 68
================================================================================
AV 87.0 68.5 8.2 FASTST M M 2 MAX(MPH)
MISC ----> 32 140 40 130
================================================================================
NOTES:
# LAST OF SEVERAL OCCURRENCES
COLUMN 17 PEAK WIND IN M.P.H.
PRELIMINARY LOCAL CLIMATOLOGICAL DATA (WS FORM: F-6) , PAGE 2
STATION: FORT PIERCE
MONTH: MAY
YEAR: 2022
LATITUDE: 27 30 N
LONGITUDE: 80 22 W
[TEMPERATURE DATA] [PRECIPITATION DATA] SYMBOLS USED IN COLUMN 16
AVERAGE MONTHLY: 77.7 TOTAL FOR MONTH: 0.88 1 = FOG OR MIST
DPTR FM NORMAL: 1.5 DPTR FM NORMAL: -3.05 2 = FOG REDUCING VISIBILITY
HIGHEST: 95 ON 6 GRTST 24HR 0.34 ON 11-12 TO 1/4 MILE OR LESS
LOWEST: 61 ON 14 3 = THUNDER
SNOW, ICE PELLETS, HAIL 4 = ICE PELLETS
TOTAL MONTH: 0.0 INCH 5 = HAIL
GRTST 24HR 0.0 6 = FREEZING RAIN OR DRIZZLE
GRTST DEPTH: 0 7 = DUSTSTORM OR SANDSTORM:
VSBY 1/2 MILE OR LESS
8 = SMOKE OR HAZE
[NO. OF DAYS WITH] [WEATHER - DAYS WITH] 9 = BLOWING SNOW
X = TORNADO
MAX 32 OR BELOW: 0 0.01 INCH OR MORE: 8
MAX 90 OR ABOVE: 7 0.10 INCH OR MORE: 4
MIN 32 OR BELOW: 0 0.50 INCH OR MORE: 0
MIN 0 OR BELOW: 0 1.00 INCH OR MORE: 0
[HDD (BASE 65) ]
TOTAL THIS MO. 0 CLEAR (SCALE 0-3) 22
DPTR FM NORMAL 0 PTCLDY (SCALE 4-7) 9
TOTAL FM JUL 1 250 CLOUDY (SCALE 8-10) 0
DPTR FM NORMAL -167
[CDD (BASE 65) ]
TOTAL THIS MO. 404
DPTR FM NORMAL 57 [PRESSURE DATA]
TOTAL FM JAN 1 1079 HIGHEST SLP M ON M
DPTR FM NORMAL 256 LOWEST SLP 29.76 ON 7
[REMARKS]
#FINAL-05-22#