000
CXUS52 KMLB 010637
CF6FPR
PRELIMINARY LOCAL CLIMATOLOGICAL DATA (WS FORM: F-6)
STATION: FORT PIERCE
MONTH: AUGUST
YEAR: 2021
LATITUDE: 27 30 N
LONGITUDE: 80 22 W
TEMPERATURE IN F: :PCPN: SNOW: WIND :SUNSHINE: SKY :PK WND
================================================================================
1 2 3 4 5 6A 6B 7 8 9 10 11 12 13 14 15 16 17 18
12Z AVG MX 2MIN
DY MAX MIN AVG DEP HDD CDD WTR SNW DPTH SPD SPD DIR MIN PSBL S-S WX SPD DR
================================================================================
1 93 75 84 2 0 19 0.04 0.0 0 6.5 20 140 M M 2 3 24 140
2 93 74 84 2 0 19 0.47 0.0 0 7.4 23 140 M M 3 13 29 140
3 88 73 81 -1 0 16 0.94 0.0 0 5.7 18 170 M M 3 138 24 160
4 84 72 78 -4 0 13 0.48 0.0 0 5.2 24 240 M M 4 1 36 220
5 90 74 82 0 0 17 0.04 0.0 0 4.5 17 120 M M 2 3 20 140
6 90 73 82 0 0 17 0.04 0.0 0 4.7 21 140 M M 2 3 24 140
7 89 73 81 -1 0 16 T 0.0 0 3.7 17 150 M M 2 3 20 140
8 91 73 82 0 0 17 0.06 0.0 0 4.1 20 120 M M 1 13 23 110
9 86 73 80 -2 0 15 0.01 0.0 0 4.0 12 100 M M 1 38 15 120
10 90 75 83 1 0 18 T 0.0 0 5.6 18 100 M M 2 21 100
11 89 76 83 1 0 18 0.01 0.0 0 5.7 15 110 M M 2 19 120
12 90 76 83 1 0 18 0.31 0.0 0 6.6 20 70 M M 2 1 28 40
13 89 75 82 0 0 17 1.06 0.0 0 8.0 24 120 M M 4 138 29 110
14 89 75 82 0 0 17 0.26 0.0 0 7.6 26 120 M M 2 13 33 130
15 89 77 83 1 0 18 0.09 0.0 0 11.2 24 100 M M 1 1 32 100
16 89 76 83 1 0 18 1.74 0.0 0 6.5 15 140 M M 4 138 20 140
17 90 75 83 1 0 18 0.01 0.0 0 8.2 22 130 M M 1 3 28 130
18 90 76 83 1 0 18 0.00 0.0 0 6.7 18 130 M M 2 22 120
19 89 73 81 -1 0 16 0.00 0.0 0 4.1 12 80 M M 1 18 100
20 93 71 82 0 0 17 0.00 0.0 0 3.8 13 120 M M 0 1 18 120
21 93 75 84 2 0 19 0.00 0.0 0 5.9 17 100 M M 2 3 20 130
22 93 76 85 3 0 20 0.00 0.0 0 5.4 17 130 M M 1 21 130
23 90 73 82 0 0 17 0.05 0.0 0 4.3 16 130 M M 3 38 19 220
24 89 75 82 1 0 17 T 0.0 0 6.2 21 130 M M 2 8 26 130
25 90 73 82 1 0 17 0.27 0.0 0 7.8 31 100 M M 2 18 40 100
26 88 75 82 1 0 17 0.42 0.0 0 8.3 18 100 M M 4 13 24 90
27 86 77 82 1 0 17 0.84 0.0 0 7.5 18 100 M M 3 13 24 110
28 89 76 83 2 0 18 0.04 0.0 0 10.3 21 130 M M 2 1 25 130
29 89 78 84 3 0 19 T 0.0 0 7.9 17 120 M M 1 21 110
30 89 74 82 1 0 17 0.00 0.0 0 4.7 12 70 M M 0 15 70
31 92 72 82 1 0 17 0.54 0.0 0 3.4 15 170 M M 3 138 21 160
================================================================================
SM 2779 2309 0 537 7.72 0.0 191.5 M 64
================================================================================
AV 89.6 74.5 6.2 FASTST M M 2 MAX(MPH)
MISC ----> 31 100 40 100
================================================================================
NOTES:
# LAST OF SEVERAL OCCURRENCES
COLUMN 17 PEAK WIND IN M.P.H.
PRELIMINARY LOCAL CLIMATOLOGICAL DATA (WS FORM: F-6) , PAGE 2
STATION: FORT PIERCE
MONTH: AUGUST
YEAR: 2021
LATITUDE: 27 30 N
LONGITUDE: 80 22 W
[TEMPERATURE DATA] [PRECIPITATION DATA] SYMBOLS USED IN COLUMN 16
AVERAGE MONTHLY: 82.1 TOTAL FOR MONTH: 7.72 1 = FOG OR MIST
DPTR FM NORMAL: 0.5 DPTR FM NORMAL: 0.78 2 = FOG REDUCING VISIBILITY
HIGHEST: 93 ON 22,21 GRTST 24HR 1.74 ON 16-16 TO 1/4 MILE OR LESS
LOWEST: 71 ON 20 3 = THUNDER
SNOW, ICE PELLETS, HAIL 4 = ICE PELLETS
TOTAL MONTH: 0.0 INCH 5 = HAIL
GRTST 24HR 0.0 6 = FREEZING RAIN OR DRIZZLE
GRTST DEPTH: 0 7 = DUSTSTORM OR SANDSTORM:
VSBY 1/2 MILE OR LESS
8 = SMOKE OR HAZE
[NO. OF DAYS WITH] [WEATHER - DAYS WITH] 9 = BLOWING SNOW
X = TORNADO
MAX 32 OR BELOW: 0 0.01 INCH OR MORE: 21
MAX 90 OR ABOVE: 15 0.10 INCH OR MORE: 11
MIN 32 OR BELOW: 0 0.50 INCH OR MORE: 5
MIN 0 OR BELOW: 0 1.00 INCH OR MORE: 2
[HDD (BASE 65) ]
TOTAL THIS MO. 0 CLEAR (SCALE 0-3) 26
DPTR FM NORMAL 0 PTCLDY (SCALE 4-7) 5
TOTAL FM JUL 1 0 CLOUDY (SCALE 8-10) 0
DPTR FM NORMAL 0
[CDD (BASE 65) ]
TOTAL THIS MO. 537
DPTR FM NORMAL 24 [PRESSURE DATA]
TOTAL FM JAN 1 2557 HIGHEST SLP M ON M
DPTR FM NORMAL 264 LOWEST SLP 29.86 ON 31
[REMARKS]
#FINAL-08-21#
USED FPCF1 FOR MAX TEMP ON 8/14. ASOS (KFPR) TEMP SENSOR FAILED.