000
CXUS53 KFSD 012015
CF6FSD
PRELIMINARY LOCAL CLIMATOLOGICAL DATA (WS FORM: F-6)
STATION: SIOUX FALLS
MONTH: APRIL
YEAR: 2023
LATITUDE: 43 34 N
LONGITUDE: 96 44 W
TEMPERATURE IN F: :PCPN: SNOW: WIND :SUNSHINE: SKY :PK WND
================================================================================
1 2 3 4 5 6A 6B 7 8 9 10 11 12 13 14 15 16 17 18
12Z AVG MX 2MIN
DY MAX MIN AVG DEP HDD CDD WTR SNW DPTH SPD SPD DIR MIN PSBL S-S WX SPD DR
================================================================================
1 41 22 32 -10 33 0 T T T 12.1 32 330 M M 5 45 340
2 52 36 44 2 21 0 0.00 0.0 T 11.5 23 300 M M 6 33 180
3 43 32 38 -4 27 0 0.00 0.0 0 9.8 20 50 M M 9 25 50
4 35 32 34 -9 31 0 0.17 T 0 16.8 30 50 M M 10 16 38 50
5 34 23 29 -14 36 0 T T 0 20.1 32 290 M M 7 6 49 280
6 51 21 36 -8 29 0 0.00 0.0 0 7.5 16 60 M M 2 22 50
7 61 26 44 0 21 0 0.00 0.0 0 10.0 20 60 M M 1 24 60
8 77 31 54 10 11 0 0.00 0.0 0 15.4 29 190 M M 4 41 200
9 65 36 51 6 14 0 0.04 0.0 0 8.1 21 180 M M 7 1 31 180
10 77 33 55 10 10 0 0.00 0.0 0 3.2 15 200 M M 4 1 22 180
11 87 54 71 25 0 6 0.00 0.0 0 17.5 28 190 M M 4 39 190
12 92 60 76 30 0 11 0.00 0.0 0 15.4 25 180 M M 1 35 180
13 91 62 77 31 0 12 0.00 0.0 0 21.6 37 190 M M 3 49 160
14 70 44 57 10 8 0 T 0.0 0 15.2 23 360 M M 6 3 35 170
15 44 36 40 -7 25 0 0.11 T 0 18.4 28 340 M M 10 14 36 320
16 52 34 43 -4 22 0 T 0.0 0 25.1 39 330 M M 6 58 310
17 62 31 47 -1 18 0 0.00 0.0 0 9.9 18 360 M M 2 26 360
18 67 31 49 1 16 0 0.00 0.0 0 16.8 30 110 M M 6 41 130
19 63 43 53 5 12 0 0.34 0.0 0 11.4 28 120 M M 9 13 35 120
20 50 35 43 -6 22 0 0.15 0.1 0 14.7 29 310 M M 8 14 36 300
21 42 31 37 -12 28 0 0.03 0.4 0 20.0 33 310 M M 9 15 43 310
22 46 29 38 -12 27 0 T T T 16.1 26 330 M M 9 36 350
23 52 24 38 -12 27 0 0.00 0.0 0 6.2 20 320 M M 3 26 330
24 59 24 42 -8 23 0 0.00 0.0 0 6.9 17 50 M M 2 26 40
25 58 28 43 -8 22 0 0.00 0.0 0 11.0 17 60 M M 4 23 80
26 69 41 55 4 10 0 T 0.0 0 11.9 22 200 M M 7 31 210
27 70 52 61 9 4 0 0.01 0.0 0 12.0 26 200 M M 9 35 200
28 61 35 48 -4 17 0 0.02 0.0 0 14.1 28 350 M M 7 1 37 10
29 61 33 47 -5 18 0 T 0.0 0 11.5 31 340 M M 5 43 330
30 59 40 50 -3 15 0 0.00 0.0 0 23.8 38 340 M M 4 52 330
================================================================================
SM 1791 1059 547 29 0.87 0.5 414.0 M 169
================================================================================
AV 59.7 35.3 13.8 FASTST M M 6 MAX(MPH)
MISC ----> 39 330 58 310
================================================================================
NOTES:
# LAST OF SEVERAL OCCURRENCES
-COLUMN 17 PEAK WIND IN M.P.H.
-PRECIPITATION AMOUNTS IN COLUMNS 7,8 AND 9 ARE THE OFFICIAL
PRECIPITATION AMOUNTS FOR SIOUX FALLS, SD.
-SNOW DEPTH IN COLUMN 9 IS RECORDED AT 6 AM CST (12Z).
PRELIMINARY LOCAL CLIMATOLOGICAL DATA (WS FORM: F-6) , PAGE 2
STATION: SIOUX FALLS
MONTH: APRIL
YEAR: 2023
LATITUDE: 43 34 N
LONGITUDE: 96 44 W
[TEMPERATURE DATA] [PRECIPITATION DATA] SYMBOLS USED IN COLUMN 16
AVERAGE MONTHLY: 47.5 TOTAL FOR MONTH: 0.87 1 = FOG OR MIST
DPTR FM NORMAL: 0.3 DPTR FM NORMAL: -2.13 2 = FOG REDUCING VISIBILITY
HIGHEST: 92 ON 12 GRTST 24HR 0.36 ON 19-20 TO 1/4 MILE OR LESS
LOWEST: 21 ON 6 3 = THUNDER
SNOW, ICE PELLETS, HAIL 4 = ICE PELLETS
TOTAL MONTH: 0.8 INCH 5 = HAIL
GRTST 24HR 0.4 ON 20 6 = FREEZING RAIN OR DRIZZLE
GRTST DEPTH: T 7 = DUSTSTORM OR SANDSTORM:
VSBY 1/2 MILE OR LESS
8 = SMOKE OR HAZE
[NO. OF DAYS WITH] [WEATHER - DAYS WITH] 9 = BLOWING SNOW
X = TORNADO
MAX 32 OR BELOW: 0 0.01 INCH OR MORE: 8
MAX 90 OR ABOVE: 2 0.10 INCH OR MORE: 4
MIN 32 OR BELOW: 14 0.50 INCH OR MORE: 0
MIN 0 OR BELOW: 0 1.00 INCH OR MORE: 0
[HDD (BASE 65) ]
TOTAL THIS MO. 547 CLEAR (SCALE 0-3) 7
DPTR FM NORMAL 9 PTCLDY (SCALE 4-7) 16
TOTAL FM JUL 1 7296 CLOUDY (SCALE 8-10) 7
DPTR FM NORMAL 308
[CDD (BASE 65) ]
TOTAL THIS MO. 29
DPTR FM NORMAL 24 [PRESSURE DATA]
TOTAL FM JAN 1 29 HIGHEST SLP 30.41 ON 7
DPTR FM NORMAL 23 LOWEST SLP 29.37 ON 13
[REMARKS]
RECORD DAILY HIGH MINIMUM TEMPERATURE WAS ESTABLISHED ON THE 11TH WITH 54
DEGREES. THE PREVIOUS RECORD WAS 52 IN 2006.
RECORD DAILY MAXIMUM TEMPERATURE WAS ESTABLISHED ON THE 12TH WITH 92
DEGREES. THE PREVIOUS RECORD WAS 85 IN 1908.
RECORD DAILY HIGH MINIMUM TEMPERATURE WAS ESTABLISHED ON THE 12TH WITH 60
DEGREES. THE PREVIOUS RECORD WAS 57 IN 1941.
RECORD DAILY MAXIMUM TEMPERATURE WAS ESTABLISHED ON THE 13TH WITH 91
DEGREES. THE PREVIOUS RECORD WAS 87 IN 2006.
RECORD DAILY HIGH MINIMUM TEMPERATURE WAS ESTABLISHED ON THE 13TH WITH 62
DEGREES. THE PREVIOUS RECORD WAS 57 IN 1941.
#FINAL-04-23#