000
CXUS53 KFSD 011644
CF6FSD
PRELIMINARY LOCAL CLIMATOLOGICAL DATA (WS FORM: F-6)
STATION: SIOUX FALLS
MONTH: JULY
YEAR: 2022
LATITUDE: 43 34 N
LONGITUDE: 96 44 W
TEMPERATURE IN F: :PCPN: SNOW: WIND :SUNSHINE: SKY :PK WND
================================================================================
1 2 3 4 5 6A 6B 7 8 9 10 11 12 13 14 15 16 17 18
12Z AVG MX 2MIN
DY MAX MIN AVG DEP HDD CDD WTR SNW DPTH SPD SPD DIR MIN PSBL S-S WX SPD DR
================================================================================
1 87 58 73 0 0 8 0.00 0.0 0 4.3 12 330 M M 4 18 280
2 86 68 77 3 0 12 T 0.0 0 7.1 17 130 M M 4 29 140
3 90 70 80 6 0 15 0.00 0.0 0 12.5 21 170 M M 4 28 170
4 92 72 82 8 0 17 0.12 0.0 0 7.6 17 190 M M 5 3 27 190
5 94 68 81 7 0 16 1.33 T 0 9.6 54 350 M M 6 1235 80 340
6 85 71 78 4 0 13 0.00 0.0 0 7.1 16 100 M M 8 1 20 100
7 84 71 78 4 0 13 T 0.0 0 6.9 22 330 M M 7 3 29 320
8 88 68 78 4 0 13 0.02 0.0 0 8.1 14 50 M M 6 1 20 10
9 87 65 76 2 0 11 0.00 0.0 0 9.4 21 180 M M 4 1 27 180
10 98 73 86 12 0 21 0.00 0.0 0 14.0 28 190 M M 3 37 190
11 83 67 75 1 0 10 T 0.0 0 12.5 26 330 M M 4 36 310
12 86 62 74 0 0 9 0.00 0.0 0 7.8 17 320 M M 1 26 330
13 87 62 75 0 0 10 0.00 0.0 0 7.7 14 80 M M 1 20 120
14 94 69 82 7 0 17 0.00 0.0 0 11.4 20 180 M M 4 27 180
15 91 72 82 7 0 17 0.00 0.0 0 8.6 17 10 M M 3 24 360
16 78 69 74 -1 0 9 0.41 0.0 0 5.4 14 190 M M 7 1 18 190
17 88 65 77 2 0 12 0.00 0.0 0 3.4 10 280 M M 3 1 16 270
18 94 70 82 7 0 17 0.00 0.0 0 12.2 24 180 M M 1 36 180
19 90 74 82 7 0 17 0.00 0.0 0 16.3 29 310 M M 1 41 320
20 91 67 79 4 0 14 0.00 0.0 0 11.3 22 320 M M 0 32 310
21 91 69 80 5 0 15 0.00 0.0 0 7.9 16 340 M M 2 24 180
22 94 69 82 7 0 17 0.16 0.0 0 8.2 24 190 M M 2 3 33 170
23 93 71 82 7 0 17 T 0.0 0 8.9 21 10 M M 5 27 20
24 83 64 74 -1 0 9 0.00 0.0 0 8.9 21 320 M M 4 29 320
25 70 60 65 -9 0 0 0.06 0.0 0 5.9 14 140 M M 7 19 140
26 80 64 72 -2 0 7 0.02 0.0 0 7.5 15 180 M M 9 20 190
27 91 60 76 2 0 11 0.19 0.0 0 6.3 17 330 M M 4 3 26 300
28 81 56 69 -5 0 4 0.00 0.0 0 8.1 18 320 M M 3 37 320
29 84 53 69 -5 0 4 0.00 0.0 0 4.2 13 170 M M 1 19 290
30 88 65 77 3 0 12 0.00 0.0 0 13.9 24 190 M M 2 34 180
31 92 67 80 6 0 15 0.09 0.0 0 13.7 23 320 M M 2 3 33 280
================================================================================
SM 2720 2059 0 382 2.40 T 276.7 M 117
================================================================================
AV 87.7 66.4 8.9 FASTST M M 4 MAX(MPH)
MISC ----> 54 350 80 340
================================================================================
NOTES:
# LAST OF SEVERAL OCCURRENCES
-COLUMN 17 PEAK WIND IN M.P.H.
-PRECIPITATION AMOUNTS IN COLUMNS 7,8 AND 9 ARE THE OFFICIAL
PRECIPITATION AMOUNTS FOR SIOUX FALLS, SD.
-SNOW DEPTH IN COLUMN 9 IS RECORDED AT 6 AM CST (12Z).
PRELIMINARY LOCAL CLIMATOLOGICAL DATA (WS FORM: F-6) , PAGE 2
STATION: SIOUX FALLS
MONTH: JULY
YEAR: 2022
LATITUDE: 43 34 N
LONGITUDE: 96 44 W
[TEMPERATURE DATA] [PRECIPITATION DATA] SYMBOLS USED IN COLUMN 16
AVERAGE MONTHLY: 77.1 TOTAL FOR MONTH: 2.40 1 = FOG OR MIST
DPTR FM NORMAL: 2.7 DPTR FM NORMAL: -0.85 2 = FOG REDUCING VISIBILITY
HIGHEST: 98 ON 10 GRTST 24HR 1.33 ON 5- 5 TO 1/4 MILE OR LESS
LOWEST: 53 ON 29 3 = THUNDER
SNOW, ICE PELLETS, HAIL 4 = ICE PELLETS
TOTAL MONTH: T 5 = HAIL
GRTST 24HR T ON 5- 5 6 = FREEZING RAIN OR DRIZZLE
GRTST DEPTH: 0 7 = DUSTSTORM OR SANDSTORM:
VSBY 1/2 MILE OR LESS
8 = SMOKE OR HAZE
[NO. OF DAYS WITH] [WEATHER - DAYS WITH] 9 = BLOWING SNOW
X = TORNADO
MAX 32 OR BELOW: 0 0.01 INCH OR MORE: 9
MAX 90 OR ABOVE: 14 0.10 INCH OR MORE: 5
MIN 32 OR BELOW: 0 0.50 INCH OR MORE: 1
MIN 0 OR BELOW: 0 1.00 INCH OR MORE: 1
[HDD (BASE 65) ]
TOTAL THIS MO. 0 CLEAR (SCALE 0-3) 14
DPTR FM NORMAL -5 PTCLDY (SCALE 4-7) 16
TOTAL FM JUL 1 0 CLOUDY (SCALE 8-10) 1
DPTR FM NORMAL 0
[CDD (BASE 65) ]
TOTAL THIS MO. 382
DPTR FM NORMAL 88 [PRESSURE DATA]
TOTAL FM JAN 1 692 HIGHEST SLP 30.18 ON 9
DPTR FM NORMAL 169 LOWEST SLP 29.54 ON 19
[REMARKS]
RECORD LOW DAILY MAXIMUM TEMPERATURE WAS TIED ON THE 25TH WITH 70
DEGREES. THIS READING WAS PREVIOUS ATTAINED IN 1911.
#FINAL-07-22#