000
CXUS54 KMAF 011613
CF6FST
PRELIMINARY LOCAL CLIMATOLOGICAL DATA (WS FORM: F-6)
STATION: FORT STOCKTON
MONTH: OCTOBER
YEAR: 2022
LATITUDE: 30 55 N
LONGITUDE: 102 55 W
TEMPERATURE IN F: :PCPN: SNOW: WIND :SUNSHINE: SKY :PK WND
================================================================================
1 2 3 4 5 6A 6B 7 8 9 10 11 12 13 14 15 16 17 18
12Z AVG MX 2MIN
DY MAX MIN AVG DEP HDD CDD WTR SNW DPTH SPD SPD DIR MIN PSBL S-S WX SPD DR
================================================================================
1 85 59 72 0 0 7 0.00 M M 11.5 21 140 M M 0 34 140
2 82 59 71 -1 0 6 0.00 M M 11.5 23 120 M M 0 28 110
3 82 58 70 -2 0 5 0.00 M M 10.9 20 130 M M 0 26 140
4 85 59 72 0 0 7 T M M 8.1 22 220 M M 1 38 27 220
5 84 57 71 0 0 6 M M M 7.1 31 270 M M 1 3 39 270
6 79 57 68 -3 0 3 0.00 M M 6.2 20 80 M M 2 26 90
7 78 58 68 -3 0 3 T M M 7.8 17 110 M M 3 23 120
8 75 54 65 -5 0 0 T M M 9.6 18 110 M M 6 28 120
9 78 56 67 -3 0 2 0.25 M M 7.9 22 150 M M 6 13 30 150
10 76 53 65 -5 0 0 2.86 M M 7.5 43 290 M M 6 123 61 260
11 82 56 69 0 0 4 0.08 M M M M M M M 2 13 M M
12 84 61 73 4 0 8 0.00 M M 5.8 15 340 M M 0 19 340
13 80 57 69 0 0 4 0.00 M M 8.7 15 70 M M 0 22 70
14 85 56 71 3 0 6 0.00 M M 7.5 16 160 M M 0 22 160
15 91 63 77 9 0 12 T M M 9.0 18 160 M M 1 25 160
16 74 58 66 -2 0 1 0.89 M M 10.8 20 40 M M 9 13 26 50
17 58 50 54 -13 11 0 0.42 M M 10.7 18 70 M M 10 1 24 80
18 60 49 55 -12 10 0 0.06 M M 4.8 13 110 M M 9 1 16 100
19 70 45 58 -9 7 0 0.00 M M 5.6 14 200 M M 1 18 190
20 78 51 65 -1 0 0 0.00 M M 9.5 16 210 M M 0 21 220
21 84 54 69 3 0 4 0.00 M M 12.5 18 270 M M 0 27 290
22 87 62 75 9 0 10 0.00 M M 12.6 23 180 M M 0 33 180
23 88 61 75 10 0 10 0.00 M M 12.8 23 150 M M 0 35 160
24 81 50 66 1 0 1 T M M 15.3 48 290 M M 4 8 69 290
25 73 40 57 -7 8 0 0.00 M M 8.6 20 260 M M 0 26 260
26 77 48 63 -1 2 0 0.00 M M 9.5 21 160 M M 0 27 160
27 83 51 67 3 0 2 0.00 M M 12.7 33 320 M M 0 45 320
28 65 45 55 -8 10 0 0.00 M M 12.5 25 310 M M 3 33 300
29 65 44 55 -8 10 0 0.00 M M 5.5 12 180 M M 2 15 340
30 73 45 59 -3 6 0 0.00 M M 7.2 15 160 M M 0 19 160
31 71 50 61 -1 4 0 T M M 9.6 20 120 M M 1 30 110
================================================================================
SM 2413 1666 68 101 4.56 M 279.3 M 67
================================================================================
AV 77.8 53.7 9.3 FASTST M M 2 MAX(MPH)
MISC ----> 48 290 69 290
================================================================================
NOTES:
# LAST OF SEVERAL OCCURRENCES
COLUMN 17 PEAK WIND IN M.P.H.
PRELIMINARY LOCAL CLIMATOLOGICAL DATA (WS FORM: F-6) , PAGE 2
STATION: FORT STOCKTON
MONTH: OCTOBER
YEAR: 2022
LATITUDE: 30 55 N
LONGITUDE: 102 55 W
[TEMPERATURE DATA] [PRECIPITATION DATA] SYMBOLS USED IN COLUMN 16
AVERAGE MONTHLY: 65.8 TOTAL FOR MONTH: 4.56 1 = FOG OR MIST
DPTR FM NORMAL: -1.7 DPTR FM NORMAL: 3.53 2 = FOG REDUCING VISIBILITY
HIGHEST: 91 ON 15 GRTST 24HR 2.94 ON 10-11 TO 1/4 MILE OR LESS
LOWEST: 40 ON 25 3 = THUNDER
SNOW, ICE PELLETS, HAIL 4 = ICE PELLETS
TOTAL MONTH: M 5 = HAIL
GRTST 24HR M ON M 6 = FREEZING RAIN OR DRIZZLE
GRTST DEPTH: M ON M 7 = DUSTSTORM OR SANDSTORM:
VSBY 1/2 MILE OR LESS
8 = SMOKE OR HAZE
[NO. OF DAYS WITH] [WEATHER - DAYS WITH] 9 = BLOWING SNOW
X = TORNADO
MAX 32 OR BELOW: 0 0.01 INCH OR MORE: 6
MAX 90 OR ABOVE: 1 0.10 INCH OR MORE: 4
MIN 32 OR BELOW: 0 0.50 INCH OR MORE: 2
MIN 0 OR BELOW: 0 1.00 INCH OR MORE: 1
[HDD (BASE 65) ]
TOTAL THIS MO. 68 CLEAR (SCALE 0-3) 23
DPTR FM NORMAL 1 PTCLDY (SCALE 4-7) 5
TOTAL FM JUL 1 68 CLOUDY (SCALE 8-10) 3
DPTR FM NORMAL -4
[CDD (BASE 65) ]
TOTAL THIS MO. 101
DPTR FM NORMAL -44 [PRESSURE DATA]
TOTAL FM JAN 1 3030 HIGHEST SLP 30.30 ON 19
DPTR FM NORMAL 447 LOWEST SLP 29.54 ON 23
[REMARKS]
#FINAL-10-22#