000
CXUS54 KFWD 010832
CF6FTW
PRELIMINARY LOCAL CLIMATOLOGICAL DATA (WS FORM: F-6)
STATION: FORT WORTH MEACHAM
MONTH: DECEMBER
YEAR: 2023
LATITUDE: 32 49 N
LONGITUDE: 97 21 W
TEMPERATURE IN F: :PCPN: SNOW: WIND :SUNSHINE: SKY :PK WND
================================================================================
1 2 3 4 5 6A 6B 7 8 9 10 11 12 13 14 15 16 17 18
12Z AVG MX 2MIN
DY MAX MIN AVG DEP HDD CDD WTR SNW DPTH SPD SPD DIR MIN PSBL S-S WX SPD DR
================================================================================
1 59 41 50 -1 15 0 0.00 M M 8.2 20 300 M M 0 25 300
2 68 40 54 4 11 0 T M M 4.2 13 270 M M 2 1 18 270
3 72 37 55 5 10 0 0.00 M M 9.1 22 360 M M 0 31 10
4 62 42 52 2 13 0 0.00 M M 4.0 10 320 M M 0 16 310
5 70 37 54 4 11 0 0.00 M M 3.6 12 10 M M 0 8 15 350
6 66 39 53 3 12 0 0.00 M M 6.6 13 170 M M 0 8 17 150
7 69 48 59 10 6 0 0.00 M M 16.1 26 180 M M 2 38 190
8 79 59 69 20 0 4 0.00 M M 13.9 24 190 M M 2 31 190
9 64 42 53 4 12 0 0.00 M M 13.3 22 340 M M 0 1 32 350
10 53 32 43 -5 22 0 0.00 M M 8.3 17 320 M M 0 24 310
11 63 35 49 1 16 0 0.00 M M 5.8 14 130 M M 0 17 130
12 63 39 51 3 14 0 0.00 M M 7.8 17 150 M M 2 22 160
13 60 48 54 6 11 0 T M M 9.5 21 100 M M 7 26 110
14 61 45 53 5 12 0 0.00 M M 9.1 18 120 M M 5 25 130
15 58 42 50 3 15 0 0.49 M M 8.5 22 140 M M 8 1 32 140
16 58 39 49 2 16 0 0.00 M M 7.7 18 300 M M 0 25 300
17 69 35 52 5 13 0 0.00 M M 3.4 10 260 M M 0 14 260
18 61 42 52 5 13 0 0.00 M M 8.3 18 20 M M 0 23 30
19 59 38 49 2 16 0 0.00 M M 9.1 17 160 M M 0 23 150
20 64 45 55 9 10 0 0.00 M M 10.0 18 160 M M 4 22 140
21 59 55 57 11 8 0 1.18 M M 9.3 14 140 M M 10 1 18 150
22 68 56 62 16 3 0 0.05 M M 7.5 18 160 M M 7 1 23 170
23 63 59 61 15 4 0 0.67 M M 10.9 20 160 M M 10 13 27 170
24 66 42 54 8 11 0 1.50 M M 12.8 32 310 M M 7 13 43 310
25 48 35 42 -4 23 0 0.00 M M 12.2 25 320 M M 0 34 320
26 55 29 42 -4 23 0 0.00 M M 7.6 22 170 M M 0 29 180
27 49 35 42 -4 23 0 0.00 M M 9.5 20 320 M M 0 27 320
28 48 33 41 -5 24 0 0.00 M M 8.2 20 310 M M 5 25 310
29 54 31 43 -3 22 0 0.00 M M 8.8 20 290 M M 0 27 280
30 63 31 47 2 18 0 0.00 M M 3.9 10 210 M M 0 15 230
31 67 36 52 7 13 0 0.00 M M 6.1 18 360 M M 0 24 360
================================================================================
SM 1918 1267 420 4 3.89 M 263.3 M 71
================================================================================
AV 61.9 40.9 8.5 FASTST M M 2 MAX(MPH)
MISC ----> 32 310 43 310
================================================================================
NOTES:
# LAST OF SEVERAL OCCURRENCES
COLUMN 17 PEAK WIND IN M.P.H.
PRELIMINARY LOCAL CLIMATOLOGICAL DATA (WS FORM: F-6) , PAGE 2
STATION: FORT WORTH MEACHAM
MONTH: DECEMBER
YEAR: 2023
LATITUDE: 32 49 N
LONGITUDE: 97 21 W
[TEMPERATURE DATA] [PRECIPITATION DATA] SYMBOLS USED IN COLUMN 16
AVERAGE MONTHLY: 51.4 TOTAL FOR MONTH: 3.89 1 = FOG OR MIST
DPTR FM NORMAL: 3.9 DPTR FM NORMAL: 1.25 2 = FOG REDUCING VISIBILITY
HIGHEST: 79 ON 8 GRTST 24HR 2.17 ON 23-24 TO 1/4 MILE OR LESS
LOWEST: 29 ON 26 3 = THUNDER
SNOW, ICE PELLETS, HAIL 4 = ICE PELLETS
TOTAL MONTH: M 5 = HAIL
GRTST 24HR M ON M 6 = FREEZING RAIN OR DRIZZLE
GRTST DEPTH: M ON M 7 = DUSTSTORM OR SANDSTORM:
VSBY 1/2 MILE OR LESS
8 = SMOKE OR HAZE
[NO. OF DAYS WITH] [WEATHER - DAYS WITH] 9 = BLOWING SNOW
X = TORNADO
MAX 32 OR BELOW: 0 0.01 INCH OR MORE: 5
MAX 90 OR ABOVE: 0 0.10 INCH OR MORE: 4
MIN 32 OR BELOW: 4 0.50 INCH OR MORE: 3
MIN 0 OR BELOW: 0 1.00 INCH OR MORE: 2
[HDD (BASE 65) ]
TOTAL THIS MO. 420 CLEAR (SCALE 0-3) 22
DPTR FM NORMAL -125 PTCLDY (SCALE 4-7) 7
TOTAL FM JUL 1 793 CLOUDY (SCALE 8-10) 2
DPTR FM NORMAL -138
[CDD (BASE 65) ]
TOTAL THIS MO. 4
DPTR FM NORMAL 0 [PRESSURE DATA]
TOTAL FM JAN 1 3471 HIGHEST SLP 30.50 ON 13
DPTR FM NORMAL 776 LOWEST SLP 29.63 ON 8
[REMARKS]
#FINAL-12-23#