000
CXUS52 KMFL 011030
CF6FXE
PRELIMINARY LOCAL CLIMATOLOGICAL DATA (WS FORM: F-6)
STATION: FORT LAUDERDALE EXEC ARPT
MONTH: SEPTEMBER
YEAR: 2021
LATITUDE: 26 12 N
LONGITUDE: 80 11 W
TEMPERATURE IN F: :PCPN: SNOW: WIND :SUNSHINE: SKY :PK WND
================================================================================
1 2 3 4 5 6A 6B 7 8 9 10 11 12 13 14 15 16 17 18
12Z AVG MX 2MIN
DY MAX MIN AVG DEP HDD CDD WTR SNW DPTH SPD SPD DIR MIN PSBL S-S WX SPD DR
================================================================================
1 95 76 86 3 0 21 T M M 3.7 16 130 M M 1 3 25 200
2 92 74 83 0 0 18 0.33 0.0 0 4.1 26 250 M M 2 138 32 270
3 88 74 81 -2 0 16 1.05 0.0 0 5.6 20 280 M M 3 18 24 270
4 91 75 83 0 0 18 0.03 M M 2.3 13 220 M M 3 3 16 70
5 92 75 84 1 0 19 0.18 0.0 0 5.5 17 210 M M 2 3 23 220
6 93 76 85 2 0 20 0.00 0.0 0 6.1 14 100 M M 2 18 100
7 93 77 85 2 0 20 0.69 0.0 0 3.7 15 110 M M 2 13 19 120
8 91 75 83 0 0 18 T 0.0 0 4.3 17 120 M M 2 3 22 110
9 94 72 83 0 0 18 0.95 0.0 M 4.6 31 270 M M 2 13 39 270
10 91 75 83 0 0 18 0.02 0.0 M 4.6 18 260 M M 2 3 23 260
11 92 74 83 0 0 18 0.00 M M 5.6 14 100 M M 0 20 100
12 91 79 85 2 0 20 T M M 9.7 20 80 M M 3 25 90
13 89 72 81 -2 0 16 1.65 M M 4.3 30 70 M M 5 13 37 80
14 89 74 82 -1 0 17 0.07 M M 5.8 13 100 M M 3 M M
15 90 75 83 0 0 18 0.00 M M 4.8 17 80 M M 2 22 100
16 90 75 83 0 0 18 0.64 0.0 0 3.7 23 180 M M 3 18 30 180
17 90 73 82 -1 0 17 0.54 0.0 0 3.1 23 260 M M 3 13 29 250
18 92 74 83 1 0 18 0.18 0.0 0 3.7 13 150 M M 3 3 16 140
19 90 75 83 1 0 18 0.00 0.0 0 4.0 16 270 M M 4 3 19 270
20 90 76 83 1 0 18 T M M 5.2 15 110 M M 2 3 20 100
21 80 74 77 -5 0 12 0.63 M M 3.5 16 90 M M 5 13 22 100
22 85 73 79 -3 0 14 0.35 M M 4.0 23 240 M M 3 13 29 240
23 90 73 82 0 0 17 1.45 0.0 0 3.5 16 230 M M 3 13 18 230
24 90 75 83 1 0 18 0.01 0.0 0 3.5 12 300 M M 4 3 17 310
25 89 74 82 0 0 17 0.27 0.0 0 4.5 20 90 M M 4 138 25 80
26 88 76 82 0 0 17 T 0.0 0 7.7 18 80 M M 3 23 50
27 88 72 80 -2 0 15 0.00 0.0 0 6.9 15 60 M M 1 20 80
28 88 73 81 -1 0 16 0.00 0.0 0 6.7 16 70 M M 3 21 50
29 88 72 80 -2 0 15 0.00 M M 6.1 15 80 M M 3 20 70
30 89 73 81 -1 0 16 0.01 M M 9.2 20 80 M M 3 25 80
================================================================================
SM 2698 2231 0 521 9.05 0.0 150.0 M 81
================================================================================
AV 89.9 74.4 5.0 FASTST M M 3 MAX(MPH)
MISC ----> 31 270 39 270
================================================================================
NOTES:
# LAST OF SEVERAL OCCURRENCES
COLUMN 17 PEAK WIND IN M.P.H.
PRELIMINARY LOCAL CLIMATOLOGICAL DATA (WS FORM: F-6) , PAGE 2
STATION: FORT LAUDERDALE EXEC ARPT
MONTH: SEPTEMBER
YEAR: 2021
LATITUDE: 26 12 N
LONGITUDE: 80 11 W
[TEMPERATURE DATA] [PRECIPITATION DATA] SYMBOLS USED IN COLUMN 16
AVERAGE MONTHLY: 82.2 TOTAL FOR MONTH: 9.05 1 = FOG OR MIST
DPTR FM NORMAL: -0.4 DPTR FM NORMAL: 0.92 2 = FOG REDUCING VISIBILITY
HIGHEST: 95 ON 1 GRTST 24HR 1.65 ON 13-13 TO 1/4 MILE OR LESS
LOWEST: 72 ON 29,27 3 = THUNDER
SNOW, ICE PELLETS, HAIL 4 = ICE PELLETS
TOTAL MONTH: 0.0 INCH 5 = HAIL
GRTST 24HR 0.0 6 = FREEZING RAIN OR DRIZZLE
GRTST DEPTH: 0 7 = DUSTSTORM OR SANDSTORM:
VSBY 1/2 MILE OR LESS
8 = SMOKE OR HAZE
[NO. OF DAYS WITH] [WEATHER - DAYS WITH] 9 = BLOWING SNOW
X = TORNADO
MAX 32 OR BELOW: 0 0.01 INCH OR MORE: 18
MAX 90 OR ABOVE: 19 0.10 INCH OR MORE: 13
MIN 32 OR BELOW: 0 0.50 INCH OR MORE: 8
MIN 0 OR BELOW: 0 1.00 INCH OR MORE: 3
[HDD (BASE 65) ]
TOTAL THIS MO. 0 CLEAR (SCALE 0-3) 20
DPTR FM NORMAL 0 PTCLDY (SCALE 4-7) 10
TOTAL FM JUL 1 0 CLOUDY (SCALE 8-10) 0
DPTR FM NORMAL 0
[CDD (BASE 65) ]
TOTAL THIS MO. 521
DPTR FM NORMAL -9 [PRESSURE DATA]
TOTAL FM JAN 1 3711 HIGHEST SLP 30.17 ON 12
DPTR FM NORMAL 162 LOWEST SLP 29.84 ON 23
[REMARKS]
#FINAL-09-21#