000
CXUS52 KMFL 011000
CF6FXE
PRELIMINARY LOCAL CLIMATOLOGICAL DATA (WS FORM: F-6)
STATION: FORT LAUDERDALE EXEC ARPT
MONTH: MARCH
YEAR: 2020
LATITUDE: 26 12 N
LONGITUDE: 80 11 W
TEMPERATURE IN F: :PCPN: SNOW: WIND :SUNSHINE: SKY :PK WND
================================================================================
1 2 3 4 5 6A 6B 7 8 9 10 11 12 13 14 15 16 17 18
12Z AVG MX 2MIN
DY MAX MIN AVG DEP HDD CDD WTR SNW DPTH SPD SPD DIR MIN PSBL S-S WX SPD DR
================================================================================
1 76 51 64 -6 1 0 0.00 0.0 0 8.4 18 100 M M 3 24 80
2 78 67 73 3 0 8 0.00 0.0 0 12.9 23 120 M M 4 29 110
3 82 68 75 5 0 10 0.00 0.0 0 9.4 20 140 M M 4 25 160
4 85 65 75 5 0 10 0.00 0.0 0 7.4 18 140 M M 1 1 24 140
5 93 75 84 14 0 19 0.00 0.0 0 9.7 18 240 M M 3 23 260
6 81 65 73 3 0 8 T 0.0 0 8.8 17 290 M M 4 24 300
7 75 57 66 -4 0 1 T 0.0 0 12.0 20 40 M M 4 28 60
8 74 66 70 0 0 5 0.00 0.0 0 17.3 28 80 M M 9 35 80
9 78 66 72 2 0 7 0.05 0.0 0 20.5 33 80 M M 9 41 80
10 79 66 73 2 0 8 0.37 0.0 0 14.1 25 100 M M 6 18 31 90
11 80 68 74 3 0 9 T 0.0 0 9.6 23 60 M M 6 27 50
12 82 66 74 3 0 9 0.06 0.0 0 6.9 15 80 M M 4 1 20 80
13 83 65 74 3 0 9 0.00 0.0 0 7.2 16 80 M M 3 21 70
14 84 73 79 8 0 14 0.00 0.0 0 11.1 17 90 M M 4 21 80
15 83 72 78 7 0 13 T 0.0 0 8.9 15 70 M M 2 20 60
16 82 66 74 3 0 9 T 0.0 0 8.1 17 90 M M 2 25 80
17 83 72 78 7 0 13 0.05 0.0 0 11.8 18 100 M M 4 1 23 80
18 82 71 77 5 0 12 0.00 0.0 0 10.6 17 90 M M 3 23 100
19 84 74 79 7 0 14 T 0.0 0 14.2 22 100 M M 4 31 110
20 83 74 79 7 0 14 T 0.0 0 12.5 21 100 M M 3 26 110
21 84 73 79 7 0 14 0.00 0.0 0 9.9 15 110 M M 2 19 70
22 84 70 77 5 0 12 0.00 0.0 0 9.8 17 100 M M 3 24 120
23 84 71 78 6 0 13 0.00 0.0 0 7.7 17 110 M M 3 22 160
24 85 69 77 5 0 12 0.00 0.0 0 6.9 17 130 M M 4 22 110
25 90 68 79 7 0 14 0.00 0.0 0 6.6 15 260 M M 3 21 260
26 88 67 78 6 0 13 0.00 0.0 0 6.1 15 80 M M 2 1 20 80
27 86 70 78 6 0 13 0.00 0.0 0 5.9 14 100 M M 2 20 80
28 83 66 75 2 0 10 0.00 0.0 0 8.8 20 110 M M 3 25 110
29 86 74 80 7 0 15 0.00 0.0 0 9.6 17 110 M M 3 22 140
30 87 71 79 6 0 14 0.00 0.0 0 6.0 14 150 M M 2 21 90
31 92 73 83 10 0 18 0.00 0.0 0 11.2 23 250 M M 4 30 240
================================================================================
SM 2576 2119 1 340 0.53 0.0 309.9 M 113
================================================================================
AV 83.1 68.4 10.0 FASTST M M 4 MAX(MPH)
MISC ----> # 33 80 # 41 80
================================================================================
NOTES:
# LAST OF SEVERAL OCCURRENCES
COLUMN 17 PEAK WIND IN M.P.H.
PRELIMINARY LOCAL CLIMATOLOGICAL DATA (WS FORM: F-6) , PAGE 2
STATION: FORT LAUDERDALE EXEC ARPT
MONTH: MARCH
YEAR: 2020
LATITUDE: 26 12 N
LONGITUDE: 80 11 W
[TEMPERATURE DATA] [PRECIPITATION DATA] SYMBOLS USED IN COLUMN 16
AVERAGE MONTHLY: 75.7 TOTAL FOR MONTH: 0.53 1 = FOG OR MIST
DPTR FM NORMAL: 4.4 DPTR FM NORMAL: -4.95 2 = FOG REDUCING VISIBILITY
HIGHEST: 93 ON 5 GRTST 24HR 0.37 ON 10-10 TO 1/4 MILE OR LESS
LOWEST: 51 ON 1 3 = THUNDER
SNOW, ICE PELLETS, HAIL 4 = ICE PELLETS
TOTAL MONTH: 0.0 INCH 5 = HAIL
GRTST 24HR 0.0 6 = FREEZING RAIN OR DRIZZLE
GRTST DEPTH: 0 7 = DUSTSTORM OR SANDSTORM:
VSBY 1/2 MILE OR LESS
8 = SMOKE OR HAZE
[NO. OF DAYS WITH] [WEATHER - DAYS WITH] 9 = BLOWING SNOW
X = TORNADO
MAX 32 OR BELOW: 0 0.01 INCH OR MORE: 4
MAX 90 OR ABOVE: 3 0.10 INCH OR MORE: 1
MIN 32 OR BELOW: 0 0.50 INCH OR MORE: 0
MIN 0 OR BELOW: 0 1.00 INCH OR MORE: 0
[HDD (BASE 65) ]
TOTAL THIS MO. 1 CLEAR (SCALE 0-3) 16
DPTR FM NORMAL -14 PTCLDY (SCALE 4-7) 13
TOTAL FM JUL 1 80 CLOUDY (SCALE 8-10) 2
DPTR FM NORMAL -88
[CDD (BASE 65) ]
TOTAL THIS MO. 340
DPTR FM NORMAL 129 [PRESSURE DATA]
TOTAL FM JAN 1 722 HIGHEST SLP 30.44 ON 9
DPTR FM NORMAL 249 LOWEST SLP 29.79 ON 31
[REMARKS]
#FINAL-03-20#