000
CXUS54 KOUN 010810
CF6GAG
PRELIMINARY LOCAL CLIMATOLOGICAL DATA (WS FORM: F-6)
STATION: GAGE
MONTH: AUGUST
YEAR: 2021
LATITUDE: 36 17 N
LONGITUDE: 99 46 W
TEMPERATURE IN F: :PCPN: SNOW: WIND :SUNSHINE: SKY :PK WND
================================================================================
1 2 3 4 5 6A 6B 7 8 9 10 11 12 13 14 15 16 17 18
12Z AVG MX 2MIN
DY MAX MIN AVG DEP HDD CDD WTR SNW DPTH SPD SPD DIR MIN PSBL S-S WX SPD DR
================================================================================
1 83 66 75 -7 0 10 0.18 M M 9.3 22 40 M M 7 138 27 20
2 85 59 72 -10 0 7 0.00 M M 4.4 14 40 M M 0 18 20 60
3 88 54 71 -11 0 6 0.00 M M 5.8 14 120 M M 0 1 22 120
4 88 58 73 -9 0 8 0.00 M M 5.6 13 160 M M 0 18 16 150
5 93 64 79 -3 0 14 0.00 M M 7.2 18 170 M M 1 18 36 190
6 96 67 82 0 0 17 0.00 M M 13.1 24 170 M M 0 1 31 170
7 98 67 83 1 0 18 0.36 0.0 M 20.2 33 180 M M 1 13 43 200
8 93 68 81 -1 0 16 0.01 M M 9.4 37 170 M M 1 3 45 170
9 100 68 84 2 0 19 0.00 0.0 M 12.8 28 180 M M 0 34 190
10 99 76 88 6 0 23 0.00 0.0 M 20.2 30 180 M M 0 37 180
11 99 77 88 6 0 23 0.00 0.0 M 17.6 24 170 M M 0 33 180
12 100 74 87 6 0 22 0.00 M M 13.9 21 190 M M 0 8 26 190
13 93 68 81 0 0 16 T M M 8.2 25 10 M M 1 33 10
14 91 62 77 -4 0 12 0.00 M M 5.3 14 130 M M 3 19 80
15 92 63 78 -3 0 13 0.00 M M 7.9 16 160 M M 0 22 140
16 78 68 73 -8 0 8 0.27 M M 5.5 13 180 M M 3 13 17 180
17 90 64 77 -4 0 12 0.00 M M 8.9 28 140 M M 1 1 35 150
18 87 69 78 -2 0 13 0.00 M M 12.5 20 160 M M 4 25 170
19 91 73 82 2 0 17 0.00 M M 15.2 24 160 M M 6 31 170
20 101 72 87 7 0 22 0.00 M M 18.0 26 160 M M 0 32 160
21 92 69 81 1 0 16 0.09 M M 10.5 21 160 M M 4 13 29 120
22 96 66 81 1 0 16 0.00 M M 14.0 30 180 M M 0 36 180
23 99 74 87 7 0 22 0.00 M M 19.2 29 180 M M 0 37 200
24 102 74 88 9 0 23 0.00 M M 18.6 30 190 M M 0 38 200
25 102 75 89 10 0 24 0.00 M M 14.7 23 200 M M 0 27 170
26 99 73 86 7 0 21 0.00 M M 14.2 23 160 M M 0 28 160
27 97 73 85 6 0 20 0.00 M M 15.0 23 170 M M 0 29 190
28 96 72 84 6 0 19 0.00 M M 15.2 25 190 M M 1 31 170
29 92 70 81 3 0 16 0.07 M M 10.0 35 10 M M 3 38 42 20
30 92 64 78 0 0 13 T M M 4.1 18 240 M M 2 13 23 240
31 99 64 82 4 0 17 0.00 M M 7.6 18 190 M M 0 23 200
================================================================================
SM 2911 2111 0 503 0.98 0.0 364.1 M 38
================================================================================
AV 93.9 68.1 11.7 FASTST M M 1 MAX(MPH)
MISC ----> 37 170 45 170
================================================================================
NOTES:
# LAST OF SEVERAL OCCURRENCES
COLUMN 17 PEAK WIND IN M.P.H.
PRELIMINARY LOCAL CLIMATOLOGICAL DATA (WS FORM: F-6) , PAGE 2
STATION: GAGE
MONTH: AUGUST
YEAR: 2021
LATITUDE: 36 17 N
LONGITUDE: 99 46 W
[TEMPERATURE DATA] [PRECIPITATION DATA] SYMBOLS USED IN COLUMN 16
AVERAGE MONTHLY: 81.0 TOTAL FOR MONTH: 0.98 1 = FOG OR MIST
DPTR FM NORMAL: 0.4 DPTR FM NORMAL: -1.52 2 = FOG REDUCING VISIBILITY
HIGHEST: 102 ON 25,24 GRTST 24HR 0.37 ON 7- 8 TO 1/4 MILE OR LESS
LOWEST: 54 ON 3 3 = THUNDER
SNOW, ICE PELLETS, HAIL 4 = ICE PELLETS
TOTAL MONTH: 0.0 INCH 5 = HAIL
GRTST 24HR 0.0 6 = FREEZING RAIN OR DRIZZLE
GRTST DEPTH: M ON M 7 = DUSTSTORM OR SANDSTORM:
VSBY 1/2 MILE OR LESS
8 = SMOKE OR HAZE
[NO. OF DAYS WITH] [WEATHER - DAYS WITH] 9 = BLOWING SNOW
X = TORNADO
MAX 32 OR BELOW: 0 0.01 INCH OR MORE: 6
MAX 90 OR ABOVE: 25 0.10 INCH OR MORE: 3
MIN 32 OR BELOW: 0 0.50 INCH OR MORE: 0
MIN 0 OR BELOW: 0 1.00 INCH OR MORE: 0
[HDD (BASE 65) ]
TOTAL THIS MO. 0 CLEAR (SCALE 0-3) 25
DPTR FM NORMAL 0 PTCLDY (SCALE 4-7) 6
TOTAL FM JUL 1 0 CLOUDY (SCALE 8-10) 0
DPTR FM NORMAL 0
[CDD (BASE 65) ]
TOTAL THIS MO. 503
DPTR FM NORMAL 21 [PRESSURE DATA]
TOTAL FM JAN 1 1530 HIGHEST SLP M ON M
DPTR FM NORMAL -74 LOWEST SLP 29.62 ON 31
[REMARKS]
#FINAL-08-21#