000
CXUS54 KOUN 010810
CF6GAG
PRELIMINARY LOCAL CLIMATOLOGICAL DATA (WS FORM: F-6)
STATION: GAGE
MONTH: MAY
YEAR: 2021
LATITUDE: 36 17 N
LONGITUDE: 99 46 W
TEMPERATURE IN F: :PCPN: SNOW: WIND :SUNSHINE: SKY :PK WND
================================================================================
1 2 3 4 5 6A 6B 7 8 9 10 11 12 13 14 15 16 17 18
12Z AVG MX 2MIN
DY MAX MIN AVG DEP HDD CDD WTR SNW DPTH SPD SPD DIR MIN PSBL S-S WX SPD DR
================================================================================
1 83 45 64 1 1 0 0.00 M M 15.0 28 180 M M 0 35 170
2 84 63 74 11 0 9 0.00 M M 18.2 29 180 M M 4 40 200
3 73 52 63 0 2 0 T M M 20.2 31 360 M M 9 39 20
4 69 40 55 -9 10 0 T M M 12.1 23 360 M M 4 29 10
5 79 40 60 -4 5 0 0.31 M M 11.9 38 10 M M 7 13 45 10
6 77 52 65 1 0 0 0.01 M M 6.5 15 40 M M 2 18 30
7 88 52 70 5 0 5 0.08 M M 17.3 35 190 M M 1 13 43 190
8 95 55 75 10 0 10 0.00 M M 16.8 39 340 M M 0 52 350
9 69 48 59 -6 6 0 T M M 16.5 33 20 M M 1 44 20
10 56 45 51 -15 14 0 0.37 M M 10.4 18 60 M M 10 1 23 60
11 57 44 51 -15 14 0 0.10 M M 11.3 23 40 M M 9 13 28 40
12 64 41 53 -14 12 0 0.00 M M 3.5 12 70 M M 5 1 13 50
13 72 38 55 -12 10 0 0.00 M M 8.9 20 160 M M 2 1 24 150
14 81 56 69 2 0 4 0.00 M M 19.7 31 160 M M 1 38 160
15 82 59 71 3 0 6 0.06 M M 14.8 25 160 M M 4 13 32 170
16 82 63 73 5 0 8 0.27 M M 10.2 23 170 M M 4 13 30 160
17 79 55 67 -1 0 2 0.49 M M 7.2 33 270 M M 7 123 45 240
18 78 54 66 -3 0 1 0.21 M M 6.5 21 50 M M 5 13 26 50
19 79 56 68 -1 0 3 0.13 M M 6.6 15 280 M M 4 13 21 110
20 80 56 68 -2 0 3 0.00 M M 14.2 25 160 M M 3 33 190
21 83 64 74 4 0 9 0.00 M M 17.8 25 150 M M 5 30 160
22 86 67 77 7 0 12 T M M 14.5 26 160 M M 6 3 32 160
23 73 63 68 -3 0 3 0.09 M M 17.2 30 160 M M 10 18 40 160
24 78 62 70 -1 0 5 0.00 M M 16.4 25 170 M M 8 18 32 170
25 86 65 76 5 0 11 0.00 M M 9.3 25 160 M M 3 1 34 170
26 88 67 78 6 0 13 0.00 M M 15.5 31 170 M M 2 3 39 170
27 89 57 73 1 0 8 0.00 M M 14.1 39 200 M M 2 51 190
28 73 48 61 -11 4 0 0.00 M M 7.3 16 50 M M 0 3 20 50
29 77 52 65 -8 0 0 0.00 M M 9.5 16 120 M M 2 25 140
30 72 57 65 -8 0 0 0.17 M M 8.4 18 190 M M 6 138 22 190
31 67 59 63 -10 2 0 1.21 0.0 M 9.2 20 40 M M 9 138 23 40
================================================================================
SM 2399 1675 80 112 3.50 0.0 387.0 M 135
================================================================================
AV 77.4 54.0 12.5 FASTST M M 4 MAX(MPH)
MISC ----> # 39 340 52 350
================================================================================
NOTES:
# LAST OF SEVERAL OCCURRENCES
COLUMN 17 PEAK WIND IN M.P.H.
PRELIMINARY LOCAL CLIMATOLOGICAL DATA (WS FORM: F-6) , PAGE 2
STATION: GAGE
MONTH: MAY
YEAR: 2021
LATITUDE: 36 17 N
LONGITUDE: 99 46 W
[TEMPERATURE DATA] [PRECIPITATION DATA] SYMBOLS USED IN COLUMN 16
AVERAGE MONTHLY: 65.7 TOTAL FOR MONTH: 3.50 1 = FOG OR MIST
DPTR FM NORMAL: -2.3 DPTR FM NORMAL: 0.45 2 = FOG REDUCING VISIBILITY
HIGHEST: 95 ON 8 GRTST 24HR 1.33 ON 30-31 TO 1/4 MILE OR LESS
LOWEST: 38 ON 13 3 = THUNDER
SNOW, ICE PELLETS, HAIL 4 = ICE PELLETS
TOTAL MONTH: 0.0 INCH 5 = HAIL
GRTST 24HR 0.0 6 = FREEZING RAIN OR DRIZZLE
GRTST DEPTH: M ON M 7 = DUSTSTORM OR SANDSTORM:
VSBY 1/2 MILE OR LESS
8 = SMOKE OR HAZE
[NO. OF DAYS WITH] [WEATHER - DAYS WITH] 9 = BLOWING SNOW
X = TORNADO
MAX 32 OR BELOW: 0 0.01 INCH OR MORE: 13
MAX 90 OR ABOVE: 1 0.10 INCH OR MORE: 9
MIN 32 OR BELOW: 0 0.50 INCH OR MORE: 1
MIN 0 OR BELOW: 0 1.00 INCH OR MORE: 1
[HDD (BASE 65) ]
TOTAL THIS MO. 80 CLEAR (SCALE 0-3) 12
DPTR FM NORMAL 10 PTCLDY (SCALE 4-7) 13
TOTAL FM JUL 1 4274 CLOUDY (SCALE 8-10) 6
DPTR FM NORMAL 253
[CDD (BASE 65) ]
TOTAL THIS MO. 112
DPTR FM NORMAL -52 [PRESSURE DATA]
TOTAL FM JAN 1 145 HIGHEST SLP M ON M
DPTR FM NORMAL -73 LOWEST SLP 29.32 ON 2
[REMARKS]
#FINAL-05-21#