000
CXUS53 KUNR 010930
CF6GCC
PRELIMINARY LOCAL CLIMATOLOGICAL DATA (WS FORM: F-6)
STATION: GILLETTE AIRPORT WY
MONTH: OCTOBER
YEAR: 2022
LATITUDE: 44 20 N
LONGITUDE: 105 32 W
TEMPERATURE IN F: :PCPN: SNOW: WIND :SUNSHINE: SKY :PK WND
================================================================================
1 2 3 4 5 6A 6B 7 8 9 10 11 12 13 14 15 16 17 18
12Z AVG MX 2MIN
DY MAX MIN AVG DEP HDD CDD WTR SNW DPTH SPD SPD DIR MIN PSBL S-S WX SPD DR
================================================================================
1 61 49 55 3 10 0 0.10 M M 3.8 10 330 M M 9 1 14 320
2 70 39 55 3 10 0 0.00 M M 6.1 20 220 M M 2 12 24 230
3 64 39 52 1 13 0 0.07 M M 5.0 26 290 M M 8 12 34 300
4 64 40 52 1 13 0 0.00 M M 6.0 16 340 M M 6 22 330
5 73 40 57 7 8 0 0.00 M M 5.2 12 170 M M 0 16 300
6 56 35 46 -4 19 0 0.00 M M 7.2 22 350 M M 5 28 340
7 61 32 47 -2 18 0 0.00 M M 3.8 10 350 M M 5 1 15 20
8 68 33 51 2 14 0 0.00 M M 3.8 12 300 M M 0 16 310
9 74 32 53 5 12 0 0.00 M M 3.8 10 170 M M 0 11 110
10 77 32 55 7 10 0 0.00 M M 3.9 16 230 M M 0 20 200
11 58 37 48 1 17 0 T M M 11.5 31 330 M M 4 42 330
12 52 37 45 -2 20 0 0.00 M M 16.6 30 10 M M 6 40 10
13 59 32 46 0 19 0 0.00 M M 16.4 32 330 M M 1 42 300
14 69 42 56 10 9 0 0.00 M M 17.0 33 330 M M 1 44 330
15 55 33 44 -2 21 0 0.06 M M 11.5 25 330 M M 7 1 36 310
16 57 30 44 -1 21 0 0.00 M M 5.9 17 360 M M 0 22 330
17 67 24 46 1 19 0 0.00 M M 4.3 14 180 M M 0 17 180
18 73 31 52 8 13 0 0.00 M M 4.1 18 170 M M 0 21 180
19 71 37 54 10 11 0 0.00 M M 9.6 24 330 M M 0 39 320
20 79 37 58 14 7 0 0.00 M M 9.0 18 220 M M 0 24 320
21 74 36 55 12 10 0 0.00 M M 9.0 22 30 M M 0 28 30
22 70 34 52 9 13 0 0.00 M M 9.7 37 210 M M 3 52 210
23 48 29 39 -3 26 0 0.23 M M 17.8 35 310 M M 9 18 46 310
24 44 28 36 -6 29 0 0.07 M M 15.1 32 310 M M 3 1 45 300
25 50 27 39 -3 26 0 0.00 M M 9.5 26 310 M M 3 37 320
26 50 24 37 -4 28 0 0.00 M M 6.0 15 210 M M 0 21 220
27 54 21 38 -3 27 0 0.00 M M 5.8 21 190 M M 0 27 190
28 63 28 46 5 19 0 0.00 M M 9.9 23 180 M M 0 32 190
29 58 27 43 3 22 0 0.00 M M 5.4 13 270 M M 0 14 260
30 64 23 44 4 21 0 0.00 M M 5.8 17 190 M M 0 22 190
31 64 26 45 5 20 0 0.00 M M 7.2 17 230 M M 0 22 220
================================================================================
SM 1947 1014 525 0 0.53 M 255.7 M 72
================================================================================
AV 62.8 32.7 8.2 FASTST M M 2 MAX(MPH)
MISC ----> 37 210 52 210
================================================================================
NOTES:
# LAST OF SEVERAL OCCURRENCES
COLUMN 17 PEAK WIND IN M.P.H.
PRELIMINARY LOCAL CLIMATOLOGICAL DATA (WS FORM: F-6) , PAGE 2
STATION: GILLETTE AIRPORT WY
MONTH: OCTOBER
YEAR: 2022
LATITUDE: 44 20 N
LONGITUDE: 105 32 W
[TEMPERATURE DATA] [PRECIPITATION DATA] SYMBOLS USED IN COLUMN 16
AVERAGE MONTHLY: 47.8 TOTAL FOR MONTH: 0.53 1 = FOG OR MIST
DPTR FM NORMAL: 2.3 DPTR FM NORMAL: -0.85 2 = FOG REDUCING VISIBILITY
HIGHEST: 79 ON 20 GRTST 24HR 0.27 ON 23-24 TO 1/4 MILE OR LESS
LOWEST: 21 ON 27 3 = THUNDER
SNOW, ICE PELLETS, HAIL 4 = ICE PELLETS
TOTAL MONTH: M 5 = HAIL
GRTST 24HR M ON M 6 = FREEZING RAIN OR DRIZZLE
GRTST DEPTH: M ON M 7 = DUSTSTORM OR SANDSTORM:
VSBY 1/2 MILE OR LESS
8 = SMOKE OR HAZE
[NO. OF DAYS WITH] [WEATHER - DAYS WITH] 9 = BLOWING SNOW
X = TORNADO
MAX 32 OR BELOW: 0 0.01 INCH OR MORE: 5
MAX 90 OR ABOVE: 0 0.10 INCH OR MORE: 2
MIN 32 OR BELOW: 16 0.50 INCH OR MORE: 0
MIN 0 OR BELOW: 0 1.00 INCH OR MORE: 0
[HDD (BASE 65) ]
TOTAL THIS MO. 525 CLEAR (SCALE 0-3) 22
DPTR FM NORMAL -84 PTCLDY (SCALE 4-7) 7
TOTAL FM JUL 1 652 CLOUDY (SCALE 8-10) 2
DPTR FM NORMAL -227
[CDD (BASE 65) ]
TOTAL THIS MO. 0
DPTR FM NORMAL -3 [PRESSURE DATA]
TOTAL FM JAN 1 735 HIGHEST SLP 30.50 ON 7
DPTR FM NORMAL 216 LOWEST SLP 29.20 ON 22
[REMARKS]
#FINAL-10-22#