000
CXUS53 KUNR 011534
CLMGCC
CLIMATE REPORT
NATIONAL WEATHER SERVICE RAPID CITY SD
934 AM MDT SAT JUL 01 2023
...................................
...THE GILLETTE AIRPORT WY CLIMATE SUMMARY FOR THE MONTH OF JUNE 2023...
CLIMATE NORMAL PERIOD 1991 TO 2020
CLIMATE RECORD PERIOD 9999 TO 9999
WEATHER OBSERVED NORMAL DEPART LAST YEAR`S
VALUE DATE(S) VALUE FROM VALUE DATE(S)
NORMAL
................................................................
TEMPERATURE (F)
HIGHEST 88 06/19 94 06/28
06/29
LOWEST 43 06/24 36 06/01
AVG. MAXIMUM 73.9 77.0 -3.1 77.2
AVG. MINIMUM 50.0 47.9 2.1 47.3
MEAN 62.0 62.5 -0.5 62.3
DAYS MAX >= 90 0 4
DAYS MAX <= 32 0 0
DAYS MIN <= 32 0 0
DAYS MIN <= 0 0 0
PRECIPITATION (INCHES)
TOTALS 3.88 2.03 1.85 2.01
DAILY AVG. 0.13 0.07 0.06 0.07
DAYS >= .01 15 9
DAYS >= .10 10 5
DAYS >= .50 2 1
DAYS >= 1.00 0 0
GREATEST
24 HR. TOTAL 1.01 06/01 TO 06/02 0.78
DEGREE DAYS
HEATING TOTAL 102 138 -36 137
SINCE 7/1 7642 7497 145 MM
COOLING TOTAL 17 62 -45 62
SINCE 1/1 24 69 -45 MM
................................................................
WIND (MPH)
AVERAGE WIND SPEED 7.5
HIGHEST WIND SPEED/DIRECTION 29/170 DATE 06/01
29/210 06/18
HIGHEST GUST SPEED/DIRECTION 41/230 DATE 06/26
AVERAGE RH (PERCENT) 71
WEATHER CONDITIONS. NUMBER OF DAYS WITH
THUNDERSTORM 15 MIXED PRECIP 0
HEAVY RAIN 4 RAIN 9
LIGHT RAIN 16 FREEZING RAIN 0
LT FREEZING RAIN 0 HAIL 0
HEAVY SNOW 0 SNOW 0
LIGHT SNOW 0 SLEET 0
FOG 13 FOG W/VIS <= 1/4 MILE 1
HAZE 3
- INDICATES NEGATIVE NUMBERS.
R INDICATES RECORD WAS SET OR TIED.
MM INDICATES DATA IS MISSING.
T INDICATES TRACE AMOUNT.
$$