000
CXUS53 KDDC 031709
CLSGCK
CLIMATE REPORT
NATIONAL WEATHER SERVICE DODGE CITY, KANSAS
1109 AM CST FRI DEC 03 2021
...................................
...THE GARDEN CITY REGIONAL ARPT KS CLIMATE SUMMARY FOR THE SEASON, FROM
9/1/2021 TO 11/30/2021...
CLIMATE NORMAL PERIOD 1991 TO 2020
CLIMATE RECORD PERIOD 1948 TO 2021
WEATHER OBSERVED NORMAL DEPART LAST YEAR`S
VALUE DATE(S) VALUE FROM VALUE DATE(S)
NORMAL
................................................................
TEMPERATURE (F)
RECORD
HIGH 106 09/01/2011
LOW -5 11/28/1976
HIGHEST 103 09/11 MM MM 98 09/25
LOWEST 13 11/18 MM MM 8 11/30
AVG. MAXIMUM 74.7 69.8 4.9 69.7
AVG. MINIMUM 43.3 40.6 2.7 39.0
MEAN 59.0 55.2 3.8 54.3
DAYS MAX >= 90 14 10.2 3.8 9
DAYS MAX <= 32 0 1.5 -1.5 2
DAYS MIN <= 32 18 26.4 -8.4 26
DAYS MIN <= 0 0 0.1 -0.1 0
PRECIPITATION (INCHES)
RECORD
MAXIMUM 10.58 1969
MINIMUM 0.26 2016
TOTALS 3.36 3.21 0.15 1.57
DAYS >= .01 7 13.8 -6.8 7
DAYS >= .10 5 6.3 -1.3 5
DAYS >= .50 3 1.9 1.1 1
DAYS >= 1.00 1 0.7 0.3 0
GREATEST
24 HR. TOTAL 1.83 09/03 TO 09/04 0.84 09/08 TO 09/09
DEGREE DAYS
HEATING TOTAL 798 1082 -284 1088
SINCE 7/1 798 1083 -285 1088
COOLING TOTAL 272 188 84 138
SINCE 1/1 1450 1325 125 1349
................................................................
WIND (MPH)
AVERAGE WIND SPEED 11.6
RESULTANT WIND SPEED/DIRECTION 1/160
HIGHEST WIND SPEED/DIRECTION 45/200 DATE 10/12
HIGHEST GUST SPEED/DIRECTION 66/190 DATE 10/12
SKY COVER
POSSIBLE SUNSHINE (PERCENT) MM
AVERAGE SKY COVER 0.12
NUMBER OF DAYS FAIR 76
NUMBER OF DAYS PC 14
NUMBER OF DAYS CLOUDY 1
AVERAGE RH (PERCENT) 56
WEATHER CONDITIONS. NUMBER OF DAYS WITH
THUNDERSTORM 6 MIXED PRECIP 0
HEAVY RAIN 5 RAIN 5
LIGHT RAIN 11 FREEZING RAIN 0
LT FREEZING RAIN 0 HAIL 0
HEAVY SNOW 0 SNOW 0
LIGHT SNOW 0 SLEET 0
FOG 23 FOG W/VIS <= 1/4 MILE 3
HAZE 14
- INDICATES NEGATIVE NUMBERS.
R INDICATES RECORD WAS SET OR TIED.
MM INDICATES DATA IS MISSING.
T INDICATES TRACE AMOUNT.
$$