000
CXUS56 KFGZ 010910
CF6GCN
PRELIMINARY LOCAL CLIMATOLOGICAL DATA (WS FORM: F-6)
STATION: GRAND CANYON AZ AIRPORT
MONTH: MAY
YEAR: 2023
LATITUDE: 35 57 N
LONGITUDE: 112 9 W
TEMPERATURE IN F: :PCPN: SNOW: WIND :SUNSHINE: SKY :PK WND
================================================================================
1 2 3 4 5 6A 6B 7 8 9 10 11 12 13 14 15 16 17 18
12Z AVG MX 2MIN
DY MAX MIN AVG DEP HDD CDD WTR SNW DPTH SPD SPD DIR MIN PSBL S-S WX SPD DR
================================================================================
1 75 37 56 10 9 0 0.00 M M 10.5 28 210 M M 0 38 210
2 68 36 52 5 13 0 0.00 M M 9.6 23 220 M M 0 8 30 210
3 71 32 52 5 13 0 0.00 M M 9.0 26 220 M M 5 18 39 210
4 62 26 44 -3 21 0 0.00 M M 14.3 37 220 M M 1 8 52 240
5 59 23 41 -7 24 0 0.00 M M 9.7 26 220 M M 5 8 33 190
6 64 21 43 -5 22 0 0.00 M M 10.1 26 220 M M 0 8 37 220
7 68 33 51 3 14 0 0.00 M M 10.0 26 230 M M 2 34 220
8 71 26 49 0 16 0 0.00 M M 9.3 24 230 M M 0 8 35 210
9 72 27 50 1 15 0 0.00 M M 8.2 25 220 M M 0 8 33 220
10 61 27 44 -5 21 0 T M M 5.8 24 230 M M 3 38 31 240
11 68 24 46 -4 19 0 0.00 M M 3.6 17 300 M M 0 26 300
12 73 29 51 1 14 0 0.00 M M 4.2 15 340 M M 2 22 60
13 70 41 56 6 9 0 0.07 M M 10.1 25 60 M M 3 3 32 50
14 77 45 61 11 4 0 0.10 M M 6.8 23 210 M M 4 32 180
15 74 43 59 8 6 0 T M M 5.9 18 70 M M 5 3 22 60
16 72 44 58 7 7 0 0.01 M M 4.4 16 150 M M 7 3 22 150
17 73 37 55 3 10 0 0.09 M M 3.5 16 330 M M 3 3 28 350
18 78 37 58 6 7 0 0.00 M M 5.1 16 250 M M 1 3 23 240
19 76 38 57 5 8 0 T M M 4.6 20 190 M M 2 3 28 230
20 69 42 56 4 9 0 0.06 M M 4.1 14 40 M M 5 3 18 170
21 73 41 57 4 8 0 0.12 M M 1.9 15 40 M M 3 3 18 360
22 75 37 56 3 9 0 0.00 M M 4.5 23 220 M M 2 29 220
23 78 38 58 5 7 0 0.00 M M 5.8 23 220 M M 2 30 210
24 76 33 55 1 10 0 0.00 M M 6.5 21 220 M M 2 8 27 220
25 76 35 56 2 9 0 0.00 M M 8.0 24 210 M M 0 31 210
26 73 33 53 -1 12 0 0.00 M M 6.7 23 210 M M 0 32 220
27 73 30 52 -3 13 0 0.00 M M 4.8 18 220 M M 0 8 24 220
28 77 31 54 -1 11 0 0.00 M M 6.1 22 230 M M 0 28 180
29 76 30 53 -2 12 0 0.00 M M 8.9 26 220 M M 0 34 220
30 76 31 54 -2 11 0 0.00 M M 6.6 22 230 M M 0 33 240
31 74 33 54 -2 11 0 0.00 M M 5.8 23 220 M M 1 8 32 210
================================================================================
SM 2228 1040 374 0 0.45 M 214.4 M 58
================================================================================
AV 71.9 33.5 6.9 FASTST M M 2 MAX(MPH)
MISC ----> 37 220 52 240
================================================================================
NOTES:
# LAST OF SEVERAL OCCURRENCES
COLUMN 17 PEAK WIND IN M.P.H.
PRELIMINARY LOCAL CLIMATOLOGICAL DATA (WS FORM: F-6) , PAGE 2
STATION: GRAND CANYON AZ AIRPORT
MONTH: MAY
YEAR: 2023
LATITUDE: 35 57 N
LONGITUDE: 112 9 W
[TEMPERATURE DATA] [PRECIPITATION DATA] SYMBOLS USED IN COLUMN 16
AVERAGE MONTHLY: 52.7 TOTAL FOR MONTH: 0.45 1 = FOG OR MIST
DPTR FM NORMAL: 1.6 DPTR FM NORMAL: -0.16 2 = FOG REDUCING VISIBILITY
HIGHEST: 78 ON 23,18 GRTST 24HR 0.12 ON 21-21 TO 1/4 MILE OR LESS
LOWEST: 21 ON 6 3 = THUNDER
SNOW, ICE PELLETS, HAIL 4 = ICE PELLETS
TOTAL MONTH: M 5 = HAIL
GRTST 24HR M ON M 6 = FREEZING RAIN OR DRIZZLE
GRTST DEPTH: M ON M 7 = DUSTSTORM OR SANDSTORM:
VSBY 1/2 MILE OR LESS
8 = SMOKE OR HAZE
[NO. OF DAYS WITH] [WEATHER - DAYS WITH] 9 = BLOWING SNOW
X = TORNADO
MAX 32 OR BELOW: 0 0.01 INCH OR MORE: 6
MAX 90 OR ABOVE: 0 0.10 INCH OR MORE: 2
MIN 32 OR BELOW: 13 0.50 INCH OR MORE: 0
MIN 0 OR BELOW: 0 1.00 INCH OR MORE: 0
[HDD (BASE 65) ]
TOTAL THIS MO. 374 CLEAR (SCALE 0-3) 22
DPTR FM NORMAL -56 PTCLDY (SCALE 4-7) 9
TOTAL FM JUL 1 7164 CLOUDY (SCALE 8-10) 0
DPTR FM NORMAL 521
[CDD (BASE 65) ]
TOTAL THIS MO. 0
DPTR FM NORMAL 0 [PRESSURE DATA]
TOTAL FM JAN 1 0 HIGHEST SLP M ON M
DPTR FM NORMAL 0 LOWEST SLP 29.59 ON 1
[REMARKS]
#FINAL-05-23#