000
CXUS54 KFWD 010730
CF6GDJ
PRELIMINARY LOCAL CLIMATOLOGICAL DATA (WS FORM: F-6)
STATION: GRANBURY
MONTH: MARCH
YEAR: 2023
LATITUDE: 32 26 N
LONGITUDE: 97 48 W
TEMPERATURE IN F: :PCPN: SNOW: WIND :SUNSHINE: SKY :PK WND
================================================================================
1 2 3 4 5 6A 6B 7 8 9 10 11 12 13 14 15 16 17 18
12Z AVG MX 2MIN
DY MAX MIN AVG DEP HDD CDD WTR SNW DPTH SPD SPD DIR MIN PSBL S-S WX SPD DR
================================================================================
1 69 54 62 11 3 0 0.43 M M 3.4 9 170 M M 5 13 18 90
2 78 52 65 13 0 0 0.89 M M 8.4 33 320 M M 6 12 41 320
3 64 43 54 2 11 0 0.25 M M 9.5 20 280 M M 2 25 270
4 76 43 60 8 5 0 0.00 M M 6.9 20 210 M M 0 24 210
5 79 50 65 13 0 0 0.00 M M 11.2 21 160 M M 0 26 180
6 81 52 67 14 0 2 0.00 M M 7.0 14 200 M M 0 M M
7 74 55 65 12 0 0 0.00 M M 3.6 10 220 M M 5 1 M M
8 63 47 55 2 10 0 0.00 M M 8.6 14 320 M M 10 1 21 330
9 66 50 58 4 7 0 0.14 M M 4.5 16 330 M M 10 18 18 360
10 65 46 56 2 9 0 0.00 M M 7.0 13 20 M M 4 8 21 20
11 87 55 71 17 0 6 0.00 M M 11.5 20 250 M M 4 25 230
12 66 49 58 4 7 0 M M M 11.0 16 340 M M 1 23 350
13 58 43 51 -4 14 0 0.00 M M 8.5 14 40 M M 2 20 30
14 56 35 46 -9 19 0 M M M 4.9 10 110 M M 5 M M
15 69 46 58 3 7 0 0.00 M M 12.1 20 140 M M 8 25 140
16 82 42 62 7 3 0 0.02 M M 15.9 26 330 M M 8 39 220
17 53 39 46 -10 19 0 0.00 M M 12.3 22 330 M M 2 30 330
18 55 32 44 -12 21 0 0.00 M M 6.0 13 350 M M 1 20 360
19 55 28 42 -14 23 0 0.00 M M 3.6 12 110 M M 0 M M
20 57 37 47 -9 18 0 0.00 M M 12.7 24 150 M M 6 32 150
21 74 50 62 5 3 0 0.00 M M 12.9 17 170 M M 8 1 25 170
22 85 65 75 18 0 10 0.00 M M 11.8 18 170 M M 5 25 180
23 82 67 75 18 0 10 0.00 M M 12.4 21 190 M M 8 31 190
24 76 57 67 9 0 2 0.68 M M 10.3 16 290 M M 7 3 26 280
25 74 45 60 2 5 0 0.00 M M 8.8 17 280 M M 0 24 280
26 75 39 57 -1 8 0 0.00 M M 3.7 10 310 M M 0 22 310
27 65 46 56 -2 9 0 0.16 M M 5.8 12 60 M M 5 3 M M
28 62 44 53 -6 12 0 0.00 M M 8.9 16 340 M M 1 23 340
29 65 47 56 -3 9 0 0.04 M M 5.7 14 140 M M 9 20 140
30 72 57 65 6 0 0 0.06 M M 11.2 20 150 M M 10 1 28 150
31 84 53 69 9 0 4 0.00 M M 15.3 23 280 M M 4 39 280
================================================================================
SM 2167 1468 222 34 2.67 M 275.5 M 136
================================================================================
AV 69.9 47.4 8.9 FASTST M M 4 MAX(MPH)
MISC ----> 33 320 41 320
================================================================================
NOTES:
# LAST OF SEVERAL OCCURRENCES
COLUMN 17 PEAK WIND IN M.P.H.
PRELIMINARY LOCAL CLIMATOLOGICAL DATA (WS FORM: F-6) , PAGE 2
STATION: GRANBURY
MONTH: MARCH
YEAR: 2023
LATITUDE: 32 26 N
LONGITUDE: 97 48 W
[TEMPERATURE DATA] [PRECIPITATION DATA] SYMBOLS USED IN COLUMN 16
AVERAGE MONTHLY: 58.6 TOTAL FOR MONTH: 2.67 1 = FOG OR MIST
DPTR FM NORMAL: 3.2 DPTR FM NORMAL: M 2 = FOG REDUCING VISIBILITY
HIGHEST: 87 ON 11 GRTST 24HR 0.89 ON 2- 2 TO 1/4 MILE OR LESS
LOWEST: 28 ON 19 3 = THUNDER
SNOW, ICE PELLETS, HAIL 4 = ICE PELLETS
TOTAL MONTH: M 5 = HAIL
GRTST 24HR M ON M 6 = FREEZING RAIN OR DRIZZLE
GRTST DEPTH: M ON M 7 = DUSTSTORM OR SANDSTORM:
VSBY 1/2 MILE OR LESS
8 = SMOKE OR HAZE
[NO. OF DAYS WITH] [WEATHER - DAYS WITH] 9 = BLOWING SNOW
X = TORNADO
MAX 32 OR BELOW: 0 0.01 INCH OR MORE: 9
MAX 90 OR ABOVE: 0 0.10 INCH OR MORE: 6
MIN 32 OR BELOW: 2 0.50 INCH OR MORE: 2
MIN 0 OR BELOW: 0 1.00 INCH OR MORE: 0
[HDD (BASE 65) ]
TOTAL THIS MO. 222 CLEAR (SCALE 0-3) 12
DPTR FM NORMAL -93 PTCLDY (SCALE 4-7) 15
TOTAL FM JUL 1 1718 CLOUDY (SCALE 8-10) 4
DPTR FM NORMAL -833
[CDD (BASE 65) ]
TOTAL THIS MO. 34
DPTR FM NORMAL 17 [PRESSURE DATA]
TOTAL FM JAN 1 51 HIGHEST SLP M ON M
DPTR FM NORMAL 30 LOWEST SLP M ON M
[REMARKS]
#FINAL-03-23#