000
CXUS54 KFWD 010830
CF6GDJ
PRELIMINARY LOCAL CLIMATOLOGICAL DATA (WS FORM: F-6)
STATION: GRANBURY
MONTH: FEBRUARY
YEAR: 2021
LATITUDE: 32 26 N
LONGITUDE: 97 48 W
TEMPERATURE IN F: :PCPN: SNOW: WIND :SUNSHINE: SKY :PK WND
================================================================================
1 2 3 4 5 6A 6B 7 8 9 10 11 12 13 14 15 16 17 18
12Z AVG MX 2MIN
DY MAX MIN AVG DEP HDD CDD WTR SNW DPTH SPD SPD DIR MIN PSBL S-S WX SPD DR
================================================================================
1 62 32 47 2 18 0 0.00 M M 4.0 9 350 M M 0 M M
2 67 34 51 6 14 0 0.00 M M 4.4 12 170 M M 0 17 160
3 76 43 60 15 5 0 0.00 M M 11.0 20 190 M M 0 25 160
4 68 44 56 11 9 0 0.00 M M 11.0 24 320 M M 0 29 320
5 60 35 48 2 17 0 0.00 M M 3.9 8 130 M M 3 M M
6 64 42 53 7 12 0 0.00 M M 10.2 23 290 M M 4 29 290
7 65 35 50 4 15 0 0.00 M M 8.0 13 180 M M 2 20 180
8 70 38 54 8 11 0 0.00 M M 10.2 15 330 M M 6 22 150
9 39 31 35 -11 30 0 M M M 9.6 14 320 M M 10 1 18 330
10 33 30 32 -14 33 0 0.00 M M 9.6 15 340 M M 10 1 17 320
11 31 26 29 -18 36 0 M M M 11.9 15 330 M M 10 1 21 320
12 30 24 27 -20 38 0 0.00 0.0 0 11.3 16 350 M M 10 21 360
13 34 22 28 -19 37 0 0.00 M M 10.8 15 350 M M 10 20 340
14 28 10 19 -28 46 0 0.01 M M 14.0 18 350 M M 10 27 330
15 17 4 11 -37 54 0 0.00 M M 15.2 23 320 M M 2 32 320
16 22 -1 11 -37 54 0 0.00 M M 6.1 13 120 M M 4 20 110
17 29 21 25 -23 40 0 0.00 M M 7.0 10 350 M M 10 1 M M
18 33 23 28 -20 37 0 0.00 M M 11.3 18 320 M M 4 24 340
19 47 15 31 -18 34 0 0.00 M M 3.6 8 130 M M 0 M M
20 62 28 45 -4 20 0 0.00 M M 9.1 18 140 M M 0 1 25 170
21 75 42 59 10 6 0 0.00 M M 12.7 21 240 M M 4 31 220
22 74 30 52 3 13 0 0.00 M M 6.0 17 220 M M 0 25 220
23 83 40 62 12 3 0 0.00 0.0 M 11.2 25 190 M M 0 38 190
24 71 48 60 10 5 0 0.00 M M 11.2 22 200 M M 0 26 190
25 53 46 50 0 15 0 0.12 M M 6.9 12 320 M M 8 3 M M
26 61 45 53 3 12 0 0.99 M M 5.2 12 310 M M 7 13 18 320
27 73 53 63 12 2 0 0.01 M M 5.7 12 170 M M 8 12 20 160
28 73 50 62 11 3 0 M M M 8.3 18 300 M M 8 1 28 300
================================================================================
SM 1500 890 619 0 1.13 0.0 249.3 M 130
================================================================================
AV 53.6 31.8 8.9 FASTST M M 5 MAX(MPH)
MISC ----> 25 190 38 190
================================================================================
NOTES:
# LAST OF SEVERAL OCCURRENCES
COLUMN 17 PEAK WIND IN M.P.H.
PRELIMINARY LOCAL CLIMATOLOGICAL DATA (WS FORM: F-6) , PAGE 2
STATION: GRANBURY
MONTH: FEBRUARY
YEAR: 2021
LATITUDE: 32 26 N
LONGITUDE: 97 48 W
[TEMPERATURE DATA] [PRECIPITATION DATA] SYMBOLS USED IN COLUMN 16
AVERAGE MONTHLY: 42.7 TOTAL FOR MONTH: 1.13 1 = FOG OR MIST
DPTR FM NORMAL: -4.9 DPTR FM NORMAL: 1.13 2 = FOG REDUCING VISIBILITY
HIGHEST: 83 ON 23 GRTST 24HR 0.99 ON 26-26 TO 1/4 MILE OR LESS
LOWEST: -1 ON 16 3 = THUNDER
SNOW, ICE PELLETS, HAIL 4 = ICE PELLETS
TOTAL MONTH: 0.0 INCH 5 = HAIL
GRTST 24HR 0.0 6 = FREEZING RAIN OR DRIZZLE
GRTST DEPTH: 0 7 = DUSTSTORM OR SANDSTORM:
VSBY 1/2 MILE OR LESS
8 = SMOKE OR HAZE
[NO. OF DAYS WITH] [WEATHER - DAYS WITH] 9 = BLOWING SNOW
X = TORNADO
MAX 32 OR BELOW: 6 0.01 INCH OR MORE: 4
MAX 90 OR ABOVE: 0 0.10 INCH OR MORE: 2
MIN 32 OR BELOW: 14 0.50 INCH OR MORE: 1
MIN 0 OR BELOW: 1 1.00 INCH OR MORE: 0
[HDD (BASE 65) ]
TOTAL THIS MO. 619 CLEAR (SCALE 0-3) 12
DPTR FM NORMAL 128 PTCLDY (SCALE 4-7) 8
TOTAL FM JUL 1 1933 CLOUDY (SCALE 8-10) 8
DPTR FM NORMAL -302
[CDD (BASE 65) ]
TOTAL THIS MO. 0
DPTR FM NORMAL -4 [PRESSURE DATA]
TOTAL FM JAN 1 0 HIGHEST SLP M ON M
DPTR FM NORMAL 0 LOWEST SLP M ON M
[REMARKS]
#FINAL-02-21#