000
CXUS54 KFWD 010730
CF6GDJ
PRELIMINARY LOCAL CLIMATOLOGICAL DATA (WS FORM: F-6)
STATION: GRANBURY
MONTH: OCTOBER
YEAR: 2023
LATITUDE: 32 26 N
LONGITUDE: 97 48 W
TEMPERATURE IN F: :PCPN: SNOW: WIND :SUNSHINE: SKY :PK WND
================================================================================
1 2 3 4 5 6A 6B 7 8 9 10 11 12 13 14 15 16 17 18
12Z AVG MX 2MIN
DY MAX MIN AVG DEP HDD CDD WTR SNW DPTH SPD SPD DIR MIN PSBL S-S WX SPD DR
================================================================================
1 91 65 78 8 0 13 0.00 M M 4.0 12 130 M M 1 21 110
2 90 64 77 7 0 12 0.00 M M 5.2 12 120 M M 1 18 110
3 91 67 79 10 0 14 0.00 M M 8.1 17 130 M M 1 24 130
4 94 69 82 13 0 17 0.91 M M 11.2 21 10 M M 6 39 340
5 82 67 75 7 0 10 0.02 M M 4.6 10 330 M M 7 16 330
6 86 60 73 5 0 8 0.00 M M 5.3 14 20 M M 0 22 20
7 71 53 62 -6 3 0 0.00 M M 7.1 14 60 M M 0 20 40
8 81 47 64 -4 1 0 0.00 M M 4.5 12 140 M M 0 M M
9 88 55 72 5 0 7 0.00 M M 6.0 13 230 M M 0 18 190
10 83 62 73 6 0 8 0.00 M M 7.1 16 160 M M 1 20 150
11 76 64 70 3 0 5 0.00 M M 10.5 20 140 M M 7 25 140
12 88 66 77 11 0 12 0.00 M M 12.3 17 180 M M 5 25 180
13 78 59 69 3 0 4 0.00 M M 10.7 20 340 M M 1 26 320
14 71 51 61 -5 4 0 0.00 M M 9.3 15 330 M M 0 21 340
15 68 47 58 -8 7 0 0.00 M M 9.6 18 340 M M 0 25 330
16 68 42 55 -10 10 0 0.00 M M 6.8 18 340 M M 0 22 350
17 76 37 57 -8 8 0 0.00 M M 3.7 9 130 M M 0 M M
18 83 50 67 2 0 2 0.00 M M 8.9 17 170 M M 0 25 170
19 86 51 69 4 0 4 0.00 M M 5.3 12 340 M M 0 20 310
20 92 50 71 7 0 6 0.00 M M 1.9 9 330 M M 0 M M
21 93 51 72 8 0 7 0.00 M M 4.0 9 140 M M 0 M M
22 81 62 72 8 0 7 0.00 M M 5.2 12 140 M M 0 17 110
23 78 67 73 9 0 8 0.18 M M 8.3 14 150 M M 6 23 160
24 73 69 71 8 0 6 0.47 M M 10.6 18 150 M M 10 29 150
25 75 67 71 8 0 6 3.64 M M 8.7 16 330 M M 10 23 150
26 83 66 75 12 0 10 0.40 M M 7.7 13 160 M M 5 18 160
27 87 62 75 13 0 10 0.04 M M 8.4 16 330 M M 8 20 330
28 62 56 59 -3 6 0 1.69 M M 4.5 9 20 M M 10 13 M M
29 57 38 48 -14 17 0 0.57 M M 13.0 21 350 M M 10 13 28 350
30 47 36 42 -20 23 0 0.49 M M 11.9 20 350 M M 4 25 350
31 59 32 46 -15 19 0 0.00 M M 6.0 12 350 M M 0 17 330
================================================================================
SM 2438 1732 98 176 8.41 M 230.3 M 93
================================================================================
AV 78.6 55.9 7.4 FASTST M M 3 MAX(MPH)
MISC ----> # 21 10 39 340
================================================================================
NOTES:
# LAST OF SEVERAL OCCURRENCES
COLUMN 17 PEAK WIND IN M.P.H.
PRELIMINARY LOCAL CLIMATOLOGICAL DATA (WS FORM: F-6) , PAGE 2
STATION: GRANBURY
MONTH: OCTOBER
YEAR: 2023
LATITUDE: 32 26 N
LONGITUDE: 97 48 W
[TEMPERATURE DATA] [PRECIPITATION DATA] SYMBOLS USED IN COLUMN 16
AVERAGE MONTHLY: 67.3 TOTAL FOR MONTH: 8.41 1 = FOG OR MIST
DPTR FM NORMAL: 1.8 DPTR FM NORMAL: M 2 = FOG REDUCING VISIBILITY
HIGHEST: 94 ON 4 GRTST 24HR 3.64 ON 25-25 TO 1/4 MILE OR LESS
LOWEST: 32 ON 31 3 = THUNDER
SNOW, ICE PELLETS, HAIL 4 = ICE PELLETS
TOTAL MONTH: M 5 = HAIL
GRTST 24HR M ON M 6 = FREEZING RAIN OR DRIZZLE
GRTST DEPTH: M ON M 7 = DUSTSTORM OR SANDSTORM:
VSBY 1/2 MILE OR LESS
8 = SMOKE OR HAZE
[NO. OF DAYS WITH] [WEATHER - DAYS WITH] 9 = BLOWING SNOW
X = TORNADO
MAX 32 OR BELOW: 0 0.01 INCH OR MORE: 10
MAX 90 OR ABOVE: 6 0.10 INCH OR MORE: 8
MIN 32 OR BELOW: 1 0.50 INCH OR MORE: 4
MIN 0 OR BELOW: 0 1.00 INCH OR MORE: 2
[HDD (BASE 65) ]
TOTAL THIS MO. 98 CLEAR (SCALE 0-3) 19
DPTR FM NORMAL 8 PTCLDY (SCALE 4-7) 8
TOTAL FM JUL 1 98 CLOUDY (SCALE 8-10) 4
DPTR FM NORMAL 2
[CDD (BASE 65) ]
TOTAL THIS MO. 176
DPTR FM NORMAL 72 [PRESSURE DATA]
TOTAL FM JAN 1 3244 HIGHEST SLP M ON M
DPTR FM NORMAL 867 LOWEST SLP M ON M
[REMARKS]
#FINAL-10-23#