000
CXUS54 KMAF 021207
CF6GDP
PRELIMINARY LOCAL CLIMATOLOGICAL DATA (WS FORM: F-6)
STATION: GUADALUPE PASS
MONTH: JUNE
YEAR: 2023
LATITUDE: 31 49 N
LONGITUDE: 104 48 W
TEMPERATURE IN F: :PCPN: SNOW: WIND :SUNSHINE: SKY :PK WND
================================================================================
1 2 3 4 5 6A 6B 7 8 9 10 11 12 13 14 15 16 17 18
12Z AVG MX 2MIN
DY MAX MIN AVG DEP HDD CDD WTR SNW DPTH SPD SPD DIR MIN PSBL S-S WX SPD DR
================================================================================
1 86 62 74 -2 0 9 T M M 20.1 33 250 M M 2 18 45 260
2 86 58 72 -4 0 7 0.00 M M 10.6 39 250 M M 0 8 49 250
3 85 54 70 -7 0 5 0.00 M M 20.0 44 60 M M 1 18 52 60
4 81 58 70 -7 0 5 T M M 24.7 47 50 M M 0 8 63 60
5 79 57 68 -9 0 3 T M M 25.5 44 50 M M 1 18 51 40
6 81 56 69 -8 0 4 0.15 M M 21.9 47 40 M M 1 18 54 40
7 86 56 71 -7 0 6 0.08 M M 16.3 44 230 M M 1 8 55 230
8 89 59 74 -4 0 9 0.00 M M 17.0 36 40 M M 0 8 47 40
9 88 66 77 -1 0 12 0.00 M M 14.4 31 240 M M 0 8 39 250
10 91 61 76 -2 0 11 0.00 M M 15.0 33 240 M M 0 8 45 230
11 93 69 81 3 0 16 0.00 M M 14.0 39 230 M M 0 52 240
12 88 65 77 -1 0 12 0.00 M M 27.0 51 250 M M 0 8 64 250
13 89 64 77 -2 0 12 0.00 M M 21.4 47 250 M M 0 8 58 250
14 92 66 79 0 0 14 0.00 M M 15.8 38 250 M M 0 8 48 230
15 92 68 80 1 0 15 0.00 M M 28.7 48 240 M M 0 8 63 250
16 96 70 83 4 0 18 0.00 M M 21.2 44 240 M M 0 8 56 240
17 96 72 84 5 0 19 0.00 M M 20.7 51 240 M M 0 8 66 240
18 97 73 85 6 0 20 0.00 M M 16.5 41 240 M M 0 8 55 240
19 98 72 85 6 0 20 0.00 M M 17.2 40 250 M M 0 8 52 230
20 100 73 87 8 0 22 0.00 M M 15.1 36 250 M M 0 8 47 240
21 102 76 89 10 0 24 0.00 M M 15.7 33 250 M M 0 8 45 240
22 100 76 88 9 0 23 0.00 M M 20.2 36 230 M M 0 8 49 230
23 101 75 88 9 0 23 0.00 M M 15.5 37 240 M M 0 8 47 240
24 101 76 89 10 0 24 0.00 M M 20.3 41 240 M M 0 8 57 250
25 105 77 91 12 0 26 0.00 M M 12.1 28 250 M M 0 8 38 260
26 107 81 94 15 0 29 T M M 10.7 32 210 M M 0 8 47 180
27 104 79 92 13 0 27 0.00 M M M 33 190 M M M 47 210
28 102 76 89 10 0 24 0.00 M M M 39 240 M M M 56 200
29 102 73 88 9 0 23 0.00 M M 17.5 41 230 M M M 57 240
30 94 73 84 6 0 19 0.00 M M 15.1 30 90 M M 2 8 42 260
================================================================================
SM 2811 2041 0 481 0.23 M 510.1 M 8
================================================================================
AV 93.7 68.0 18.2 FASTST M M 0 MAX(MPH)
MISC ----> # 51 250 66 240
================================================================================
NOTES:
# LAST OF SEVERAL OCCURRENCES
COLUMN 17 PEAK WIND IN M.P.H.
PRELIMINARY LOCAL CLIMATOLOGICAL DATA (WS FORM: F-6) , PAGE 2
STATION: GUADALUPE PASS
MONTH: JUNE
YEAR: 2023
LATITUDE: 31 49 N
LONGITUDE: 104 48 W
[TEMPERATURE DATA] [PRECIPITATION DATA] SYMBOLS USED IN COLUMN 16
AVERAGE MONTHLY: 80.9 TOTAL FOR MONTH: 0.23 1 = FOG OR MIST
DPTR FM NORMAL: 2.7 DPTR FM NORMAL: -0.63 2 = FOG REDUCING VISIBILITY
HIGHEST: 107 ON 26 GRTST 24HR 0.23 ON 6- 7 TO 1/4 MILE OR LESS
LOWEST: 54 ON 3 3 = THUNDER
SNOW, ICE PELLETS, HAIL 4 = ICE PELLETS
TOTAL MONTH: M 5 = HAIL
GRTST 24HR M ON M 6 = FREEZING RAIN OR DRIZZLE
GRTST DEPTH: M ON M 7 = DUSTSTORM OR SANDSTORM:
VSBY 1/2 MILE OR LESS
8 = SMOKE OR HAZE
[NO. OF DAYS WITH] [WEATHER - DAYS WITH] 9 = BLOWING SNOW
X = TORNADO
MAX 32 OR BELOW: 0 0.01 INCH OR MORE: 2
MAX 90 OR ABOVE: 19 0.10 INCH OR MORE: 1
MIN 32 OR BELOW: 0 0.50 INCH OR MORE: 0
MIN 0 OR BELOW: 0 1.00 INCH OR MORE: 0
[HDD (BASE 65) ]
TOTAL THIS MO. 0 CLEAR (SCALE 0-3) 27
DPTR FM NORMAL -1 PTCLDY (SCALE 4-7) 0
TOTAL FM JUL 1 842 CLOUDY (SCALE 8-10) 3
DPTR FM NORMAL -2167
[CDD (BASE 65) ]
TOTAL THIS MO. 481
DPTR FM NORMAL 83 [PRESSURE DATA]
TOTAL FM JAN 1 648 HIGHEST SLP 29.94 ON 7
DPTR FM NORMAL -7 LOWEST SLP 29.65 ON 15
[REMARKS]
#FINAL-06-23#