000
CXUS51 KPHI 010815
CF6GED
PRELIMINARY LOCAL CLIMATOLOGICAL DATA (WS FORM: F-6)
STATION: GEORGETOWN DE
MONTH: MARCH
YEAR: 2020
LATITUDE: 38 41 N
LONGITUDE: 75 22 W
TEMPERATURE IN F: :PCPN: SNOW: WIND :SUNSHINE: SKY :PK WND
================================================================================
1 2 3 4 5 6A 6B 7 8 9 10 11 12 13 14 15 16 17 18
12Z AVG MX 2MIN
DY MAX MIN AVG DEP HDD CDD WTR SNW DPTH SPD SPD DIR MIN PSBL S-S WX SPD DR
================================================================================
1 47 25 36 -4 29 0 0.00 M M 6.2 16 280 M M 0 22 280
2 67 33 50 9 15 0 0.02 M M 13.5 30 240 M M 3 41 240
3 66 42 54 13 11 0 0.03 M M 10.3 24 210 M M 3 37 300
4 62 44 53 12 12 0 0.00 M M 8.7 18 290 M M 0 30 290
5 55 36 46 5 19 0 0.00 M M 4.4 12 130 M M 0 18 10
6 46 36 41 -1 24 0 0.48 M M 6.6 16 40 M M 10 1 23 40
7 49 29 39 -3 26 0 0.05 M M 7.6 20 360 M M 5 1 32 350
8 59 26 43 1 22 0 0.00 M M 5.4 17 210 M M 0 22 230
9 69 43 56 14 9 0 0.00 M M 8.7 18 220 M M 0 22 220
10 70 48 59 16 6 0 T M M 15.4 29 230 M M 3 40 220
11 61 42 52 9 13 0 0.00 M M 5.0 13 100 M M 4 18 310
12 55 41 48 5 17 0 T M M 5.1 13 100 M M 8 1 16 100
13 75 51 63 19 2 0 0.40 M M 9.2 16 330 M M 6 12 26 350
14 59 49 54 10 11 0 T M M 4.8 13 360 M M 2 19 350
15 53 35 44 0 21 0 0.06 M M 6.5 15 60 M M 6 19 60
16 53 30 42 -3 23 0 T M M 7.9 26 120 M M 6 1 20 120
17 64 44 54 9 11 0 0.00 M M 5.7 16 230 M M 8 19 230
18 56 43 50 5 15 0 0.00 M M 8.3 16 50 M M 4 20 50
19 67 50 59 13 6 0 0.35 M M 8.3 14 240 M M 10 12 20 270
20 86 56 71 25 0 6 T M M 12.7 30 230 M M 3 1 37 230
21 74 45 60 14 5 0 0.39 M M 6.1 17 40 M M 10 1 22 30
22 50 38 44 -2 21 0 0.00 M M 9.4 18 90 M M 8 27 90
23 53 42 48 1 17 0 0.45 M M 9.6 21 90 M M 10 1 28 100
24 56 41 49 2 16 0 0.00 M M 4.9 14 360 M M 5 1 21 360
25 50 40 45 -2 20 0 0.29 M M 12.5 26 40 M M 10 1 37 60
26 61 36 49 1 16 0 0.00 M M 5.9 15 220 M M 1 20 200
27 67 49 58 10 7 0 0.02 M M 4.3 12 280 M M 5 15 340
28 56 51 54 6 11 0 0.87 M M 6.7 18 120 M M 10 13 22 120
29 64 50 57 8 8 0 0.00 M M 4.7 14 180 M M 8 123 16 180
30 72 48 60 11 5 0 0.00 M M 6.6 21 60 M M 6 1 26 50
31 49 43 46 -3 19 0 0.04 M M 8.9 20 60 M M 10 1 26 50
================================================================================
SM 1871 1286 437 6 3.45 M 239.9 M 164
================================================================================
AV 60.4 41.5 7.7 FASTST M M 5 MAX(MPH)
MISC ----> # 30 240 41 240
================================================================================
NOTES:
# LAST OF SEVERAL OCCURRENCES
COLUMN 17 PEAK WIND IN M.P.H.
PRELIMINARY LOCAL CLIMATOLOGICAL DATA (WS FORM: F-6) , PAGE 2
STATION: GEORGETOWN DE
MONTH: MARCH
YEAR: 2020
LATITUDE: 38 41 N
LONGITUDE: 75 22 W
[TEMPERATURE DATA] [PRECIPITATION DATA] SYMBOLS USED IN COLUMN 16
AVERAGE MONTHLY: 50.9 TOTAL FOR MONTH: 3.45 1 = FOG OR MIST
DPTR FM NORMAL: 6.2 DPTR FM NORMAL: -0.60 2 = FOG REDUCING VISIBILITY
HIGHEST: 86 ON 20 GRTST 24HR 0.87 ON 28-28 TO 1/4 MILE OR LESS
LOWEST: 25 ON 1 3 = THUNDER
SNOW, ICE PELLETS, HAIL 4 = ICE PELLETS
TOTAL MONTH: M 5 = HAIL
GRTST 24HR M ON M 6 = FREEZING RAIN OR DRIZZLE
GRTST DEPTH: M ON M 7 = DUSTSTORM OR SANDSTORM:
VSBY 1/2 MILE OR LESS
8 = SMOKE OR HAZE
[NO. OF DAYS WITH] [WEATHER - DAYS WITH] 9 = BLOWING SNOW
X = TORNADO
MAX 32 OR BELOW: 0 0.01 INCH OR MORE: 13
MAX 90 OR ABOVE: 0 0.10 INCH OR MORE: 7
MIN 32 OR BELOW: 4 0.50 INCH OR MORE: 1
MIN 0 OR BELOW: 0 1.00 INCH OR MORE: 0
[HDD (BASE 65) ]
TOTAL THIS MO. 437 CLEAR (SCALE 0-3) 11
DPTR FM NORMAL -195 PTCLDY (SCALE 4-7) 13
TOTAL FM JUL 1 3208 CLOUDY (SCALE 8-10) 7
DPTR FM NORMAL -704
[CDD (BASE 65) ]
TOTAL THIS MO. 6
DPTR FM NORMAL 4 [PRESSURE DATA]
TOTAL FM JAN 1 6 HIGHEST SLP 30.59 ON 22
DPTR FM NORMAL 4 LOWEST SLP 29.52 ON 3
[REMARKS]
#FINAL-03-20#