000
CXUS56 KOTX 082342
CF6GEG
PRELIMINARY LOCAL CLIMATOLOGICAL DATA (WS FORM: F-6)
STATION: SPOKANE WA AIRPORT
MONTH: AUGUST
YEAR: 2021
LATITUDE: 47 37 N
LONGITUDE: 117 32 W
TEMPERATURE IN F: :PCPN: SNOW: WIND :SUNSHINE: SKY :PK WND
================================================================================
1 2 3 4 5 6A 6B 7 8 9 10 11 12 13 14 15 16 17 18
12Z AVG MX 2MIN
DY MAX MIN AVG DEP HDD CDD WTR SNW DPTH SPD SPD DIR MIN PSBL S-S WX SPD DR
================================================================================
1 82 71 77 4 0 12 0.04 0.0 0 6.2 18 220 M M 9 18 25 220
2 92 65 79 6 0 14 0.00 0.0 0 7.3 18 260 M M 8 8 24 350
3 96 69 83 10 0 18 0.00 0.0 0 4.7 13 100 M M 7 8 17 100
4 96 71 84 11 0 19 0.00 0.0 0 6.9 14 30 M M 5 8 21 300
5 84 69 77 4 0 12 T 0.0 0 6.6 18 30 M M 7 38 23 30
6 85 62 74 1 0 9 0.00 0.0 0 15.4 30 230 M M 7 8 35 230
7 83 61 72 -1 0 7 0.00 0.0 0 12.9 21 220 M M 7 28 210
8 69 55 62 -10 3 0 0.05 0.0 0 13.6 29 240 M M 7 138 36 240
9 81 50 66 -6 0 1 0.00 0.0 0 5.8 14 230 M M 5 12 17 220
10 89 56 73 1 0 8 0.00 0.0 0 7.5 17 270 M M 6 20 270
11 99 66 83 11 0 18 0.00 0.0 0 9.0 20 280 M M 4 8 27 320
12 97 71 84 12 0 19 0.00 0.0 0 5.8 13 40 M M 8 8 17 30
13 93 63 78 7 0 13 0.00 0.0 0 4.2 10 70 M M 9 8 12 70
14 97 65 81 10 0 16 0.00 0.0 0 9.2 22 230 M M 8 8 26 230
15 98 66 82 11 0 17 0.00 0.0 0 10.9 21 230 M M 7 8 26 200
16 92 68 80 10 0 15 0.00 0.0 0 13.4 28 260 M M 5 8 33 260
17 73 55 64 -6 1 0 T 0.0 0 13.2 22 220 M M 9 8 29 190
18 76 54 65 -5 0 0 0.00 0.0 0 6.9 13 50 M M 5 17 50
19 81 53 67 -3 0 2 T 0.0 0 6.7 17 280 M M 6 23 280
20 75 58 67 -2 0 2 0.02 0.0 0 6.3 22 60 M M 8 18 26 50
21 72 54 63 -6 2 0 0.02 0.0 0 6.8 22 90 M M 8 1 28 80
22 73 53 63 -6 2 0 0.00 0.0 0 14.1 25 230 M M 4 32 220
23 71 46 59 -9 6 0 0.00 0.0 0 5.5 16 200 M M 4 20 230
24 75 47 61 -7 4 0 0.00 0.0 0 4.0 10 70 M M 2 14 60
25 80 51 66 -2 0 1 0.00 0.0 0 5.4 14 260 M M 6 20 280
26 76 54 65 -3 0 0 0.00 0.0 0 10.6 20 230 M M 7 8 25 230
27 75 54 65 -2 0 0 0.02 0.0 0 7.5 22 240 M M 8 27 230
28 79 50 65 -2 0 0 0.00 0.0 0 4.0 13 270 M M 1 15 260
29 84 54 69 2 0 4 0.00 0.0 0 4.1 12 360 M M 2 14 350
30 80 53 67 1 0 2 0.00 0.0 0 11.5 22 220 M M 2 27 230
31 68 47 58 -8 7 0 0.00 0.0 0 11.5 20 210 M M 2 24 230
================================================================================
SM 2571 1811 25 209 0.15 0.0 257.5 M 183
================================================================================
AV 82.9 58.4 8.3 FASTST M M 6 MAX(MPH)
MISC ----> 30 230 36 240
================================================================================
NOTES:
# LAST OF SEVERAL OCCURRENCES
COLUMN 17 PEAK WIND IN M.P.H.
PRELIMINARY LOCAL CLIMATOLOGICAL DATA (WS FORM: F-6) , PAGE 2
STATION: SPOKANE WA AIRPORT
MONTH: AUGUST
YEAR: 2021
LATITUDE: 47 37 N
LONGITUDE: 117 32 W
[TEMPERATURE DATA] [PRECIPITATION DATA] SYMBOLS USED IN COLUMN 16
AVERAGE MONTHLY: 70.7 TOTAL FOR MONTH: 0.15 1 = FOG OR MIST
DPTR FM NORMAL: 0.4 DPTR FM NORMAL: -0.32 2 = FOG REDUCING VISIBILITY
HIGHEST: 99 ON 11 GRTST 24HR 0.05 ON 8- 8 TO 1/4 MILE OR LESS
LOWEST: 46 ON 23 3 = THUNDER
SNOW, ICE PELLETS, HAIL 4 = ICE PELLETS
TOTAL MONTH: 0.0 INCH 5 = HAIL
GRTST 24HR 0.0 6 = FREEZING RAIN OR DRIZZLE
GRTST DEPTH: 0 7 = DUSTSTORM OR SANDSTORM:
VSBY 1/2 MILE OR LESS
8 = SMOKE OR HAZE
[NO. OF DAYS WITH] [WEATHER - DAYS WITH] 9 = BLOWING SNOW
X = TORNADO
MAX 32 OR BELOW: 0 0.01 INCH OR MORE: 5
MAX 90 OR ABOVE: 9 0.10 INCH OR MORE: 0
MIN 32 OR BELOW: 0 0.50 INCH OR MORE: 0
MIN 0 OR BELOW: 0 1.00 INCH OR MORE: 0
[HDD (BASE 65) ]
TOTAL THIS MO. 25 CLEAR (SCALE 0-3) 5
DPTR FM NORMAL -3 PTCLDY (SCALE 4-7) 23
TOTAL FM JUL 1 25 CLOUDY (SCALE 8-10) 3
DPTR FM NORMAL -27
[CDD (BASE 65) ]
TOTAL THIS MO. 209
DPTR FM NORMAL 19 [PRESSURE DATA]
TOTAL FM JAN 1 877 HIGHEST SLP 30.13 ON 28
DPTR FM NORMAL 408 LOWEST SLP 29.58 ON 16
[REMARKS]
#FINAL-08-21#