000
CXUS53 KIND 011604
CLMGEZ
CLIMATE REPORT
NATIONAL WEATHER SERVICE INDIANAPOLIS IN
1104 AM EST THU FEB 01 2024
...................................
...THE SHELBYVILLE IN CLIMATE SUMMARY FOR THE MONTH OF JANUARY 2024...
CLIMATE NORMAL PERIOD 1991 TO 2020
CLIMATE RECORD PERIOD 9999 TO 9999
WEATHER OBSERVED NORMAL DEPART LAST YEAR`S
VALUE DATE(S) VALUE FROM VALUE DATE(S)
NORMAL
................................................................
TEMPERATURE (F)
HIGHEST 56 01/25 64 01/03
01/26
LOWEST -4R 01/21 17 01/31
AVG. MAXIMUM 37.4 37.3 0.1 45.6
AVG. MINIMUM 25.5 22.2 3.3 32.5
MEAN 31.5 29.7 1.8 39.0
DAYS MAX >= 90 0 0.0 0.0 0
DAYS MAX <= 32 9 11.0 -2.0 1
DAYS MIN <= 32 16 25.3 -9.3 14
DAYS MIN <= 0 3 2.1 0.9 0
PRECIPITATION (INCHES)
TOTALS 4.61 3.05 1.56 3.34
DAILY AVG. 0.15 0.10 0.05 0.11
DAYS >= .01 14 10.3 3.7 12
DAYS >= .10 9 5.3 3.7 6
DAYS >= .50 3 2.1 0.9 4
DAYS >= 1.00 1 0.7 0.3 0
GREATEST
24 HR. TOTAL 1.40 01/08 TO 01/09
DEGREE DAYS
HEATING TOTAL 1033 1092 -59 799
SINCE 7/1 2529 3039 -510 MM
COOLING TOTAL 0 0 0 0
SINCE 1/1 0 0 0 MM
................................................................
WIND (MPH)
AVERAGE WIND SPEED 10.3
HIGHEST WIND SPEED/DIRECTION 36/120 DATE 01/12
HIGHEST GUST SPEED/DIRECTION 61/110 DATE 01/12
SKY COVER
AVERAGE SKY COVER 0.71
AVERAGE RH (PERCENT) 74
WEATHER CONDITIONS. NUMBER OF DAYS WITH
THUNDERSTORM 0 MIXED PRECIP 0
HEAVY RAIN 2 RAIN 6
LIGHT RAIN 13 FREEZING RAIN 0
LT FREEZING RAIN 2 HAIL 0
HEAVY SNOW 0 SNOW 0
LIGHT SNOW 13 SLEET 0
FOG 18 FOG W/VIS <= 1/4 MILE 3
HAZE 12
- INDICATES NEGATIVE NUMBERS.
R INDICATES RECORD WAS SET OR TIED.
MM INDICATES DATA IS MISSING.
T INDICATES TRACE AMOUNT.
$$